{"id":142,"date":"2017-03-16T16:21:26","date_gmt":"2017-03-16T15:21:26","guid":{"rendered":"https:\/\/www.euroresidentes.com\/viajes\/?page_id=142"},"modified":"2017-03-16T16:22:19","modified_gmt":"2017-03-16T15:22:19","slug":"sobre-galina-egorova","status":"publish","type":"page","link":"https:\/\/www.euroresidentes.com\/viajes\/sobre-galina-egorova\/","title":{"rendered":"Galina Egorova"},"content":{"rendered":"<p><a href=\"https:\/\/www.euroresidentes.com\/viajes\/wp-content\/uploads\/2017\/03\/Egorova-Collage.jpg\"><img loading=\"lazy\" decoding=\"async\" class=\"aligncenter size-full wp-image-143\" src=\"https:\/\/www.euroresidentes.com\/viajes\/wp-content\/uploads\/2017\/03\/Egorova-Collage.jpg\" alt=\"Galina Egorova\" width=\"700\" height=\"525\" srcset=\"https:\/\/www.euroresidentes.com\/viajes\/wp-content\/uploads\/2017\/03\/Egorova-Collage.jpg 700w, https:\/\/www.euroresidentes.com\/viajes\/wp-content\/uploads\/2017\/03\/Egorova-Collage-300x225.jpg 300w\" sizes=\"auto, (max-width: 700px) 100vw, 700px\" \/><\/a><\/p>\n<h3 style=\"text-align: center;\">10 cosas sobre m\u00ed=)<\/h3>\n<ol>\n<li>Mi pregunta favorita es \u00ab\u00bfPor qu\u00e9?\u00bb ya que ayuda mucho a abrir o comprender los detalles. \u00bfPor qu\u00e9 el cielo es azul? \u00bfPor qu\u00e9 los dinosaurios se extinguieron ? \u00bfPor qu\u00e9 el uso de las t\u00e9cnicas de an\u00e1lisis de la Big Data no siempre es actual?<\/li>\n<li>Mi primera educaci\u00f3n superior fue en la facultad de Historia. La Especializaci\u00f3n, Arqueolog\u00eda. Iba en expediciones arqueol\u00f3gicas de una duraci\u00f3n de 6 meses\u00a0a Siberia y dorm\u00eda en una tienda de campa\u00f1a que estaba cubierta de nieve (a finales de octubre).<\/li>\n<li>Cuando era estudiante, me invitaron a trabajar en una gran empresa comercial para el desarrollo de la representaci\u00f3n regional. As\u00ed ha cambiado con el tiempo mi campo de estudio y actividad a la rama de Empresa y econom\u00eda.<\/li>\n<li>El perfil de mi actividad es la apertura y el desarrollo de empresas. La planificaci\u00f3n estrat\u00e9gica desde la aparici\u00f3n de las ideas. Cualquier empresa, as\u00ed como las personas, es individual. No hay dos iguales.<\/li>\n<li>Mi lema principal es \u00abla falta de movimiento es el primer paso a la degradaci\u00f3n\u00bb. Se requiere desarrollo todos los d\u00edas. Para las empresas, esto significa que, incluso si se ha producido alg\u00fan m\u00e1ximo en su desarrollo &#8211; tiene espacio para crecer y que mejorar, para ser competitivos. Para un hombre &#8211; estudiar siempre, independientemente de su edad y de cualquier cosa: coser, tocar la guitarra, aprender Python, o de s\u00ed mismo \ud83d\ude42 todo lo que quiera.<\/li>\n<li>Me encanta leer. Siempre, en todas partes y variado. Los libros son un tesoro de conocimiento, experiencia y sabidur\u00eda.<\/li>\n<li>No me gusta: la groser\u00eda, las conclusiones prematuras, el escepticismo, la evaluaci\u00f3n con\u00a0prejuicios; estar enferma, las hamburguesas y la Coca-Cola (etc).<\/li>\n<li>Estoy segura de que cualquiera puede\u00a0cambiar el mundo y lo hace cada minuto con sus palabras, sus acciones, con la forma en que educa a sus hijos.<\/li>\n<li>Soy mam\u00e1 de tres hijitos y cada fin de semana estamos juntos con ellos preparamos galletas, bizcochos o tarta\u00a0de manzana. Aunque ellos cocinan, yo s\u00f3lo ayudo ;)))<\/li>\n<li>Me encantan las personas\u00a0porque cada uno es\u00a0diferente y \u00a0es impresionantemente hermoso\u00a0en su individualidad. Nadie es perfecto, por eso es es precioso.<\/li>\n<\/ol>\n","protected":false},"excerpt":{"rendered":"<p>10 cosas sobre m\u00ed=) Mi pregunta favorita es \u00ab\u00bfPor qu\u00e9?\u00bb ya que ayuda mucho a abrir o comprender los detalles. \u00bfPor qu\u00e9 el cielo es azul? \u00bfPor qu\u00e9 los dinosaurios se extinguieron ? \u00bfPor qu\u00e9 el uso de las t\u00e9cnicas de an\u00e1lisis de la Big Data no siempre es actual? Mi primera educaci\u00f3n superior fue en la facultad de Historia. La Especializaci\u00f3n, Arqueolog\u00eda. Iba en expediciones arqueol\u00f3gicas de una duraci\u00f3n de 6 meses\u00a0a Siberia y dorm\u00eda en una tienda de campa\u00f1a que estaba cubierta de nieve (a finales de octubre). Cuando era estudiante, me invitaron a trabajar en una gran <\/p>\n","protected":false},"author":1,"featured_media":0,"parent":0,"menu_order":0,"comment_status":"closed","ping_status":"closed","template":"","meta":{"footnotes":""},"class_list":["post-142","page","type-page","status-publish","hentry"],"yoast_head":"<!-- This site is optimized with the Yoast SEO plugin v24.1 - https:\/\/yoast.com\/wordpress\/plugins\/seo\/ -->\n<title>Galina Egorova - Viajes<\/title>\n<meta name=\"robots\" content=\"index, follow, max-snippet:-1, max-image-preview:large, max-video-preview:-1\" \/>\n<link rel=\"canonical\" href=\"https:\/\/www.euroresidentes.com\/viajes\/sobre-galina-egorova\/\" \/>\n<meta property=\"og:locale\" content=\"es_ES\" \/>\n<meta property=\"og:type\" content=\"article\" \/>\n<meta property=\"og:title\" content=\"Galina Egorova - Viajes\" \/>\n<meta property=\"og:description\" content=\"10 cosas sobre m\u00ed=) Mi pregunta favorita es \u00ab\u00bfPor qu\u00e9?\u00bb ya que ayuda mucho a abrir o comprender los detalles. \u00bfPor qu\u00e9 el cielo es azul? \u00bfPor qu\u00e9 los dinosaurios se extinguieron ? \u00bfPor qu\u00e9 el uso de las t\u00e9cnicas de an\u00e1lisis de la Big Data no siempre es actual? Mi primera educaci\u00f3n superior fue en la facultad de Historia. La Especializaci\u00f3n, Arqueolog\u00eda. Iba en expediciones arqueol\u00f3gicas de una duraci\u00f3n de 6 meses\u00a0a Siberia y dorm\u00eda en una tienda de campa\u00f1a que estaba cubierta de nieve (a finales de octubre). Cuando era estudiante, me invitaron a trabajar en una gran\" \/>\n<meta property=\"og:url\" content=\"https:\/\/www.euroresidentes.com\/viajes\/sobre-galina-egorova\/\" \/>\n<meta property=\"og:site_name\" content=\"Viajes\" \/>\n<meta property=\"article:modified_time\" content=\"2017-03-16T15:22:19+00:00\" \/>\n<meta property=\"og:image\" content=\"https:\/\/www.euroresidentes.com\/viajes\/wp-content\/uploads\/2017\/03\/Egorova-Collage.jpg\" \/>\n<meta name=\"twitter:card\" content=\"summary_large_image\" \/>\n<meta name=\"twitter:label1\" content=\"Est. reading time\" \/>\n\t<meta name=\"twitter:data1\" content=\"2 minutos\" \/>\n<script type=\"application\/ld+json\" class=\"yoast-schema-graph\">{\"@context\":\"https:\/\/schema.org\",\"@graph\":[{\"@type\":\"WebPage\",\"@id\":\"https:\/\/www.euroresidentes.com\/viajes\/sobre-galina-egorova\/\",\"url\":\"https:\/\/www.euroresidentes.com\/viajes\/sobre-galina-egorova\/\",\"name\":\"Galina Egorova - Viajes\",\"isPartOf\":{\"@id\":\"https:\/\/www.euroresidentes.com\/viajes\/#website\"},\"primaryImageOfPage\":{\"@id\":\"https:\/\/www.euroresidentes.com\/viajes\/sobre-galina-egorova\/#primaryimage\"},\"image\":{\"@id\":\"https:\/\/www.euroresidentes.com\/viajes\/sobre-galina-egorova\/#primaryimage\"},\"thumbnailUrl\":\"https:\/\/www.euroresidentes.com\/viajes\/wp-content\/uploads\/2017\/03\/Egorova-Collage.jpg\",\"datePublished\":\"2017-03-16T15:21:26+00:00\",\"dateModified\":\"2017-03-16T15:22:19+00:00\",\"breadcrumb\":{\"@id\":\"https:\/\/www.euroresidentes.com\/viajes\/sobre-galina-egorova\/#breadcrumb\"},\"inLanguage\":\"es\",\"potentialAction\":[{\"@type\":\"ReadAction\",\"target\":[\"https:\/\/www.euroresidentes.com\/viajes\/sobre-galina-egorova\/\"]}]},{\"@type\":\"ImageObject\",\"inLanguage\":\"es\",\"@id\":\"https:\/\/www.euroresidentes.com\/viajes\/sobre-galina-egorova\/#primaryimage\",\"url\":\"https:\/\/www.euroresidentes.com\/viajes\/wp-content\/uploads\/2017\/03\/Egorova-Collage.jpg\",\"contentUrl\":\"https:\/\/www.euroresidentes.com\/viajes\/wp-content\/uploads\/2017\/03\/Egorova-Collage.jpg\",\"width\":700,\"height\":525,\"caption\":\"Galina Egorova\"},{\"@type\":\"BreadcrumbList\",\"@id\":\"https:\/\/www.euroresidentes.com\/viajes\/sobre-galina-egorova\/#breadcrumb\",\"itemListElement\":[{\"@type\":\"ListItem\",\"position\":1,\"name\":\"Portada\",\"item\":\"https:\/\/www.euroresidentes.com\/viajes\/\"},{\"@type\":\"ListItem\",\"position\":2,\"name\":\"Galina Egorova\"}]},{\"@type\":\"WebSite\",\"@id\":\"https:\/\/www.euroresidentes.com\/viajes\/#website\",\"url\":\"https:\/\/www.euroresidentes.com\/viajes\/\",\"name\":\"Viajes\",\"description\":\"Los mejores sitios y ciudades del mundo\",\"potentialAction\":[{\"@type\":\"SearchAction\",\"target\":{\"@type\":\"EntryPoint\",\"urlTemplate\":\"https:\/\/www.euroresidentes.com\/viajes\/?s={search_term_string}\"},\"query-input\":{\"@type\":\"PropertyValueSpecification\",\"valueRequired\":true,\"valueName\":\"search_term_string\"}}],\"inLanguage\":\"es\"}]}<\/script>\n<!-- \/ Yoast SEO plugin. -->","yoast_head_json":{"title":"Galina Egorova - Viajes","robots":{"index":"index","follow":"follow","max-snippet":"max-snippet:-1","max-image-preview":"max-image-preview:large","max-video-preview":"max-video-preview:-1"},"canonical":"https:\/\/www.euroresidentes.com\/viajes\/sobre-galina-egorova\/","og_locale":"es_ES","og_type":"article","og_title":"Galina Egorova - Viajes","og_description":"10 cosas sobre m\u00ed=) Mi pregunta favorita es \u00ab\u00bfPor qu\u00e9?\u00bb ya que ayuda mucho a abrir o comprender los detalles. \u00bfPor qu\u00e9 el cielo es azul? \u00bfPor qu\u00e9 los dinosaurios se extinguieron ? \u00bfPor qu\u00e9 el uso de las t\u00e9cnicas de an\u00e1lisis de la Big Data no siempre es actual? Mi primera educaci\u00f3n superior fue en la facultad de Historia. La Especializaci\u00f3n, Arqueolog\u00eda. Iba en expediciones arqueol\u00f3gicas de una duraci\u00f3n de 6 meses\u00a0a Siberia y dorm\u00eda en una tienda de campa\u00f1a que estaba cubierta de nieve (a finales de octubre). Cuando era estudiante, me invitaron a trabajar en una gran","og_url":"https:\/\/www.euroresidentes.com\/viajes\/sobre-galina-egorova\/","og_site_name":"Viajes","article_modified_time":"2017-03-16T15:22:19+00:00","og_image":[{"url":"https:\/\/www.euroresidentes.com\/viajes\/wp-content\/uploads\/2017\/03\/Egorova-Collage.jpg","type":"","width":"","height":""}],"twitter_card":"summary_large_image","twitter_misc":{"Est. reading time":"2 minutos"},"schema":{"@context":"https:\/\/schema.org","@graph":[{"@type":"WebPage","@id":"https:\/\/www.euroresidentes.com\/viajes\/sobre-galina-egorova\/","url":"https:\/\/www.euroresidentes.com\/viajes\/sobre-galina-egorova\/","name":"Galina Egorova - Viajes","isPartOf":{"@id":"https:\/\/www.euroresidentes.com\/viajes\/#website"},"primaryImageOfPage":{"@id":"https:\/\/www.euroresidentes.com\/viajes\/sobre-galina-egorova\/#primaryimage"},"image":{"@id":"https:\/\/www.euroresidentes.com\/viajes\/sobre-galina-egorova\/#primaryimage"},"thumbnailUrl":"https:\/\/www.euroresidentes.com\/viajes\/wp-content\/uploads\/2017\/03\/Egorova-Collage.jpg","datePublished":"2017-03-16T15:21:26+00:00","dateModified":"2017-03-16T15:22:19+00:00","breadcrumb":{"@id":"https:\/\/www.euroresidentes.com\/viajes\/sobre-galina-egorova\/#breadcrumb"},"inLanguage":"es","potentialAction":[{"@type":"ReadAction","target":["https:\/\/www.euroresidentes.com\/viajes\/sobre-galina-egorova\/"]}]},{"@type":"ImageObject","inLanguage":"es","@id":"https:\/\/www.euroresidentes.com\/viajes\/sobre-galina-egorova\/#primaryimage","url":"https:\/\/www.euroresidentes.com\/viajes\/wp-content\/uploads\/2017\/03\/Egorova-Collage.jpg","contentUrl":"https:\/\/www.euroresidentes.com\/viajes\/wp-content\/uploads\/2017\/03\/Egorova-Collage.jpg","width":700,"height":525,"caption":"Galina Egorova"},{"@type":"BreadcrumbList","@id":"https:\/\/www.euroresidentes.com\/viajes\/sobre-galina-egorova\/#breadcrumb","itemListElement":[{"@type":"ListItem","position":1,"name":"Portada","item":"https:\/\/www.euroresidentes.com\/viajes\/"},{"@type":"ListItem","position":2,"name":"Galina Egorova"}]},{"@type":"WebSite","@id":"https:\/\/www.euroresidentes.com\/viajes\/#website","url":"https:\/\/www.euroresidentes.com\/viajes\/","name":"Viajes","description":"Los mejores sitios y ciudades del mundo","potentialAction":[{"@type":"SearchAction","target":{"@type":"EntryPoint","urlTemplate":"https:\/\/www.euroresidentes.com\/viajes\/?s={search_term_string}"},"query-input":{"@type":"PropertyValueSpecification","valueRequired":true,"valueName":"search_term_string"}}],"inLanguage":"es"}]}},"_links":{"self":[{"href":"https:\/\/www.euroresidentes.com\/viajes\/wp-json\/wp\/v2\/pages\/142","targetHints":{"allow":["GET"]}}],"collection":[{"href":"https:\/\/www.euroresidentes.com\/viajes\/wp-json\/wp\/v2\/pages"}],"about":[{"href":"https:\/\/www.euroresidentes.com\/viajes\/wp-json\/wp\/v2\/types\/page"}],"author":[{"embeddable":true,"href":"https:\/\/www.euroresidentes.com\/viajes\/wp-json\/wp\/v2\/users\/1"}],"replies":[{"embeddable":true,"href":"https:\/\/www.euroresidentes.com\/viajes\/wp-json\/wp\/v2\/comments?post=142"}],"version-history":[{"count":1,"href":"https:\/\/www.euroresidentes.com\/viajes\/wp-json\/wp\/v2\/pages\/142\/revisions"}],"predecessor-version":[{"id":144,"href":"https:\/\/www.euroresidentes.com\/viajes\/wp-json\/wp\/v2\/pages\/142\/revisions\/144"}],"wp:attachment":[{"href":"https:\/\/www.euroresidentes.com\/viajes\/wp-json\/wp\/v2\/media?parent=142"}],"curies":[{"name":"wp","href":"https:\/\/api.w.org\/{rel}","templated":true}]}}