{"version":"1.0","provider_name":"Volar","provider_url":"https:\/\/www.euroresidentes.com\/viajes\/volar","author_name":"Euroresidentes","author_url":"https:\/\/www.euroresidentes.com\/viajes\/volar\/author\/euroresidentes\/","title":"Vuelos sin ni\u00f1os de Ryanair - Volar","type":"rich","width":600,"height":338,"html":"<blockquote class=\"wp-embedded-content\" data-secret=\"zmEHBdaSVs\"><a href=\"https:\/\/www.euroresidentes.com\/viajes\/volar\/vuelos-sin-ninos-de-ryanair\/\">Vuelos sin ni\u00f1os de Ryanair<\/a><\/blockquote><iframe sandbox=\"allow-scripts\" security=\"restricted\" src=\"https:\/\/www.euroresidentes.com\/viajes\/volar\/vuelos-sin-ninos-de-ryanair\/embed\/#?secret=zmEHBdaSVs\" width=\"600\" height=\"338\" title=\"\u00abVuelos sin ni\u00f1os de Ryanair\u00bb \u2014 Volar\" data-secret=\"zmEHBdaSVs\" frameborder=\"0\" marginwidth=\"0\" marginheight=\"0\" scrolling=\"no\" class=\"wp-embedded-content\"><\/iframe><script type=\"text\/javascript\">\n\/* <![CDATA[ *\/\n\/*! This file is auto-generated *\/\n!function(d,l){\"use strict\";l.querySelector&&d.addEventListener&&\"undefined\"!=typeof URL&&(d.wp=d.wp||{},d.wp.receiveEmbedMessage||(d.wp.receiveEmbedMessage=function(e){var t=e.data;if((t||t.secret||t.message||t.value)&&!\/[^a-zA-Z0-9]\/.test(t.secret)){for(var s,r,n,a=l.querySelectorAll('iframe[data-secret=\"'+t.secret+'\"]'),o=l.querySelectorAll('blockquote[data-secret=\"'+t.secret+'\"]'),c=new RegExp(\"^https?:$\",\"i\"),i=0;i<o.length;i++)o[i].style.display=\"none\";for(i=0;i<a.length;i++)s=a[i],e.source===s.contentWindow&&(s.removeAttribute(\"style\"),\"height\"===t.message?(1e3<(r=parseInt(t.value,10))?r=1e3:~~r<200&&(r=200),s.height=r):\"link\"===t.message&&(r=new URL(s.getAttribute(\"src\")),n=new URL(t.value),c.test(n.protocol))&&n.host===r.host&&l.activeElement===s&&(d.top.location.href=t.value))}},d.addEventListener(\"message\",d.wp.receiveEmbedMessage,!1),l.addEventListener(\"DOMContentLoaded\",function(){for(var e,t,s=l.querySelectorAll(\"iframe.wp-embedded-content\"),r=0;r<s.length;r++)(t=(e=s[r]).getAttribute(\"data-secret\"))||(t=Math.random().toString(36).substring(2,12),e.src+=\"#?secret=\"+t,e.setAttribute(\"data-secret\",t)),e.contentWindow.postMessage({message:\"ready\",secret:t},\"*\")},!1)))}(window,document);\n\/* ]]> *\/\n<\/script>\n","description":"Ryanair presenta los vuelos \u00absin ni\u00f1os\u00bb Ryanair ha anunciado que introducir\u00e1 vuelos \u00absin ni\u00f1os\u00bb a partir de octubre (como parte de su programa de invierno) despu\u00e9s de que una encuesta de 1.000 pasajeros realizada en Europa mostrara que la mitad de ellos habr\u00edan pagado unas tarifas m\u00e1s elevadas para evitar a los ni\u00f1os de los dem\u00e1s. Seg\u00fan la encuesta, un tercio de los pasajeros (36%) han visto algunos de sus vuelos \u00abarruinados\u00bb por los ni\u00f1os ruidosos de otras personas, y una de cada cinco personas (18%) ha pedido a Ryanair que restrinja el n\u00famero de ni\u00f1os en los vuelos. Si"}

Vuelos sin niños de Ryanair - Volar

<blockquote class="wp-embedded-content" data-secret="zmEHBdaSVs"><a href="https://www.euroresidentes.com/viajes/volar/vuelos-sin-ninos-de-ryanair/">Vuelos sin niños de Ryanair</a></blockquote><iframe sandbox="allow-scripts" security="restricted" src="https://www.euroresidentes.com/viajes/volar/vuelos-sin-ninos-de-ryanair/embed/#?secret=zmEHBdaSVs" width="600" height="338" title="«Vuelos sin niños de Ryanair» — Volar" data-secret="zmEHBdaSVs" frameborder="0" marginwidth="0" marginheight="0" scrolling="no" class="wp-embedded-content"></iframe><script type="text/javascript">
/* <![CDATA[ */
/*! This file is auto-generated */
!function(d,l){"use strict";l.querySelector&&d.addEventListener&&"undefined"!=typeof URL&&(d.wp=d.wp||{},d.wp.receiveEmbedMessage||(d.wp.receiveEmbedMessage=function(e){var t=e.data;if((t||t.secret||t.message||t.value)&&!/[^a-zA-Z0-9]/.test(t.secret)){for(var s,r,n,a=l.querySelectorAll('iframe[data-secret="'+t.secret+'"]'),o=l.querySelectorAll('blockquote[data-secret="'+t.secret+'"]'),c=new RegExp("^https?:$","i"),i=0;i<o.length;i++)o[i].style.display="none";for(i=0;i<a.length;i++)s=a[i],e.source===s.contentWindow&&(s.removeAttribute("style"),"height"===t.message?(1e3<(r=parseInt(t.value,10))?r=1e3:~~r<200&&(r=200),s.height=r):"link"===t.message&&(r=new URL(s.getAttribute("src")),n=new URL(t.value),c.test(n.protocol))&&n.host===r.host&&l.activeElement===s&&(d.top.location.href=t.value))}},d.addEventListener("message",d.wp.receiveEmbedMessage,!1),l.addEventListener("DOMContentLoaded",function(){for(var e,t,s=l.querySelectorAll("iframe.wp-embedded-content"),r=0;r<s.length;r++)(t=(e=s[r]).getAttribute("data-secret"))||(t=Math.random().toString(36).substring(2,12),e.src+="#?secret="+t,e.setAttribute("data-secret",t)),e.contentWindow.postMessage({message:"ready",secret:t},"*")},!1)))}(window,document);
/* ]]> */
</script>

Ryanair presenta los vuelos «sin niños» Ryanair ha anunciado que introducirá vuelos «sin niños» a partir de octubre (como parte de su programa de invierno) después de que una encuesta de 1.000 pasajeros realizada en Europa mostrara que la mitad de ellos habrían pagado unas tarifas más elevadas para evitar a los niños de los demás. Según la encuesta, un tercio de los pasajeros (36%) han visto algunos de sus vuelos «arruinados» por los niños ruidosos de otras personas, y una de cada cinco personas (18%) ha pedido a Ryanair que restrinja el número de niños en los vuelos. Si
