{"version":"1.0","provider_name":"Volar","provider_url":"https:\/\/www.euroresidentes.com\/viajes\/volar","author_name":"Euroresidentes","author_url":"https:\/\/www.euroresidentes.com\/viajes\/volar\/author\/euroresidentes\/","title":"Easyjet retrasa su plan de compensaci\u00f3n del carbono - Volar","type":"rich","width":600,"height":338,"html":"<blockquote class=\"wp-embedded-content\" data-secret=\"ujT2YFqBqu\"><a href=\"https:\/\/www.euroresidentes.com\/viajes\/volar\/easyjet-retrasa-su-plan-de-compansacin\/\">Easyjet retrasa su plan de compensaci\u00f3n del carbono<\/a><\/blockquote><iframe sandbox=\"allow-scripts\" security=\"restricted\" src=\"https:\/\/www.euroresidentes.com\/viajes\/volar\/easyjet-retrasa-su-plan-de-compansacin\/embed\/#?secret=ujT2YFqBqu\" width=\"600\" height=\"338\" title=\"\u00abEasyjet retrasa su plan de compensaci\u00f3n del carbono\u00bb \u2014 Volar\" data-secret=\"ujT2YFqBqu\" frameborder=\"0\" marginwidth=\"0\" marginheight=\"0\" scrolling=\"no\" class=\"wp-embedded-content\"><\/iframe><script type=\"text\/javascript\">\n\/* <![CDATA[ *\/\n\/*! This file is auto-generated *\/\n!function(d,l){\"use strict\";l.querySelector&&d.addEventListener&&\"undefined\"!=typeof URL&&(d.wp=d.wp||{},d.wp.receiveEmbedMessage||(d.wp.receiveEmbedMessage=function(e){var t=e.data;if((t||t.secret||t.message||t.value)&&!\/[^a-zA-Z0-9]\/.test(t.secret)){for(var s,r,n,a=l.querySelectorAll('iframe[data-secret=\"'+t.secret+'\"]'),o=l.querySelectorAll('blockquote[data-secret=\"'+t.secret+'\"]'),c=new RegExp(\"^https?:$\",\"i\"),i=0;i<o.length;i++)o[i].style.display=\"none\";for(i=0;i<a.length;i++)s=a[i],e.source===s.contentWindow&&(s.removeAttribute(\"style\"),\"height\"===t.message?(1e3<(r=parseInt(t.value,10))?r=1e3:~~r<200&&(r=200),s.height=r):\"link\"===t.message&&(r=new URL(s.getAttribute(\"src\")),n=new URL(t.value),c.test(n.protocol))&&n.host===r.host&&l.activeElement===s&&(d.top.location.href=t.value))}},d.addEventListener(\"message\",d.wp.receiveEmbedMessage,!1),l.addEventListener(\"DOMContentLoaded\",function(){for(var e,t,s=l.querySelectorAll(\"iframe.wp-embedded-content\"),r=0;r<s.length;r++)(t=(e=s[r]).getAttribute(\"data-secret\"))||(t=Math.random().toString(36).substring(2,12),e.src+=\"#?secret=\"+t,e.setAttribute(\"data-secret\",t)),e.contentWindow.postMessage({message:\"ready\",secret:t},\"*\")},!1)))}(window,document);\n\/* ]]> *\/\n<\/script>\n","description":"EasyJet rechaza a los &#8216;vendedores interesados&#8217; en el mercado de la compensaci\u00f3n del carbono Seg\u00fan un art\u00edculo publicado esta semana en The Guardian, EasyJet ha advertido que el mercado de la compensaci\u00f3n del carbono est\u00e1 plagado de \u00abvendedores aprovechados\u00bb decididos a hacer unos beneficios excesivos a costa de los pasajeros ecologistas. La compa\u00f1\u00eda a\u00e9rea ha retrasado la puesta en marcha de un plan de compensaciones debido a las dudas relacionadas con su coste. En su lugar, EasyJet resolver\u00e1 el problema en solitario, comprando cr\u00e9ditos en planes debidamente acreditados por las Naciones Unidas y vendi\u00e9ndoselos a los usuarios. La \u201ccompensaci\u00f3n del"}

Easyjet retrasa su plan de compensación del carbono - Volar

<blockquote class="wp-embedded-content" data-secret="ujT2YFqBqu"><a href="https://www.euroresidentes.com/viajes/volar/easyjet-retrasa-su-plan-de-compansacin/">Easyjet retrasa su plan de compensación del carbono</a></blockquote><iframe sandbox="allow-scripts" security="restricted" src="https://www.euroresidentes.com/viajes/volar/easyjet-retrasa-su-plan-de-compansacin/embed/#?secret=ujT2YFqBqu" width="600" height="338" title="«Easyjet retrasa su plan de compensación del carbono» — Volar" data-secret="ujT2YFqBqu" frameborder="0" marginwidth="0" marginheight="0" scrolling="no" class="wp-embedded-content"></iframe><script type="text/javascript">
/* <![CDATA[ */
/*! This file is auto-generated */
!function(d,l){"use strict";l.querySelector&&d.addEventListener&&"undefined"!=typeof URL&&(d.wp=d.wp||{},d.wp.receiveEmbedMessage||(d.wp.receiveEmbedMessage=function(e){var t=e.data;if((t||t.secret||t.message||t.value)&&!/[^a-zA-Z0-9]/.test(t.secret)){for(var s,r,n,a=l.querySelectorAll('iframe[data-secret="'+t.secret+'"]'),o=l.querySelectorAll('blockquote[data-secret="'+t.secret+'"]'),c=new RegExp("^https?:$","i"),i=0;i<o.length;i++)o[i].style.display="none";for(i=0;i<a.length;i++)s=a[i],e.source===s.contentWindow&&(s.removeAttribute("style"),"height"===t.message?(1e3<(r=parseInt(t.value,10))?r=1e3:~~r<200&&(r=200),s.height=r):"link"===t.message&&(r=new URL(s.getAttribute("src")),n=new URL(t.value),c.test(n.protocol))&&n.host===r.host&&l.activeElement===s&&(d.top.location.href=t.value))}},d.addEventListener("message",d.wp.receiveEmbedMessage,!1),l.addEventListener("DOMContentLoaded",function(){for(var e,t,s=l.querySelectorAll("iframe.wp-embedded-content"),r=0;r<s.length;r++)(t=(e=s[r]).getAttribute("data-secret"))||(t=Math.random().toString(36).substring(2,12),e.src+="#?secret="+t,e.setAttribute("data-secret",t)),e.contentWindow.postMessage({message:"ready",secret:t},"*")},!1)))}(window,document);
/* ]]> */
</script>

EasyJet rechaza a los &#8216;vendedores interesados&#8217; en el mercado de la compensación del carbono Según un artículo publicado esta semana en The Guardian, EasyJet ha advertido que el mercado de la compensación del carbono está plagado de «vendedores aprovechados» decididos a hacer unos beneficios excesivos a costa de los pasajeros ecologistas. La compañía aérea ha retrasado la puesta en marcha de un plan de compensaciones debido a las dudas relacionadas con su coste. En su lugar, EasyJet resolverá el problema en solitario, comprando créditos en planes debidamente acreditados por las Naciones Unidas y vendiéndoselos a los usuarios. La “compensación del
