{"version":"1.0","provider_name":"Viajar","provider_url":"https:\/\/www.euroresidentes.com\/viajes\/viajar","author_name":"Euroresidentes","author_url":"https:\/\/www.euroresidentes.com\/viajes\/viajar\/author\/euroresidentes\/","title":"Vall de Gallinera. La flor del cerezo - Viajar","type":"rich","width":600,"height":338,"html":"<blockquote class=\"wp-embedded-content\" data-secret=\"z2nvCrM3c0\"><a href=\"https:\/\/www.euroresidentes.com\/viajes\/viajar\/vall-de-gallinera-la-flor-del-cerezo\/\">Vall de Gallinera. La flor del cerezo<\/a><\/blockquote><iframe sandbox=\"allow-scripts\" security=\"restricted\" src=\"https:\/\/www.euroresidentes.com\/viajes\/viajar\/vall-de-gallinera-la-flor-del-cerezo\/embed\/#?secret=z2nvCrM3c0\" width=\"600\" height=\"338\" title=\"\u00abVall de Gallinera. La flor del cerezo\u00bb \u2014 Viajar\" data-secret=\"z2nvCrM3c0\" frameborder=\"0\" marginwidth=\"0\" marginheight=\"0\" scrolling=\"no\" class=\"wp-embedded-content\"><\/iframe><script type=\"text\/javascript\">\n\/* <![CDATA[ *\/\n\/*! This file is auto-generated *\/\n!function(d,l){\"use strict\";l.querySelector&&d.addEventListener&&\"undefined\"!=typeof URL&&(d.wp=d.wp||{},d.wp.receiveEmbedMessage||(d.wp.receiveEmbedMessage=function(e){var t=e.data;if((t||t.secret||t.message||t.value)&&!\/[^a-zA-Z0-9]\/.test(t.secret)){for(var s,r,n,a=l.querySelectorAll('iframe[data-secret=\"'+t.secret+'\"]'),o=l.querySelectorAll('blockquote[data-secret=\"'+t.secret+'\"]'),c=new RegExp(\"^https?:$\",\"i\"),i=0;i<o.length;i++)o[i].style.display=\"none\";for(i=0;i<a.length;i++)s=a[i],e.source===s.contentWindow&&(s.removeAttribute(\"style\"),\"height\"===t.message?(1e3<(r=parseInt(t.value,10))?r=1e3:~~r<200&&(r=200),s.height=r):\"link\"===t.message&&(r=new URL(s.getAttribute(\"src\")),n=new URL(t.value),c.test(n.protocol))&&n.host===r.host&&l.activeElement===s&&(d.top.location.href=t.value))}},d.addEventListener(\"message\",d.wp.receiveEmbedMessage,!1),l.addEventListener(\"DOMContentLoaded\",function(){for(var e,t,s=l.querySelectorAll(\"iframe.wp-embedded-content\"),r=0;r<s.length;r++)(t=(e=s[r]).getAttribute(\"data-secret\"))||(t=Math.random().toString(36).substring(2,12),e.src+=\"#?secret=\"+t,e.setAttribute(\"data-secret\",t)),e.contentWindow.postMessage({message:\"ready\",secret:t},\"*\")},!1)))}(window,document);\n\/* ]]> *\/\n<\/script>\n","thumbnail_url":"https:\/\/www.euroresidentes.com\/viajes\/viajar\/wp-content\/uploads\/sites\/3\/2011\/03\/Vall-de-Gallinera-1.jpg","thumbnail_width":320,"thumbnail_height":213,"description":"Saliendo de la autopista que bordea el mediterr\u00e1neo espa\u00f1ol a la altura de Denia, puedes ir hac\u00eda el interior, hacia Pego, y desde all\u00ed seguir la carretera CV700 hacia Adsubia, para encontrar, nada m\u00e1s pasar esta poblaci\u00f3n, un bonito valle en el que se encuentra el municipio de Vall de Gallinera. En poco m\u00e1s de 12 Km. de recorrido vas pasando por las poblaciones de Benirrama, Benial\u00ed, Benisiva, Benitaia, La Carroja, Al Patr\u00f3, Llombai, hasta llegar a Benisili, ya en la parte alta del valle. Todas estas localidades constituyen el citado municipio que pertenece a la comarca de la Marina"}

Saliendo de la autopista que bordea el mediterráneo español a la altura de Denia, puedes ir hacía el interior, hacia Pego, y desde allí seguir la carretera CV700 hacia Adsubia, para encontrar, nada más pasar esta población, un bonito valle en el que se encuentra el municipio de Vall de Gallinera. En poco más de 12 Km. de recorrido vas pasando por las poblaciones de Benirrama, Benialí, Benisiva, Benitaia, La Carroja, Al Patró, Llombai, hasta llegar a Benisili, ya en la parte alta del valle. Todas estas localidades constituyen el citado municipio que pertenece a la comarca de la Marina
