{"id":49,"date":"2016-03-02T08:22:09","date_gmt":"2016-03-02T08:22:09","guid":{"rendered":"https:\/\/www.euroresidentes.com\/tecnologia\/?page_id=49"},"modified":"2017-12-07T11:44:58","modified_gmt":"2017-12-07T10:44:58","slug":"merchy-rodriguez","status":"publish","type":"page","link":"https:\/\/www.euroresidentes.com\/tecnologia\/merchy-rodriguez.html","title":{"rendered":"Mercedes Rodr\u00edguez"},"content":{"rendered":"<p style=\"text-align: center;\"><a href=\"https:\/\/www.euroresidentes.com\/tecnologia\/wp-content\/uploads\/2016\/03\/Mercedes-Rodriguez-Fintech.jpg\"><img loading=\"lazy\" decoding=\"async\" class=\"aligncenter size-full wp-image-153\" src=\"https:\/\/www.euroresidentes.com\/tecnologia\/wp-content\/uploads\/2016\/03\/Mercedes-Rodriguez-Fintech.jpg\" alt=\"Mercedes-Rodriguez-Fintech\" width=\"700\" height=\"525\" srcset=\"https:\/\/www.euroresidentes.com\/tecnologia\/wp-content\/uploads\/2016\/03\/Mercedes-Rodriguez-Fintech.jpg 700w, https:\/\/www.euroresidentes.com\/tecnologia\/wp-content\/uploads\/2016\/03\/Mercedes-Rodriguez-Fintech-300x225.jpg 300w\" sizes=\"auto, (max-width: 700px) 100vw, 700px\" \/><\/a><\/p>\n<h3 style=\"text-align: center;\">\u00a0<\/h3>\n<h3 style=\"text-align: center;\"><strong>10 cosas sobre m\u00ed<\/strong><\/h3>\n<p><strong>1.<\/strong> Soy <strong>traductora<\/strong>, especializada en textos cient\u00edfico t\u00e9cnicos y en localizaci\u00f3n de software y p\u00e1ginas Web.<\/p>\n<p><strong>2.<\/strong> Me compr\u00e9 mi primer ordenador con 9 a\u00f1os: \u00a1Un ZX Spectrum de 48K! Con \u00e9l descubr\u00ed los videojuegos y la programaci\u00f3n. Creo que eso fue lo que me anim\u00f3 a estudiar un <strong>CS en Desarrollo de aplicaciones inform\u00e1ticas (DAI)<\/strong>.<\/p>\n<p><strong>3.<\/strong> De peque\u00f1a, ped\u00eda juegos de qu\u00edmica, geograf\u00eda, carpinter\u00eda&#8230; En general, siempre he disfrutado aprendiendo cosas nuevas de muchos temas distintos. Ahora soy <strong>muy fan de los MOOC<\/strong>.<\/p>\n<p><strong>4.<\/strong> Cuando trabajo me concentro tanto que a veces me hablan y no me entero.<\/p>\n<p><strong>5.<\/strong> <strong>Me encanta la m\u00fasica<\/strong>, de muchos estilos y \u00e9pocas diferentes. Toco la guitarra y trabaj\u00e9 durante a\u00f1os como DJ los fines de semana. Tambi\u00e9n tengo un plato en casa y una colecci\u00f3n de vinilos y soy de las que piensan que los CD nunca sonar\u00e1n igual. \ud83d\ude09<\/p>\n<p><strong>6.<\/strong> No me gusta el gimnasio, ni correr por correr, pero <strong>he practicado muchos deportes<\/strong>. En balonmano llegu\u00e9 a jugar en Divisi\u00f3n de Honor y particip\u00e9 en una Copa de la Reina. Tambi\u00e9n me gustan los deportes de naturaleza: senderismo, BTT, rafting&#8230; Y, recientemente, he descubierto el yoga.<\/p>\n<p><strong>7.<\/strong> <strong>Me encantan las chapuzas del hogar y arreglar y montar cosas.<\/strong><\/p>\n<p><strong>8. Adoro el chocolate y \u00a1bailar!<\/strong><\/p>\n<p><strong>9.<\/strong> Desde que vivo en un \u00e1tico,<strong> tengo una huerta en la terraza<\/strong> en la que cultivo grelos, espinacas, tomates&#8230; Y adem\u00e1s de proporcionarme alimentos, he descubierto que es muy relajante.<\/p>\n<p><strong>10.<\/strong> <strong>Un sue\u00f1o:<\/strong> construirme una casa pasiva, tipo <em>Earthship<\/em> o similar en alg\u00fan lugar tranquilo con vistas al mar.<\/p>\n<p>&nbsp;<\/p>\n<h3>Puedes leer mis art\u00edculos en:<\/h3>\n<ul>\n<li><a href=\"https:\/\/fin-tech.es\/\" target=\"_blank\">Observatorio FinTech<\/a><em><br \/> <\/em><\/li>\n<li><a href=\"http:\/\/observatorio-ia.com\/\" target=\"_blank\">Observatorio de IA<\/a><\/li>\n<li><a href=\"https:\/\/www.euroresidentes.com\/tecnologia\/avances-tecnologicos\/\" target=\"_blank\">Avances tecnol\u00f3gicos<\/a><\/li>\n<li><a href=\"https:\/\/www.euroresidentes.com\/tecnologia\/nanotecnologia\/\" target=\"_blank\">Nanotecnolog\u00eda<\/a><\/li>\n<li><a href=\"https:\/\/www.euroresidentes.com\/tecnologia\/internet-de-las-cosas\/\" target=\"_blank\">Internet de las cosas<\/a><\/li>\n<li><a href=\"http:\/\/smart-cities.euroresidentes.com\/\" target=\"_blank\">Ciudades inteligentes<\/a><\/li>\n<li><a href=\"https:\/\/www.euroresidentes.com\/tecnologia\/noticias-google\/\" target=\"_blank\">Noticias Google<\/a><\/li>\n<li><a href=\"https:\/\/www.euroresidentes.com\/tecnologia\/noticias-internet\/\" target=\"_blank\">Noticias de Internet<\/a><\/li>\n<li><a href=\"http:\/\/blog-apps.euroresidentes.es\/\" target=\"_blank\">Aplicaciones para m\u00f3viles<\/a><\/li>\n<li><a href=\"https:\/\/www.euroresidentes.com\/empresa\/exito-empresarial\/\" target=\"_blank\">\u00c9xito empresarial<\/a><\/li>\n<li><a href=\"https:\/\/www.euroresidentes.com\/empresa\/mujeres-que-rompen-moldes\/\" target=\"_blank\">Mujeres que rompen moldes<\/a><\/li>\n<\/ul>\n<p>&nbsp;<\/p>\n<h3>S\u00edgueme en:<\/h3>\n<p><a href=\"https:\/\/www.linkedin.com\/in\/mrodriguez-garcia\/\"><img loading=\"lazy\" decoding=\"async\" class=\"alignnone\" src=\"https:\/\/www.euroresidentes.com\/img\/icos_b_n\/ico_linkedin_bin.png\" alt=\"Perfil de LinkedIn\" width=\"30\" height=\"30\" \/><\/a> <a href=\"https:\/\/plus.google.com\/u\/0\/+MRodr%C3%ADguezg\"><img loading=\"lazy\" decoding=\"async\" class=\"alignnone\" src=\"https:\/\/www.euroresidentes.com\/img\/icos_b_n\/ico_g+_bin.png\" alt=\"Perfil de g+\" width=\"30\" height=\"30\" \/><\/a> <a href=\"https:\/\/twitter.com\/mgarod3\"><img loading=\"lazy\" decoding=\"async\" class=\"alignnone\" src=\"https:\/\/www.euroresidentes.com\/img\/icos_b_n\/ico_twitter_bin.png\" alt=\"Perfil de Twitter\" width=\"30\" height=\"30\" \/><\/a>\u00a0<\/p>\n","protected":false},"excerpt":{"rendered":"<p>\u00a0 10 cosas sobre m\u00ed 1. Soy traductora, especializada en textos cient\u00edfico t\u00e9cnicos y en localizaci\u00f3n de software y p\u00e1ginas Web. 2. Me compr\u00e9 mi primer ordenador con 9 a\u00f1os: \u00a1Un ZX Spectrum de 48K! Con \u00e9l descubr\u00ed los videojuegos y la programaci\u00f3n. Creo que eso fue lo que me anim\u00f3 a estudiar un CS en Desarrollo de aplicaciones inform\u00e1ticas (DAI). 3. De peque\u00f1a, ped\u00eda juegos de qu\u00edmica, geograf\u00eda, carpinter\u00eda&#8230; En general, siempre he disfrutado aprendiendo cosas nuevas de muchos temas distintos. Ahora soy muy fan de los MOOC. 4. Cuando trabajo me concentro tanto que a veces me hablan <\/p>\n","protected":false},"author":1,"featured_media":151,"parent":0,"menu_order":0,"comment_status":"open","ping_status":"closed","template":"page-author.php","meta":{"footnotes":""},"class_list":["post-49","page","type-page","status-publish","has-post-thumbnail","hentry","has_thumb"],"yoast_head":"<!-- This site is optimized with the Yoast SEO plugin v24.1 - https:\/\/yoast.com\/wordpress\/plugins\/seo\/ -->\n<title>Mercedes Rodr\u00edguez - Tecnologia<\/title>\n<meta name=\"description\" content=\"Mercedes Rodr\u00edguez. Soy traductora, especializada en textos cient\u00edfico t\u00e9cnicos y en localizaci\u00f3n de software y p\u00e1ginas Web.\" \/>\n<meta name=\"robots\" content=\"index, follow, max-snippet:-1, max-image-preview:large, max-video-preview:-1\" \/>\n<link rel=\"canonical\" href=\"https:\/\/www.euroresidentes.com\/tecnologia\/merchy-rodriguez.html\" \/>\n<meta property=\"og:locale\" content=\"es_ES\" \/>\n<meta property=\"og:type\" content=\"article\" \/>\n<meta property=\"og:title\" content=\"Mercedes Rodr\u00edguez - Tecnologia\" \/>\n<meta property=\"og:description\" content=\"Mercedes Rodr\u00edguez. Soy traductora, especializada en textos cient\u00edfico t\u00e9cnicos y en localizaci\u00f3n de software y p\u00e1ginas Web.\" \/>\n<meta property=\"og:url\" content=\"https:\/\/www.euroresidentes.com\/tecnologia\/merchy-rodriguez.html\" \/>\n<meta property=\"og:site_name\" content=\"Tecnologia\" \/>\n<meta property=\"article:modified_time\" content=\"2017-12-07T10:44:58+00:00\" \/>\n<meta property=\"og:image\" content=\"https:\/\/www.euroresidentes.com\/tecnologia\/wp-content\/uploads\/2016\/03\/merchy2.jpg\" \/>\n\t<meta property=\"og:image:width\" content=\"700\" \/>\n\t<meta property=\"og:image:height\" content=\"525\" \/>\n\t<meta property=\"og:image:type\" content=\"image\/jpeg\" \/>\n<meta name=\"twitter:card\" content=\"summary_large_image\" \/>\n<meta name=\"twitter:label1\" content=\"Est. reading time\" \/>\n\t<meta name=\"twitter:data1\" content=\"2 minutos\" \/>\n<script type=\"application\/ld+json\" class=\"yoast-schema-graph\">{\"@context\":\"https:\/\/schema.org\",\"@graph\":[{\"@type\":\"WebPage\",\"@id\":\"https:\/\/www.euroresidentes.com\/tecnologia\/merchy-rodriguez.html\",\"url\":\"https:\/\/www.euroresidentes.com\/tecnologia\/merchy-rodriguez.html\",\"name\":\"Mercedes Rodr\u00edguez - Tecnologia\",\"isPartOf\":{\"@id\":\"https:\/\/www.euroresidentes.com\/tecnologia\/#website\"},\"primaryImageOfPage\":{\"@id\":\"https:\/\/www.euroresidentes.com\/tecnologia\/merchy-rodriguez.html#primaryimage\"},\"image\":{\"@id\":\"https:\/\/www.euroresidentes.com\/tecnologia\/merchy-rodriguez.html#primaryimage\"},\"thumbnailUrl\":\"https:\/\/www.euroresidentes.com\/tecnologia\/wp-content\/uploads\/2016\/03\/merchy2.jpg\",\"datePublished\":\"2016-03-02T08:22:09+00:00\",\"dateModified\":\"2017-12-07T10:44:58+00:00\",\"description\":\"Mercedes Rodr\u00edguez. Soy traductora, especializada en textos cient\u00edfico t\u00e9cnicos y en localizaci\u00f3n de software y p\u00e1ginas Web.\",\"breadcrumb\":{\"@id\":\"https:\/\/www.euroresidentes.com\/tecnologia\/merchy-rodriguez.html#breadcrumb\"},\"inLanguage\":\"es\",\"potentialAction\":[{\"@type\":\"ReadAction\",\"target\":[\"https:\/\/www.euroresidentes.com\/tecnologia\/merchy-rodriguez.html\"]}]},{\"@type\":\"ImageObject\",\"inLanguage\":\"es\",\"@id\":\"https:\/\/www.euroresidentes.com\/tecnologia\/merchy-rodriguez.html#primaryimage\",\"url\":\"https:\/\/www.euroresidentes.com\/tecnologia\/wp-content\/uploads\/2016\/03\/merchy2.jpg\",\"contentUrl\":\"https:\/\/www.euroresidentes.com\/tecnologia\/wp-content\/uploads\/2016\/03\/merchy2.jpg\",\"width\":700,\"height\":525,\"caption\":\"Mercedes Rodr\u00edguez\"},{\"@type\":\"BreadcrumbList\",\"@id\":\"https:\/\/www.euroresidentes.com\/tecnologia\/merchy-rodriguez.html#breadcrumb\",\"itemListElement\":[{\"@type\":\"ListItem\",\"position\":1,\"name\":\"Portada\",\"item\":\"https:\/\/www.euroresidentes.com\/tecnologia\/\"},{\"@type\":\"ListItem\",\"position\":2,\"name\":\"Mercedes Rodr\u00edguez\"}]},{\"@type\":\"WebSite\",\"@id\":\"https:\/\/www.euroresidentes.com\/tecnologia\/#website\",\"url\":\"https:\/\/www.euroresidentes.com\/tecnologia\/\",\"name\":\"Tecnologia\",\"description\":\"Tu sitio de tecnolog\u00eda - Euroresidentes\",\"potentialAction\":[{\"@type\":\"SearchAction\",\"target\":{\"@type\":\"EntryPoint\",\"urlTemplate\":\"https:\/\/www.euroresidentes.com\/tecnologia\/?s={search_term_string}\"},\"query-input\":{\"@type\":\"PropertyValueSpecification\",\"valueRequired\":true,\"valueName\":\"search_term_string\"}}],\"inLanguage\":\"es\"}]}<\/script>\n<!-- \/ Yoast SEO plugin. -->","yoast_head_json":{"title":"Mercedes Rodr\u00edguez - Tecnologia","description":"Mercedes Rodr\u00edguez. Soy traductora, especializada en textos cient\u00edfico t\u00e9cnicos y en localizaci\u00f3n de software y p\u00e1ginas Web.","robots":{"index":"index","follow":"follow","max-snippet":"max-snippet:-1","max-image-preview":"max-image-preview:large","max-video-preview":"max-video-preview:-1"},"canonical":"https:\/\/www.euroresidentes.com\/tecnologia\/merchy-rodriguez.html","og_locale":"es_ES","og_type":"article","og_title":"Mercedes Rodr\u00edguez - Tecnologia","og_description":"Mercedes Rodr\u00edguez. Soy traductora, especializada en textos cient\u00edfico t\u00e9cnicos y en localizaci\u00f3n de software y p\u00e1ginas Web.","og_url":"https:\/\/www.euroresidentes.com\/tecnologia\/merchy-rodriguez.html","og_site_name":"Tecnologia","article_modified_time":"2017-12-07T10:44:58+00:00","og_image":[{"width":700,"height":525,"url":"https:\/\/www.euroresidentes.com\/tecnologia\/wp-content\/uploads\/2016\/03\/merchy2.jpg","type":"image\/jpeg"}],"twitter_card":"summary_large_image","twitter_misc":{"Est. reading time":"2 minutos"},"schema":{"@context":"https:\/\/schema.org","@graph":[{"@type":"WebPage","@id":"https:\/\/www.euroresidentes.com\/tecnologia\/merchy-rodriguez.html","url":"https:\/\/www.euroresidentes.com\/tecnologia\/merchy-rodriguez.html","name":"Mercedes Rodr\u00edguez - Tecnologia","isPartOf":{"@id":"https:\/\/www.euroresidentes.com\/tecnologia\/#website"},"primaryImageOfPage":{"@id":"https:\/\/www.euroresidentes.com\/tecnologia\/merchy-rodriguez.html#primaryimage"},"image":{"@id":"https:\/\/www.euroresidentes.com\/tecnologia\/merchy-rodriguez.html#primaryimage"},"thumbnailUrl":"https:\/\/www.euroresidentes.com\/tecnologia\/wp-content\/uploads\/2016\/03\/merchy2.jpg","datePublished":"2016-03-02T08:22:09+00:00","dateModified":"2017-12-07T10:44:58+00:00","description":"Mercedes Rodr\u00edguez. Soy traductora, especializada en textos cient\u00edfico t\u00e9cnicos y en localizaci\u00f3n de software y p\u00e1ginas Web.","breadcrumb":{"@id":"https:\/\/www.euroresidentes.com\/tecnologia\/merchy-rodriguez.html#breadcrumb"},"inLanguage":"es","potentialAction":[{"@type":"ReadAction","target":["https:\/\/www.euroresidentes.com\/tecnologia\/merchy-rodriguez.html"]}]},{"@type":"ImageObject","inLanguage":"es","@id":"https:\/\/www.euroresidentes.com\/tecnologia\/merchy-rodriguez.html#primaryimage","url":"https:\/\/www.euroresidentes.com\/tecnologia\/wp-content\/uploads\/2016\/03\/merchy2.jpg","contentUrl":"https:\/\/www.euroresidentes.com\/tecnologia\/wp-content\/uploads\/2016\/03\/merchy2.jpg","width":700,"height":525,"caption":"Mercedes Rodr\u00edguez"},{"@type":"BreadcrumbList","@id":"https:\/\/www.euroresidentes.com\/tecnologia\/merchy-rodriguez.html#breadcrumb","itemListElement":[{"@type":"ListItem","position":1,"name":"Portada","item":"https:\/\/www.euroresidentes.com\/tecnologia\/"},{"@type":"ListItem","position":2,"name":"Mercedes Rodr\u00edguez"}]},{"@type":"WebSite","@id":"https:\/\/www.euroresidentes.com\/tecnologia\/#website","url":"https:\/\/www.euroresidentes.com\/tecnologia\/","name":"Tecnologia","description":"Tu sitio de tecnolog\u00eda - Euroresidentes","potentialAction":[{"@type":"SearchAction","target":{"@type":"EntryPoint","urlTemplate":"https:\/\/www.euroresidentes.com\/tecnologia\/?s={search_term_string}"},"query-input":{"@type":"PropertyValueSpecification","valueRequired":true,"valueName":"search_term_string"}}],"inLanguage":"es"}]}},"_links":{"self":[{"href":"https:\/\/www.euroresidentes.com\/tecnologia\/wp-json\/wp\/v2\/pages\/49","targetHints":{"allow":["GET"]}}],"collection":[{"href":"https:\/\/www.euroresidentes.com\/tecnologia\/wp-json\/wp\/v2\/pages"}],"about":[{"href":"https:\/\/www.euroresidentes.com\/tecnologia\/wp-json\/wp\/v2\/types\/page"}],"author":[{"embeddable":true,"href":"https:\/\/www.euroresidentes.com\/tecnologia\/wp-json\/wp\/v2\/users\/1"}],"replies":[{"embeddable":true,"href":"https:\/\/www.euroresidentes.com\/tecnologia\/wp-json\/wp\/v2\/comments?post=49"}],"version-history":[{"count":0,"href":"https:\/\/www.euroresidentes.com\/tecnologia\/wp-json\/wp\/v2\/pages\/49\/revisions"}],"wp:featuredmedia":[{"embeddable":true,"href":"https:\/\/www.euroresidentes.com\/tecnologia\/wp-json\/wp\/v2\/media\/151"}],"wp:attachment":[{"href":"https:\/\/www.euroresidentes.com\/tecnologia\/wp-json\/wp\/v2\/media?parent=49"}],"curies":[{"name":"wp","href":"https:\/\/api.w.org\/{rel}","templated":true}]}}