{"version":"1.0","provider_name":"Noticias Internet","provider_url":"https:\/\/www.euroresidentes.com\/tecnologia\/noticias-internet","author_name":"Euroresidentes","author_url":"https:\/\/www.euroresidentes.com\/tecnologia\/noticias-internet\/author\/euroresidentes\/","title":"Pol\u00edtica gubernamental y manifiesto \u201cEn defensa de los derechos fundamentales en Internet\" - Noticias Internet","type":"rich","width":600,"height":338,"html":"<blockquote class=\"wp-embedded-content\" data-secret=\"FRc9vt1ORY\"><a href=\"https:\/\/www.euroresidentes.com\/tecnologia\/noticias-internet\/politica-gubernamental-y-manifiesto-en\/\">Pol\u00edtica gubernamental y manifiesto \u201cEn defensa de los derechos fundamentales en Internet\u00bb<\/a><\/blockquote><iframe sandbox=\"allow-scripts\" security=\"restricted\" src=\"https:\/\/www.euroresidentes.com\/tecnologia\/noticias-internet\/politica-gubernamental-y-manifiesto-en\/embed\/#?secret=FRc9vt1ORY\" width=\"600\" height=\"338\" title=\"\u00abPol\u00edtica gubernamental y manifiesto \u201cEn defensa de los derechos fundamentales en Internet\u00bb\u00bb \u2014 Noticias Internet\" data-secret=\"FRc9vt1ORY\" frameborder=\"0\" marginwidth=\"0\" marginheight=\"0\" scrolling=\"no\" class=\"wp-embedded-content\"><\/iframe><script type=\"text\/javascript\">\n\/* <![CDATA[ *\/\n\/*! This file is auto-generated *\/\n!function(d,l){\"use strict\";l.querySelector&&d.addEventListener&&\"undefined\"!=typeof URL&&(d.wp=d.wp||{},d.wp.receiveEmbedMessage||(d.wp.receiveEmbedMessage=function(e){var t=e.data;if((t||t.secret||t.message||t.value)&&!\/[^a-zA-Z0-9]\/.test(t.secret)){for(var s,r,n,a=l.querySelectorAll('iframe[data-secret=\"'+t.secret+'\"]'),o=l.querySelectorAll('blockquote[data-secret=\"'+t.secret+'\"]'),c=new RegExp(\"^https?:$\",\"i\"),i=0;i<o.length;i++)o[i].style.display=\"none\";for(i=0;i<a.length;i++)s=a[i],e.source===s.contentWindow&&(s.removeAttribute(\"style\"),\"height\"===t.message?(1e3<(r=parseInt(t.value,10))?r=1e3:~~r<200&&(r=200),s.height=r):\"link\"===t.message&&(r=new URL(s.getAttribute(\"src\")),n=new URL(t.value),c.test(n.protocol))&&n.host===r.host&&l.activeElement===s&&(d.top.location.href=t.value))}},d.addEventListener(\"message\",d.wp.receiveEmbedMessage,!1),l.addEventListener(\"DOMContentLoaded\",function(){for(var e,t,s=l.querySelectorAll(\"iframe.wp-embedded-content\"),r=0;r<s.length;r++)(t=(e=s[r]).getAttribute(\"data-secret\"))||(t=Math.random().toString(36).substring(2,12),e.src+=\"#?secret=\"+t,e.setAttribute(\"data-secret\",t)),e.contentWindow.postMessage({message:\"ready\",secret:t},\"*\")},!1)))}(window,document);\n\/* ]]> *\/\n<\/script>\n","description":"Pol\u00edtica gubernamental y manifiesto \u201cEn defensa de los derechos fundamentales en Internet\u00bb Desde estas p\u00e1ginas queremos sumarnos al manifiesto publicado en toda la red en defensa de los derechos fundamentales en Internet. Este blog lleva ya muchos a\u00f1os public\u00e1ndose, desde 2004, y en el espacio de esto a\u00f1os si hemos constatado algo con claridad es el retraso y torpeza sistem\u00e1tica de las pol\u00edticas relacionadas con el desarrollo de la sociedad de informaci\u00f3n en Espa\u00f1a. Recordemos brevemente: 1. En los inicios del despegue de Internet, el desprop\u00f3sito primer plan gubernamental, Info XXI.2. La regulaci\u00f3n de los domininios.es, equiparable \u00fanicamente en el"}

Política gubernamental y manifiesto “En defensa de los derechos fundamentales en Internet" - Noticias Internet

<blockquote class="wp-embedded-content" data-secret="FRc9vt1ORY"><a href="https://www.euroresidentes.com/tecnologia/noticias-internet/politica-gubernamental-y-manifiesto-en/">Política gubernamental y manifiesto “En defensa de los derechos fundamentales en Internet»</a></blockquote><iframe sandbox="allow-scripts" security="restricted" src="https://www.euroresidentes.com/tecnologia/noticias-internet/politica-gubernamental-y-manifiesto-en/embed/#?secret=FRc9vt1ORY" width="600" height="338" title="«Política gubernamental y manifiesto “En defensa de los derechos fundamentales en Internet»» — Noticias Internet" data-secret="FRc9vt1ORY" frameborder="0" marginwidth="0" marginheight="0" scrolling="no" class="wp-embedded-content"></iframe><script type="text/javascript">
/* <![CDATA[ */
/*! This file is auto-generated */
!function(d,l){"use strict";l.querySelector&&d.addEventListener&&"undefined"!=typeof URL&&(d.wp=d.wp||{},d.wp.receiveEmbedMessage||(d.wp.receiveEmbedMessage=function(e){var t=e.data;if((t||t.secret||t.message||t.value)&&!/[^a-zA-Z0-9]/.test(t.secret)){for(var s,r,n,a=l.querySelectorAll('iframe[data-secret="'+t.secret+'"]'),o=l.querySelectorAll('blockquote[data-secret="'+t.secret+'"]'),c=new RegExp("^https?:$","i"),i=0;i<o.length;i++)o[i].style.display="none";for(i=0;i<a.length;i++)s=a[i],e.source===s.contentWindow&&(s.removeAttribute("style"),"height"===t.message?(1e3<(r=parseInt(t.value,10))?r=1e3:~~r<200&&(r=200),s.height=r):"link"===t.message&&(r=new URL(s.getAttribute("src")),n=new URL(t.value),c.test(n.protocol))&&n.host===r.host&&l.activeElement===s&&(d.top.location.href=t.value))}},d.addEventListener("message",d.wp.receiveEmbedMessage,!1),l.addEventListener("DOMContentLoaded",function(){for(var e,t,s=l.querySelectorAll("iframe.wp-embedded-content"),r=0;r<s.length;r++)(t=(e=s[r]).getAttribute("data-secret"))||(t=Math.random().toString(36).substring(2,12),e.src+="#?secret="+t,e.setAttribute("data-secret",t)),e.contentWindow.postMessage({message:"ready",secret:t},"*")},!1)))}(window,document);
/* ]]> */
</script>

Política gubernamental y manifiesto “En defensa de los derechos fundamentales en Internet» Desde estas páginas queremos sumarnos al manifiesto publicado en toda la red en defensa de los derechos fundamentales en Internet. Este blog lleva ya muchos años publicándose, desde 2004, y en el espacio de esto años si hemos constatado algo con claridad es el retraso y torpeza sistemática de las políticas relacionadas con el desarrollo de la sociedad de información en España. Recordemos brevemente: 1. En los inicios del despegue de Internet, el despropósito primer plan gubernamental, Info XXI.2. La regulación de los domininios.es, equiparable únicamente en el
