{"version":"1.0","provider_name":"Nanotecnolog\u00eda","provider_url":"https:\/\/www.euroresidentes.com\/tecnologia\/nanotecnologia","author_name":"M. Rodr\u00edguez","author_url":"https:\/\/www.euroresidentes.com\/tecnologia\/nanotecnologia\/author\/merchy\/","title":"ImagineNano 2013 se celebrar\u00e1 en Bilbao, del 23 al 26 de abril - Nanotecnolog\u00eda","type":"rich","width":600,"height":338,"html":"<blockquote class=\"wp-embedded-content\" data-secret=\"ENMPyoID57\"><a href=\"https:\/\/www.euroresidentes.com\/tecnologia\/nanotecnologia\/imaginenano-2013-se-celebrara-en-bilbao\/\">ImagineNano 2013 se celebrar\u00e1 en Bilbao, del 23 al 26 de abril<\/a><\/blockquote><iframe sandbox=\"allow-scripts\" security=\"restricted\" src=\"https:\/\/www.euroresidentes.com\/tecnologia\/nanotecnologia\/imaginenano-2013-se-celebrara-en-bilbao\/embed\/#?secret=ENMPyoID57\" width=\"600\" height=\"338\" title=\"\u00abImagineNano 2013 se celebrar\u00e1 en Bilbao, del 23 al 26 de abril\u00bb \u2014 Nanotecnolog\u00eda\" data-secret=\"ENMPyoID57\" frameborder=\"0\" marginwidth=\"0\" marginheight=\"0\" scrolling=\"no\" class=\"wp-embedded-content\"><\/iframe><script type=\"text\/javascript\">\n\/* <![CDATA[ *\/\n\/*! This file is auto-generated *\/\n!function(d,l){\"use strict\";l.querySelector&&d.addEventListener&&\"undefined\"!=typeof URL&&(d.wp=d.wp||{},d.wp.receiveEmbedMessage||(d.wp.receiveEmbedMessage=function(e){var t=e.data;if((t||t.secret||t.message||t.value)&&!\/[^a-zA-Z0-9]\/.test(t.secret)){for(var s,r,n,a=l.querySelectorAll('iframe[data-secret=\"'+t.secret+'\"]'),o=l.querySelectorAll('blockquote[data-secret=\"'+t.secret+'\"]'),c=new RegExp(\"^https?:$\",\"i\"),i=0;i<o.length;i++)o[i].style.display=\"none\";for(i=0;i<a.length;i++)s=a[i],e.source===s.contentWindow&&(s.removeAttribute(\"style\"),\"height\"===t.message?(1e3<(r=parseInt(t.value,10))?r=1e3:~~r<200&&(r=200),s.height=r):\"link\"===t.message&&(r=new URL(s.getAttribute(\"src\")),n=new URL(t.value),c.test(n.protocol))&&n.host===r.host&&l.activeElement===s&&(d.top.location.href=t.value))}},d.addEventListener(\"message\",d.wp.receiveEmbedMessage,!1),l.addEventListener(\"DOMContentLoaded\",function(){for(var e,t,s=l.querySelectorAll(\"iframe.wp-embedded-content\"),r=0;r<s.length;r++)(t=(e=s[r]).getAttribute(\"data-secret\"))||(t=Math.random().toString(36).substring(2,12),e.src+=\"#?secret=\"+t,e.setAttribute(\"data-secret\",t)),e.contentWindow.postMessage({message:\"ready\",secret:t},\"*\")},!1)))}(window,document);\n\/* ]]> *\/\n<\/script>\n","description":"El Centro de Exposiciones de Bilbao albergar\u00e1 por segunda vez ImagineNano, el evento internacional de Nanociencia y Nanotecnolog\u00eda. El evento tendr\u00e1 lugar la pr\u00f3xima primavera, del 23 al 26 de abril de 2013 en Bilbao. ImagineNano estar\u00e1 organizado, una vez m\u00e1s, por la fundaci\u00f3n Phantoms, el CIC NanoGUNE y el Centro Internacional de F\u00edsica de Donostia, en colaboraci\u00f3n con el Centro de Exposiciones de Bilbao. La edici\u00f3n de 2013 conservar\u00e1 la misma estructura con un alto nivel de infraestructura. Bajo el mismo techo se celebrar\u00e1n varios congresos internacionales (Graphene, NanoSpain, NanoBio &amp; Med, Photonics\/Plasmonics\/Magneto-Optics (PPM), TNA Energy y nanoSD \u00abSecurity&amp;Defense\u00bb),"}

Nanotecnología

M. Rodríguez

ImagineNano 2013 se celebrará en Bilbao, del 23 al 26 de abril - Nanotecnología

<blockquote class="wp-embedded-content" data-secret="ENMPyoID57"><a href="https://www.euroresidentes.com/tecnologia/nanotecnologia/imaginenano-2013-se-celebrara-en-bilbao/">ImagineNano 2013 se celebrará en Bilbao, del 23 al 26 de abril</a></blockquote><iframe sandbox="allow-scripts" security="restricted" src="https://www.euroresidentes.com/tecnologia/nanotecnologia/imaginenano-2013-se-celebrara-en-bilbao/embed/#?secret=ENMPyoID57" width="600" height="338" title="«ImagineNano 2013 se celebrará en Bilbao, del 23 al 26 de abril» — Nanotecnología" data-secret="ENMPyoID57" frameborder="0" marginwidth="0" marginheight="0" scrolling="no" class="wp-embedded-content"></iframe><script type="text/javascript">
/* <![CDATA[ */
/*! This file is auto-generated */
!function(d,l){"use strict";l.querySelector&&d.addEventListener&&"undefined"!=typeof URL&&(d.wp=d.wp||{},d.wp.receiveEmbedMessage||(d.wp.receiveEmbedMessage=function(e){var t=e.data;if((t||t.secret||t.message||t.value)&&!/[^a-zA-Z0-9]/.test(t.secret)){for(var s,r,n,a=l.querySelectorAll('iframe[data-secret="'+t.secret+'"]'),o=l.querySelectorAll('blockquote[data-secret="'+t.secret+'"]'),c=new RegExp("^https?:$","i"),i=0;i<o.length;i++)o[i].style.display="none";for(i=0;i<a.length;i++)s=a[i],e.source===s.contentWindow&&(s.removeAttribute("style"),"height"===t.message?(1e3<(r=parseInt(t.value,10))?r=1e3:~~r<200&&(r=200),s.height=r):"link"===t.message&&(r=new URL(s.getAttribute("src")),n=new URL(t.value),c.test(n.protocol))&&n.host===r.host&&l.activeElement===s&&(d.top.location.href=t.value))}},d.addEventListener("message",d.wp.receiveEmbedMessage,!1),l.addEventListener("DOMContentLoaded",function(){for(var e,t,s=l.querySelectorAll("iframe.wp-embedded-content"),r=0;r<s.length;r++)(t=(e=s[r]).getAttribute("data-secret"))||(t=Math.random().toString(36).substring(2,12),e.src+="#?secret="+t,e.setAttribute("data-secret",t)),e.contentWindow.postMessage({message:"ready",secret:t},"*")},!1)))}(window,document);
/* ]]> */
</script>

El Centro de Exposiciones de Bilbao albergará por segunda vez ImagineNano, el evento internacional de Nanociencia y Nanotecnología. El evento tendrá lugar la próxima primavera, del 23 al 26 de abril de 2013 en Bilbao. ImagineNano estará organizado, una vez más, por la fundación Phantoms, el CIC NanoGUNE y el Centro Internacional de Física de Donostia, en colaboración con el Centro de Exposiciones de Bilbao. La edición de 2013 conservará la misma estructura con un alto nivel de infraestructura. Bajo el mismo techo se celebrarán varios congresos internacionales (Graphene, NanoSpain, NanoBio &amp; Med, Photonics/Plasmonics/Magneto-Optics (PPM), TNA Energy y nanoSD «Security&amp;Defense»),
