{"version":"1.0","provider_name":"Avances Tecnol\u00f3gicos","provider_url":"https:\/\/www.euroresidentes.com\/tecnologia\/avances-tecnologicos","author_name":"Euroresidentes","author_url":"https:\/\/www.euroresidentes.com\/tecnologia\/avances-tecnologicos\/author\/euroresidentes\/","title":"Nuevo procesador de Intel se lanzar\u00e1 este a\u00f1o - Avances Tecnol\u00f3gicos","type":"rich","width":600,"height":338,"html":"<blockquote class=\"wp-embedded-content\" data-secret=\"Ijk3p7pzUw\"><a href=\"https:\/\/www.euroresidentes.com\/tecnologia\/avances-tecnologicos\/nuevo-procesador-de-intel-se-lanzar\/\">Nuevo procesador de Intel se lanzar\u00e1 este a\u00f1o<\/a><\/blockquote><iframe sandbox=\"allow-scripts\" security=\"restricted\" src=\"https:\/\/www.euroresidentes.com\/tecnologia\/avances-tecnologicos\/nuevo-procesador-de-intel-se-lanzar\/embed\/#?secret=Ijk3p7pzUw\" width=\"600\" height=\"338\" title=\"\u00abNuevo procesador de Intel se lanzar\u00e1 este a\u00f1o\u00bb \u2014 Avances Tecnol\u00f3gicos\" data-secret=\"Ijk3p7pzUw\" frameborder=\"0\" marginwidth=\"0\" marginheight=\"0\" scrolling=\"no\" class=\"wp-embedded-content\"><\/iframe><script type=\"text\/javascript\">\n\/* <![CDATA[ *\/\n\/*! This file is auto-generated *\/\n!function(d,l){\"use strict\";l.querySelector&&d.addEventListener&&\"undefined\"!=typeof URL&&(d.wp=d.wp||{},d.wp.receiveEmbedMessage||(d.wp.receiveEmbedMessage=function(e){var t=e.data;if((t||t.secret||t.message||t.value)&&!\/[^a-zA-Z0-9]\/.test(t.secret)){for(var s,r,n,a=l.querySelectorAll('iframe[data-secret=\"'+t.secret+'\"]'),o=l.querySelectorAll('blockquote[data-secret=\"'+t.secret+'\"]'),c=new RegExp(\"^https?:$\",\"i\"),i=0;i<o.length;i++)o[i].style.display=\"none\";for(i=0;i<a.length;i++)s=a[i],e.source===s.contentWindow&&(s.removeAttribute(\"style\"),\"height\"===t.message?(1e3<(r=parseInt(t.value,10))?r=1e3:~~r<200&&(r=200),s.height=r):\"link\"===t.message&&(r=new URL(s.getAttribute(\"src\")),n=new URL(t.value),c.test(n.protocol))&&n.host===r.host&&l.activeElement===s&&(d.top.location.href=t.value))}},d.addEventListener(\"message\",d.wp.receiveEmbedMessage,!1),l.addEventListener(\"DOMContentLoaded\",function(){for(var e,t,s=l.querySelectorAll(\"iframe.wp-embedded-content\"),r=0;r<s.length;r++)(t=(e=s[r]).getAttribute(\"data-secret\"))||(t=Math.random().toString(36).substring(2,12),e.src+=\"#?secret=\"+t,e.setAttribute(\"data-secret\",t)),e.contentWindow.postMessage({message:\"ready\",secret:t},\"*\")},!1)))}(window,document);\n\/* ]]> *\/\n<\/script>\n","description":"Intel planea lanzar su procesador Penryn de 45nm en el cuarto trimestre del 2007 Seg\u00fan un art\u00edculo publicado esta semana en arstechnica.com, Xbit Labs afirma haber visto una serie de documentos que indican que Intel est\u00e1 planeando acelerar el lanzamiento de su procesador Penryn de 45nm. Concretamente, la compa\u00f1\u00eda lanzar\u00e1 el \u00abIntel Core Extreme\u00bb (la verdadera denominaci\u00f3n comercial todav\u00eda est\u00e1 por determinar) durante el cuarto trimestre del a\u00f1o. El chip en cuesti\u00f3n funcionar\u00e1 a 3,33GHz, con un bus a 1.333MHz y 12MB de cach\u00e9 L2. El sitio afirma tambi\u00e9n que la presencia de los 45nm en la mezcla total de"}

Avances Tecnológicos

Nuevo procesador de Intel se lanzará este año - Avances Tecnológicos

<blockquote class="wp-embedded-content" data-secret="Ijk3p7pzUw"><a href="https://www.euroresidentes.com/tecnologia/avances-tecnologicos/nuevo-procesador-de-intel-se-lanzar/">Nuevo procesador de Intel se lanzará este año</a></blockquote><iframe sandbox="allow-scripts" security="restricted" src="https://www.euroresidentes.com/tecnologia/avances-tecnologicos/nuevo-procesador-de-intel-se-lanzar/embed/#?secret=Ijk3p7pzUw" width="600" height="338" title="«Nuevo procesador de Intel se lanzará este año» — Avances Tecnológicos" data-secret="Ijk3p7pzUw" frameborder="0" marginwidth="0" marginheight="0" scrolling="no" class="wp-embedded-content"></iframe><script type="text/javascript">
/* <![CDATA[ */
/*! This file is auto-generated */
!function(d,l){"use strict";l.querySelector&&d.addEventListener&&"undefined"!=typeof URL&&(d.wp=d.wp||{},d.wp.receiveEmbedMessage||(d.wp.receiveEmbedMessage=function(e){var t=e.data;if((t||t.secret||t.message||t.value)&&!/[^a-zA-Z0-9]/.test(t.secret)){for(var s,r,n,a=l.querySelectorAll('iframe[data-secret="'+t.secret+'"]'),o=l.querySelectorAll('blockquote[data-secret="'+t.secret+'"]'),c=new RegExp("^https?:$","i"),i=0;i<o.length;i++)o[i].style.display="none";for(i=0;i<a.length;i++)s=a[i],e.source===s.contentWindow&&(s.removeAttribute("style"),"height"===t.message?(1e3<(r=parseInt(t.value,10))?r=1e3:~~r<200&&(r=200),s.height=r):"link"===t.message&&(r=new URL(s.getAttribute("src")),n=new URL(t.value),c.test(n.protocol))&&n.host===r.host&&l.activeElement===s&&(d.top.location.href=t.value))}},d.addEventListener("message",d.wp.receiveEmbedMessage,!1),l.addEventListener("DOMContentLoaded",function(){for(var e,t,s=l.querySelectorAll("iframe.wp-embedded-content"),r=0;r<s.length;r++)(t=(e=s[r]).getAttribute("data-secret"))||(t=Math.random().toString(36).substring(2,12),e.src+="#?secret="+t,e.setAttribute("data-secret",t)),e.contentWindow.postMessage({message:"ready",secret:t},"*")},!1)))}(window,document);
/* ]]> */
</script>

Intel planea lanzar su procesador Penryn de 45nm en el cuarto trimestre del 2007 Según un artículo publicado esta semana en arstechnica.com, Xbit Labs afirma haber visto una serie de documentos que indican que Intel está planeando acelerar el lanzamiento de su procesador Penryn de 45nm. Concretamente, la compañía lanzará el «Intel Core Extreme» (la verdadera denominación comercial todavía está por determinar) durante el cuarto trimestre del año. El chip en cuestión funcionará a 3,33GHz, con un bus a 1.333MHz y 12MB de caché L2. El sitio afirma también que la presencia de los 45nm en la mezcla total de
