{"version":"1.0","provider_name":"El blog de Gin\u00e9s Conesa","provider_url":"https:\/\/www.euroresidentes.com\/social\/blog-gines-conesa","author_name":"Gin\u00e9s Conesa","author_url":"https:\/\/www.euroresidentes.com\/social\/blog-gines-conesa\/author\/gines","title":"La 'nueva' juventud - El blog de Gin\u00e9s Conesa","type":"rich","width":600,"height":338,"html":"<blockquote class=\"wp-embedded-content\" data-secret=\"wzvrmHOCtw\"><a href=\"https:\/\/www.euroresidentes.com\/social\/blog-gines-conesa\/la-nueva-juventud\">La &#8216;nueva&#8217; juventud<\/a><\/blockquote><iframe sandbox=\"allow-scripts\" security=\"restricted\" src=\"https:\/\/www.euroresidentes.com\/social\/blog-gines-conesa\/la-nueva-juventud\/embed#?secret=wzvrmHOCtw\" width=\"600\" height=\"338\" title=\"\u00abLa &#8216;nueva&#8217; juventud\u00bb \u2014 El blog de Gin\u00e9s Conesa\" data-secret=\"wzvrmHOCtw\" frameborder=\"0\" marginwidth=\"0\" marginheight=\"0\" scrolling=\"no\" class=\"wp-embedded-content\"><\/iframe><script type=\"text\/javascript\">\n\/* <![CDATA[ *\/\n\/*! This file is auto-generated *\/\n!function(d,l){\"use strict\";l.querySelector&&d.addEventListener&&\"undefined\"!=typeof URL&&(d.wp=d.wp||{},d.wp.receiveEmbedMessage||(d.wp.receiveEmbedMessage=function(e){var t=e.data;if((t||t.secret||t.message||t.value)&&!\/[^a-zA-Z0-9]\/.test(t.secret)){for(var s,r,n,a=l.querySelectorAll('iframe[data-secret=\"'+t.secret+'\"]'),o=l.querySelectorAll('blockquote[data-secret=\"'+t.secret+'\"]'),c=new RegExp(\"^https?:$\",\"i\"),i=0;i<o.length;i++)o[i].style.display=\"none\";for(i=0;i<a.length;i++)s=a[i],e.source===s.contentWindow&&(s.removeAttribute(\"style\"),\"height\"===t.message?(1e3<(r=parseInt(t.value,10))?r=1e3:~~r<200&&(r=200),s.height=r):\"link\"===t.message&&(r=new URL(s.getAttribute(\"src\")),n=new URL(t.value),c.test(n.protocol))&&n.host===r.host&&l.activeElement===s&&(d.top.location.href=t.value))}},d.addEventListener(\"message\",d.wp.receiveEmbedMessage,!1),l.addEventListener(\"DOMContentLoaded\",function(){for(var e,t,s=l.querySelectorAll(\"iframe.wp-embedded-content\"),r=0;r<s.length;r++)(t=(e=s[r]).getAttribute(\"data-secret\"))||(t=Math.random().toString(36).substring(2,12),e.src+=\"#?secret=\"+t,e.setAttribute(\"data-secret\",t)),e.contentWindow.postMessage({message:\"ready\",secret:t},\"*\")},!1)))}(window,document);\n\/* ]]> *\/\n<\/script>\n","description":"Desde que surgi\u00f3 el &#8216;Movimiento del 15-M&#8217; no dejo de darle vueltas a la probabilidad de que sea el germen del cambio social que muchos reclamamos. Luego de 39 a\u00f1os y 3 meses de r\u00e9gimen franquista, muchos de los que a\u00fan j\u00f3venes vivimos la Transici\u00f3n a la Democracia (una etapa ilusionante y esperanzada, a pesar de las convulsiones e incertidumbres que parecieron quedar finalmente enterradas con la asonada del 23-F del a\u00f1o 1981) no pod\u00edamos imaginar, de buena fe, el grave deterioro que sufre la actividad pol\u00edtica 30 a\u00f1os despu\u00e9s, hasta el punto de haberse convertido en el tercer gran"}

El blog de Ginés Conesa

Ginés Conesa

La 'nueva' juventud - El blog de Ginés Conesa

<blockquote class="wp-embedded-content" data-secret="wzvrmHOCtw"><a href="https://www.euroresidentes.com/social/blog-gines-conesa/la-nueva-juventud">La &#8216;nueva&#8217; juventud</a></blockquote><iframe sandbox="allow-scripts" security="restricted" src="https://www.euroresidentes.com/social/blog-gines-conesa/la-nueva-juventud/embed#?secret=wzvrmHOCtw" width="600" height="338" title="«La &#8216;nueva&#8217; juventud» — El blog de Ginés Conesa" data-secret="wzvrmHOCtw" frameborder="0" marginwidth="0" marginheight="0" scrolling="no" class="wp-embedded-content"></iframe><script type="text/javascript">
/* <![CDATA[ */
/*! This file is auto-generated */
!function(d,l){"use strict";l.querySelector&&d.addEventListener&&"undefined"!=typeof URL&&(d.wp=d.wp||{},d.wp.receiveEmbedMessage||(d.wp.receiveEmbedMessage=function(e){var t=e.data;if((t||t.secret||t.message||t.value)&&!/[^a-zA-Z0-9]/.test(t.secret)){for(var s,r,n,a=l.querySelectorAll('iframe[data-secret="'+t.secret+'"]'),o=l.querySelectorAll('blockquote[data-secret="'+t.secret+'"]'),c=new RegExp("^https?:$","i"),i=0;i<o.length;i++)o[i].style.display="none";for(i=0;i<a.length;i++)s=a[i],e.source===s.contentWindow&&(s.removeAttribute("style"),"height"===t.message?(1e3<(r=parseInt(t.value,10))?r=1e3:~~r<200&&(r=200),s.height=r):"link"===t.message&&(r=new URL(s.getAttribute("src")),n=new URL(t.value),c.test(n.protocol))&&n.host===r.host&&l.activeElement===s&&(d.top.location.href=t.value))}},d.addEventListener("message",d.wp.receiveEmbedMessage,!1),l.addEventListener("DOMContentLoaded",function(){for(var e,t,s=l.querySelectorAll("iframe.wp-embedded-content"),r=0;r<s.length;r++)(t=(e=s[r]).getAttribute("data-secret"))||(t=Math.random().toString(36).substring(2,12),e.src+="#?secret="+t,e.setAttribute("data-secret",t)),e.contentWindow.postMessage({message:"ready",secret:t},"*")},!1)))}(window,document);
/* ]]> */
</script>

Desde que surgió el &#8216;Movimiento del 15-M&#8217; no dejo de darle vueltas a la probabilidad de que sea el germen del cambio social que muchos reclamamos. Luego de 39 años y 3 meses de régimen franquista, muchos de los que aún jóvenes vivimos la Transición a la Democracia (una etapa ilusionante y esperanzada, a pesar de las convulsiones e incertidumbres que parecieron quedar finalmente enterradas con la asonada del 23-F del año 1981) no podíamos imaginar, de buena fe, el grave deterioro que sufre la actividad política 30 años después, hasta el punto de haberse convertido en el tercer gran
