 

{"id":36,"date":"2016-03-11T08:24:59","date_gmt":"2016-03-11T08:24:59","guid":{"rendered":"https:\/\/www.euroresidentes.com\/salud\/?page_id=36"},"modified":"2016-09-02T09:10:09","modified_gmt":"2016-09-02T07:10:09","slug":"andres-p-lloret","status":"publish","type":"page","link":"https:\/\/www.euroresidentes.com\/salud\/andres-p-lloret\/","title":{"rendered":"Andr\u00e9s P. Lloret"},"content":{"rendered":"<h3>Sobre el autor del blog<\/h3>\n<p>El autor del blog \u201c<strong>Conviviendo con el Alzheimer<\/strong>\u201d es Andr\u00e9s P. Lloret quien cuenta su experiencia personal con su abuela Joaquina, de 86 a\u00f1os de edad. Las p\u00e1ginas especializadas est\u00e1n bajo la supervisi\u00f3n y direcci\u00f3n de la Psic\u00f3loga Andrea M\u00e9ndez Moll\u00e1.<\/p>\n<p><a href=\"https:\/\/www.euroresidentes.com\/salud\/wp-content\/uploads\/2016\/03\/andy.png\"><img loading=\"lazy\" decoding=\"async\" class=\"aligncenter size-full wp-image-43\" src=\"https:\/\/www.euroresidentes.com\/salud\/wp-content\/uploads\/2016\/03\/andy.png\" alt=\"Andr\u00e9s P. Lloret\" width=\"436\" height=\"427\" srcset=\"https:\/\/www.euroresidentes.com\/salud\/wp-content\/uploads\/2016\/03\/andy.png 436w, https:\/\/www.euroresidentes.com\/salud\/wp-content\/uploads\/2016\/03\/andy-300x294.png 300w\" sizes=\"auto, (max-width: 436px) 100vw, 436px\" \/><\/a><\/p>\n<h2 style=\"text-align: center;\">10 cosas sobre\u00a0mi<\/h2>\n<p>Me han comentado en Euroresidentes que debo decir 10 cosas sobre mi. No me gusta mucho hablar sobre mi, pero, tras consultar a mis amigos y familia destacar\u00eda estas diez cosas:<\/p>\n<ol>\n<li>Vivo con mi abuela, a la que siempre me he sentido unido por muchas razones. Desde sus migas, macarrones o sus rega\u00f1inas continuas. Padece demencia senil \u2013 Alzheimer.<\/li>\n<li>Estudio <strong>Criminolog\u00eda<\/strong> en la Universidad. Me gustan los temas de seguridad e investigaci\u00f3n criminol\u00f3gica en general.<\/li>\n<li>Muy fan de la gastronom\u00eda. Quiz\u00e1s demasiado \ud83d\ude42 Me gusta cocinar. Me encanta improvisar y cocinar de sobras. La mayor parte de lo que s\u00e9 hacer me lo ense\u00f1\u00f3 mi padre, incluida su fondue de queso.<\/li>\n<li>\u00a0Soy muy de, \u201clo \u00faltimo que siempre queda es la familia\u201c.<\/li>\n<li>Del Bar\u00e7a y portero aficionado, es decir, no soy Casillas pero me apa\u00f1o.<\/li>\n<li>Me gusta leer aunque me cuesta empezar, \u201cEl que anda mucho y lee mucho, ve mucho y sabe mucho\u201d (Cervantes).<\/li>\n<li>Me gustan los animales, luck, mi perro y uno m\u00e1s de la familia y dos tortugas de tierra.<\/li>\n<li>El cine me gusta de todo tipo pero todas por debajo de El Padrino y Gladiator.<\/li>\n<li>\u00a0Tengo un viejo coche de m\u00e1s de doce a\u00f1os al que le tengo cari\u00f1o. Lo cuido para ver si aguanta un poco m\u00e1s, aunque se le va notando que le queda poco, es m\u00e1gico, con m\u00e1s de 300.000 km y casi me \u201cteletransporta\u201d.<\/li>\n<li>Me interesa la inform\u00e1tica y la tecnolog\u00eda en general: drones, dispositivos, arduinos, sensores\u2026<\/li>\n<\/ol>\n<p><strong>*<\/strong> Pienso que los buenos amigos, los de verdad, son un regalo, una vez identificados los cuido todo lo que puedo!<\/p>\n","protected":false},"excerpt":{"rendered":"<p>Sobre el autor del blog El autor del blog \u201cConviviendo con el Alzheimer\u201d es Andr\u00e9s P. Lloret quien cuenta su experiencia personal con su abuela Joaquina, de 86 a\u00f1os de edad. Las p\u00e1ginas especializadas est\u00e1n bajo la supervisi\u00f3n y direcci\u00f3n de la Psic\u00f3loga Andrea M\u00e9ndez Moll\u00e1. 10 cosas sobre\u00a0mi Me han comentado en Euroresidentes que debo decir 10 cosas sobre mi. No me gusta mucho hablar sobre mi, pero, tras consultar a mis amigos y familia destacar\u00eda estas diez cosas: Vivo con mi abuela, a la que siempre me he sentido unido por muchas razones. Desde sus migas, macarrones o <\/p>\n","protected":false},"author":1,"featured_media":0,"parent":0,"menu_order":0,"comment_status":"closed","ping_status":"closed","template":"page-author.php","meta":{"footnotes":""},"class_list":["post-36","page","type-page","status-publish","hentry"],"yoast_head":"<!-- This site is optimized with the Yoast SEO plugin v26.8 - https:\/\/yoast.com\/product\/yoast-seo-wordpress\/ -->\n<title>Andr\u00e9s P. Lloret - Salud<\/title>\n<meta name=\"robots\" content=\"index, follow, max-snippet:-1, max-image-preview:large, max-video-preview:-1\" \/>\n<link rel=\"canonical\" href=\"https:\/\/www.euroresidentes.com\/salud\/andres-p-lloret\/\" \/>\n<meta property=\"og:locale\" content=\"es_ES\" \/>\n<meta property=\"og:type\" content=\"article\" \/>\n<meta property=\"og:title\" content=\"Andr\u00e9s P. Lloret - Salud\" \/>\n<meta property=\"og:description\" content=\"Sobre el autor del blog El autor del blog \u201cConviviendo con el Alzheimer\u201d es Andr\u00e9s P. Lloret quien cuenta su experiencia personal con su abuela Joaquina, de 86 a\u00f1os de edad. Las p\u00e1ginas especializadas est\u00e1n bajo la supervisi\u00f3n y direcci\u00f3n de la Psic\u00f3loga Andrea M\u00e9ndez Moll\u00e1. 10 cosas sobre\u00a0mi Me han comentado en Euroresidentes que debo decir 10 cosas sobre mi. No me gusta mucho hablar sobre mi, pero, tras consultar a mis amigos y familia destacar\u00eda estas diez cosas: Vivo con mi abuela, a la que siempre me he sentido unido por muchas razones. Desde sus migas, macarrones o\" \/>\n<meta property=\"og:url\" content=\"https:\/\/www.euroresidentes.com\/salud\/andres-p-lloret\/\" \/>\n<meta property=\"og:site_name\" content=\"Salud\" \/>\n<meta property=\"article:modified_time\" content=\"2016-09-02T07:10:09+00:00\" \/>\n<meta property=\"og:image\" content=\"https:\/\/www.euroresidentes.com\/salud\/wp-content\/uploads\/2016\/03\/andy.png\" \/>\n<meta name=\"twitter:label1\" content=\"Est. reading time\" \/>\n\t<meta name=\"twitter:data1\" content=\"2 minutos\" \/>\n<script type=\"application\/ld+json\" class=\"yoast-schema-graph\">{\"@context\":\"https:\/\/schema.org\",\"@graph\":[{\"@type\":\"WebPage\",\"@id\":\"https:\/\/www.euroresidentes.com\/salud\/andres-p-lloret\/\",\"url\":\"https:\/\/www.euroresidentes.com\/salud\/andres-p-lloret\/\",\"name\":\"Andr\u00e9s P. Lloret - Salud\",\"isPartOf\":{\"@id\":\"https:\/\/www.euroresidentes.com\/salud\/#website\"},\"primaryImageOfPage\":{\"@id\":\"https:\/\/www.euroresidentes.com\/salud\/andres-p-lloret\/#primaryimage\"},\"image\":{\"@id\":\"https:\/\/www.euroresidentes.com\/salud\/andres-p-lloret\/#primaryimage\"},\"thumbnailUrl\":\"https:\/\/www.euroresidentes.com\/salud\/wp-content\/uploads\/2016\/03\/andy.png\",\"datePublished\":\"2016-03-11T08:24:59+00:00\",\"dateModified\":\"2016-09-02T07:10:09+00:00\",\"breadcrumb\":{\"@id\":\"https:\/\/www.euroresidentes.com\/salud\/andres-p-lloret\/#breadcrumb\"},\"inLanguage\":\"es\",\"potentialAction\":[{\"@type\":\"ReadAction\",\"target\":[\"https:\/\/www.euroresidentes.com\/salud\/andres-p-lloret\/\"]}]},{\"@type\":\"ImageObject\",\"inLanguage\":\"es\",\"@id\":\"https:\/\/www.euroresidentes.com\/salud\/andres-p-lloret\/#primaryimage\",\"url\":\"https:\/\/www.euroresidentes.com\/salud\/wp-content\/uploads\/2016\/03\/andy.png\",\"contentUrl\":\"https:\/\/www.euroresidentes.com\/salud\/wp-content\/uploads\/2016\/03\/andy.png\",\"width\":436,\"height\":427,\"caption\":\"Andr\u00e9s P. Lloret\"},{\"@type\":\"BreadcrumbList\",\"@id\":\"https:\/\/www.euroresidentes.com\/salud\/andres-p-lloret\/#breadcrumb\",\"itemListElement\":[{\"@type\":\"ListItem\",\"position\":1,\"name\":\"Portada\",\"item\":\"https:\/\/www.euroresidentes.com\/salud\/\"},{\"@type\":\"ListItem\",\"position\":2,\"name\":\"Andr\u00e9s P. Lloret\"}]},{\"@type\":\"WebSite\",\"@id\":\"https:\/\/www.euroresidentes.com\/salud\/#website\",\"url\":\"https:\/\/www.euroresidentes.com\/salud\/\",\"name\":\"Salud\",\"description\":\"Consejos para el cuidado de la salud, vida sana, h\u00e1bitos saludables\",\"potentialAction\":[{\"@type\":\"SearchAction\",\"target\":{\"@type\":\"EntryPoint\",\"urlTemplate\":\"https:\/\/www.euroresidentes.com\/salud\/?s={search_term_string}\"},\"query-input\":{\"@type\":\"PropertyValueSpecification\",\"valueRequired\":true,\"valueName\":\"search_term_string\"}}],\"inLanguage\":\"es\"}]}<\/script>\n<!-- \/ Yoast SEO plugin. -->","yoast_head_json":{"title":"Andr\u00e9s P. Lloret - Salud","robots":{"index":"index","follow":"follow","max-snippet":"max-snippet:-1","max-image-preview":"max-image-preview:large","max-video-preview":"max-video-preview:-1"},"canonical":"https:\/\/www.euroresidentes.com\/salud\/andres-p-lloret\/","og_locale":"es_ES","og_type":"article","og_title":"Andr\u00e9s P. Lloret - Salud","og_description":"Sobre el autor del blog El autor del blog \u201cConviviendo con el Alzheimer\u201d es Andr\u00e9s P. Lloret quien cuenta su experiencia personal con su abuela Joaquina, de 86 a\u00f1os de edad. Las p\u00e1ginas especializadas est\u00e1n bajo la supervisi\u00f3n y direcci\u00f3n de la Psic\u00f3loga Andrea M\u00e9ndez Moll\u00e1. 10 cosas sobre\u00a0mi Me han comentado en Euroresidentes que debo decir 10 cosas sobre mi. No me gusta mucho hablar sobre mi, pero, tras consultar a mis amigos y familia destacar\u00eda estas diez cosas: Vivo con mi abuela, a la que siempre me he sentido unido por muchas razones. Desde sus migas, macarrones o","og_url":"https:\/\/www.euroresidentes.com\/salud\/andres-p-lloret\/","og_site_name":"Salud","article_modified_time":"2016-09-02T07:10:09+00:00","og_image":[{"url":"https:\/\/www.euroresidentes.com\/salud\/wp-content\/uploads\/2016\/03\/andy.png","type":"","width":"","height":""}],"twitter_misc":{"Est. reading time":"2 minutos"},"schema":{"@context":"https:\/\/schema.org","@graph":[{"@type":"WebPage","@id":"https:\/\/www.euroresidentes.com\/salud\/andres-p-lloret\/","url":"https:\/\/www.euroresidentes.com\/salud\/andres-p-lloret\/","name":"Andr\u00e9s P. Lloret - Salud","isPartOf":{"@id":"https:\/\/www.euroresidentes.com\/salud\/#website"},"primaryImageOfPage":{"@id":"https:\/\/www.euroresidentes.com\/salud\/andres-p-lloret\/#primaryimage"},"image":{"@id":"https:\/\/www.euroresidentes.com\/salud\/andres-p-lloret\/#primaryimage"},"thumbnailUrl":"https:\/\/www.euroresidentes.com\/salud\/wp-content\/uploads\/2016\/03\/andy.png","datePublished":"2016-03-11T08:24:59+00:00","dateModified":"2016-09-02T07:10:09+00:00","breadcrumb":{"@id":"https:\/\/www.euroresidentes.com\/salud\/andres-p-lloret\/#breadcrumb"},"inLanguage":"es","potentialAction":[{"@type":"ReadAction","target":["https:\/\/www.euroresidentes.com\/salud\/andres-p-lloret\/"]}]},{"@type":"ImageObject","inLanguage":"es","@id":"https:\/\/www.euroresidentes.com\/salud\/andres-p-lloret\/#primaryimage","url":"https:\/\/www.euroresidentes.com\/salud\/wp-content\/uploads\/2016\/03\/andy.png","contentUrl":"https:\/\/www.euroresidentes.com\/salud\/wp-content\/uploads\/2016\/03\/andy.png","width":436,"height":427,"caption":"Andr\u00e9s P. Lloret"},{"@type":"BreadcrumbList","@id":"https:\/\/www.euroresidentes.com\/salud\/andres-p-lloret\/#breadcrumb","itemListElement":[{"@type":"ListItem","position":1,"name":"Portada","item":"https:\/\/www.euroresidentes.com\/salud\/"},{"@type":"ListItem","position":2,"name":"Andr\u00e9s P. Lloret"}]},{"@type":"WebSite","@id":"https:\/\/www.euroresidentes.com\/salud\/#website","url":"https:\/\/www.euroresidentes.com\/salud\/","name":"Salud","description":"Consejos para el cuidado de la salud, vida sana, h\u00e1bitos saludables","potentialAction":[{"@type":"SearchAction","target":{"@type":"EntryPoint","urlTemplate":"https:\/\/www.euroresidentes.com\/salud\/?s={search_term_string}"},"query-input":{"@type":"PropertyValueSpecification","valueRequired":true,"valueName":"search_term_string"}}],"inLanguage":"es"}]}},"_links":{"self":[{"href":"https:\/\/www.euroresidentes.com\/salud\/wp-json\/wp\/v2\/pages\/36","targetHints":{"allow":["GET"]}}],"collection":[{"href":"https:\/\/www.euroresidentes.com\/salud\/wp-json\/wp\/v2\/pages"}],"about":[{"href":"https:\/\/www.euroresidentes.com\/salud\/wp-json\/wp\/v2\/types\/page"}],"author":[{"embeddable":true,"href":"https:\/\/www.euroresidentes.com\/salud\/wp-json\/wp\/v2\/users\/1"}],"replies":[{"embeddable":true,"href":"https:\/\/www.euroresidentes.com\/salud\/wp-json\/wp\/v2\/comments?post=36"}],"version-history":[{"count":4,"href":"https:\/\/www.euroresidentes.com\/salud\/wp-json\/wp\/v2\/pages\/36\/revisions"}],"predecessor-version":[{"id":228,"href":"https:\/\/www.euroresidentes.com\/salud\/wp-json\/wp\/v2\/pages\/36\/revisions\/228"}],"wp:attachment":[{"href":"https:\/\/www.euroresidentes.com\/salud\/wp-json\/wp\/v2\/media?parent=36"}],"curies":[{"name":"wp","href":"https:\/\/api.w.org\/{rel}","templated":true}]}}