 

{"version":"1.0","provider_name":"Salud","provider_url":"https:\/\/www.euroresidentes.com\/salud","author_name":"Raquel Pomares","author_url":"https:\/\/www.euroresidentes.com\/salud\/author\/raquel\/","title":"Aumento del vello facial en la menopausia - Salud","type":"rich","width":600,"height":338,"html":"<blockquote class=\"wp-embedded-content\" data-secret=\"1JbzCm8s4f\"><a href=\"https:\/\/www.euroresidentes.com\/salud\/aumento-vello-facial-en-menopausia\/\">Aumento del vello facial en la menopausia<\/a><\/blockquote><iframe sandbox=\"allow-scripts\" security=\"restricted\" src=\"https:\/\/www.euroresidentes.com\/salud\/aumento-vello-facial-en-menopausia\/embed\/#?secret=1JbzCm8s4f\" width=\"600\" height=\"338\" title=\"\u00abAumento del vello facial en la menopausia\u00bb \u2014 Salud\" data-secret=\"1JbzCm8s4f\" frameborder=\"0\" marginwidth=\"0\" marginheight=\"0\" scrolling=\"no\" class=\"wp-embedded-content\"><\/iframe><script type=\"text\/javascript\">\n\/* <![CDATA[ *\/\n\/*! This file is auto-generated *\/\n!function(d,l){\"use strict\";l.querySelector&&d.addEventListener&&\"undefined\"!=typeof URL&&(d.wp=d.wp||{},d.wp.receiveEmbedMessage||(d.wp.receiveEmbedMessage=function(e){var t=e.data;if((t||t.secret||t.message||t.value)&&!\/[^a-zA-Z0-9]\/.test(t.secret)){for(var s,r,n,a=l.querySelectorAll('iframe[data-secret=\"'+t.secret+'\"]'),o=l.querySelectorAll('blockquote[data-secret=\"'+t.secret+'\"]'),c=new RegExp(\"^https?:$\",\"i\"),i=0;i<o.length;i++)o[i].style.display=\"none\";for(i=0;i<a.length;i++)s=a[i],e.source===s.contentWindow&&(s.removeAttribute(\"style\"),\"height\"===t.message?(1e3<(r=parseInt(t.value,10))?r=1e3:~~r<200&&(r=200),s.height=r):\"link\"===t.message&&(r=new URL(s.getAttribute(\"src\")),n=new URL(t.value),c.test(n.protocol))&&n.host===r.host&&l.activeElement===s&&(d.top.location.href=t.value))}},d.addEventListener(\"message\",d.wp.receiveEmbedMessage,!1),l.addEventListener(\"DOMContentLoaded\",function(){for(var e,t,s=l.querySelectorAll(\"iframe.wp-embedded-content\"),r=0;r<s.length;r++)(t=(e=s[r]).getAttribute(\"data-secret\"))||(t=Math.random().toString(36).substring(2,12),e.src+=\"#?secret=\"+t,e.setAttribute(\"data-secret\",t)),e.contentWindow.postMessage({message:\"ready\",secret:t},\"*\")},!1)))}(window,document);\n\/* ]]> *\/\n<\/script>\n","thumbnail_url":"https:\/\/www.euroresidentes.com\/salud\/wp-content\/uploads\/2015\/03\/aumento-del-vello-facial-en-la-menopausia.jpg","thumbnail_width":600,"thumbnail_height":450,"description":"Menopausia y aumento de vello El vello facial no deseado es muy com\u00fan en las mujeres menop\u00e1usicas. Con el paso de los a\u00f1os muchas mujeres\u00a0comienzan a ver c\u00f3mo empiezan a aparecer cantidades variables de vello facial no deseado. Puede ser escaso y grueso o fino y difuso. El aumento en el vello facial en ocasiones tambi\u00e9n puede ir acompa\u00f1ado de un adelgazamiento del cabello. Te contamos las causas y qu\u00e9 puedes hacer para intentar solucionarlo. Cuesti\u00f3n de hormonas Durante la vida reproductiva de una mujer, los niveles de estr\u00f3genos han controlado los niveles de andr\u00f3genos que circulan en peque\u00f1as cantidades"}

Menopausia y aumento de vello El vello facial no deseado es muy común en las mujeres menopáusicas. Con el paso de los años muchas mujeres comienzan a ver cómo empiezan a aparecer cantidades variables de vello facial no deseado. Puede ser escaso y grueso o fino y difuso. El aumento en el vello facial en ocasiones también puede ir acompañado de un adelgazamiento del cabello. Te contamos las causas y qué puedes hacer para intentar solucionarlo. Cuestión de hormonas Durante la vida reproductiva de una mujer, los niveles de estrógenos han controlado los niveles de andrógenos que circulan en pequeñas cantidades
