 

{"version":"1.0","provider_name":"Salud hoy","provider_url":"https:\/\/www.euroresidentes.com\/salud\/salud-hoy","author_name":"Raquel Pomares","author_url":"https:\/\/www.euroresidentes.com\/salud\/salud-hoy\/author\/raquel\/","title":"Un nuevo tratamiento podr\u00eda detener la progresi\u00f3n del Alzheimer - Salud hoy","type":"rich","width":600,"height":338,"html":"<blockquote class=\"wp-embedded-content\" data-secret=\"V4ryYHYAX5\"><a href=\"https:\/\/www.euroresidentes.com\/salud\/salud-hoy\/un-nuevo-tratamiento-podria-detener-la\/\">Un nuevo tratamiento podr\u00eda detener la progresi\u00f3n del Alzheimer<\/a><\/blockquote><iframe sandbox=\"allow-scripts\" security=\"restricted\" src=\"https:\/\/www.euroresidentes.com\/salud\/salud-hoy\/un-nuevo-tratamiento-podria-detener-la\/embed\/#?secret=V4ryYHYAX5\" width=\"600\" height=\"338\" title=\"\u00abUn nuevo tratamiento podr\u00eda detener la progresi\u00f3n del Alzheimer\u00bb \u2014 Salud hoy\" data-secret=\"V4ryYHYAX5\" frameborder=\"0\" marginwidth=\"0\" marginheight=\"0\" scrolling=\"no\" class=\"wp-embedded-content\"><\/iframe><script type=\"text\/javascript\">\n\/* <![CDATA[ *\/\n\/*! This file is auto-generated *\/\n!function(d,l){\"use strict\";l.querySelector&&d.addEventListener&&\"undefined\"!=typeof URL&&(d.wp=d.wp||{},d.wp.receiveEmbedMessage||(d.wp.receiveEmbedMessage=function(e){var t=e.data;if((t||t.secret||t.message||t.value)&&!\/[^a-zA-Z0-9]\/.test(t.secret)){for(var s,r,n,a=l.querySelectorAll('iframe[data-secret=\"'+t.secret+'\"]'),o=l.querySelectorAll('blockquote[data-secret=\"'+t.secret+'\"]'),c=new RegExp(\"^https?:$\",\"i\"),i=0;i<o.length;i++)o[i].style.display=\"none\";for(i=0;i<a.length;i++)s=a[i],e.source===s.contentWindow&&(s.removeAttribute(\"style\"),\"height\"===t.message?(1e3<(r=parseInt(t.value,10))?r=1e3:~~r<200&&(r=200),s.height=r):\"link\"===t.message&&(r=new URL(s.getAttribute(\"src\")),n=new URL(t.value),c.test(n.protocol))&&n.host===r.host&&l.activeElement===s&&(d.top.location.href=t.value))}},d.addEventListener(\"message\",d.wp.receiveEmbedMessage,!1),l.addEventListener(\"DOMContentLoaded\",function(){for(var e,t,s=l.querySelectorAll(\"iframe.wp-embedded-content\"),r=0;r<s.length;r++)(t=(e=s[r]).getAttribute(\"data-secret\"))||(t=Math.random().toString(36).substring(2,12),e.src+=\"#?secret=\"+t,e.setAttribute(\"data-secret\",t)),e.contentWindow.postMessage({message:\"ready\",secret:t},\"*\")},!1)))}(window,document);\n\/* ]]> *\/\n<\/script>\n","thumbnail_url":"https:\/\/www.euroresidentes.com\/salud\/salud-hoy\/wp-content\/uploads\/sites\/9\/2015\/02\/nuevo-tratamiento-que-podr\u00eda-detener-la-progresion-de-la-enfermedad1.jpg","thumbnail_width":600,"thumbnail_height":450,"description":"Descubren una mol\u00e9cula que es capaz de interrumpir una etapa importante del desarrollo de la enfermedad de Alzheimer. Muchas funciones celulares son llevadas a cabo por prote\u00ednas plegadas cuidadosamente. Muchas veces para que las prote\u00ednas se plieguen de forma correcta es necesario que interact\u00faen con unas mol\u00e9culas llamadas chaperonas. Una de las caracter\u00edsticas clave del desarrollo de la enfermedad de Alzheimer y otras enfermedades degenerativas es la acumulaci\u00f3n de prote\u00ednas mal plegadas que forman lo que se conocen como fibrillas amiloides. Las fibrillas amiloides que se acumulan forman c\u00famulos t\u00f3xicos y ayudan a que la enfermedad se propague en el"}

Un nuevo tratamiento podría detener la progresión del Alzheimer - Salud hoy

<blockquote class="wp-embedded-content" data-secret="V4ryYHYAX5"><a href="https://www.euroresidentes.com/salud/salud-hoy/un-nuevo-tratamiento-podria-detener-la/">Un nuevo tratamiento podría detener la progresión del Alzheimer</a></blockquote><iframe sandbox="allow-scripts" security="restricted" src="https://www.euroresidentes.com/salud/salud-hoy/un-nuevo-tratamiento-podria-detener-la/embed/#?secret=V4ryYHYAX5" width="600" height="338" title="«Un nuevo tratamiento podría detener la progresión del Alzheimer» — Salud hoy" data-secret="V4ryYHYAX5" frameborder="0" marginwidth="0" marginheight="0" scrolling="no" class="wp-embedded-content"></iframe><script type="text/javascript">
/* <![CDATA[ */
/*! This file is auto-generated */
!function(d,l){"use strict";l.querySelector&&d.addEventListener&&"undefined"!=typeof URL&&(d.wp=d.wp||{},d.wp.receiveEmbedMessage||(d.wp.receiveEmbedMessage=function(e){var t=e.data;if((t||t.secret||t.message||t.value)&&!/[^a-zA-Z0-9]/.test(t.secret)){for(var s,r,n,a=l.querySelectorAll('iframe[data-secret="'+t.secret+'"]'),o=l.querySelectorAll('blockquote[data-secret="'+t.secret+'"]'),c=new RegExp("^https?:$","i"),i=0;i<o.length;i++)o[i].style.display="none";for(i=0;i<a.length;i++)s=a[i],e.source===s.contentWindow&&(s.removeAttribute("style"),"height"===t.message?(1e3<(r=parseInt(t.value,10))?r=1e3:~~r<200&&(r=200),s.height=r):"link"===t.message&&(r=new URL(s.getAttribute("src")),n=new URL(t.value),c.test(n.protocol))&&n.host===r.host&&l.activeElement===s&&(d.top.location.href=t.value))}},d.addEventListener("message",d.wp.receiveEmbedMessage,!1),l.addEventListener("DOMContentLoaded",function(){for(var e,t,s=l.querySelectorAll("iframe.wp-embedded-content"),r=0;r<s.length;r++)(t=(e=s[r]).getAttribute("data-secret"))||(t=Math.random().toString(36).substring(2,12),e.src+="#?secret="+t,e.setAttribute("data-secret",t)),e.contentWindow.postMessage({message:"ready",secret:t},"*")},!1)))}(window,document);
/* ]]> */
</script>

https://www.euroresidentes.com/salud/salud-hoy/wp-content/uploads/sites/9/2015/02/nuevo-tratamiento-que-podría-detener-la-progresion-de-la-enfermedad1.jpg

Descubren una molécula que es capaz de interrumpir una etapa importante del desarrollo de la enfermedad de Alzheimer. Muchas funciones celulares son llevadas a cabo por proteínas plegadas cuidadosamente. Muchas veces para que las proteínas se plieguen de forma correcta es necesario que interactúen con unas moléculas llamadas chaperonas. Una de las características clave del desarrollo de la enfermedad de Alzheimer y otras enfermedades degenerativas es la acumulación de proteínas mal plegadas que forman lo que se conocen como fibrillas amiloides. Las fibrillas amiloides que se acumulan forman cúmulos tóxicos y ayudan a que la enfermedad se propague en el
