{"version":"1.0","provider_name":"Noticias vivienda","provider_url":"https:\/\/www.euroresidentes.com\/hogar\/noticias-vivienda","author_name":"Euroresidentes","author_url":"https:\/\/www.euroresidentes.com\/hogar\/noticias-vivienda\/author\/euroresidentes\/","title":"Vivienda de protecci\u00f3n oficial en Santander - Noticias vivienda","type":"rich","width":600,"height":338,"html":"<blockquote class=\"wp-embedded-content\" data-secret=\"4RlCYx7wug\"><a href=\"https:\/\/www.euroresidentes.com\/hogar\/noticias-vivienda\/vivienda-de-proteccin-oficial-en\/\">Vivienda de protecci\u00f3n oficial en Santander<\/a><\/blockquote><iframe sandbox=\"allow-scripts\" security=\"restricted\" src=\"https:\/\/www.euroresidentes.com\/hogar\/noticias-vivienda\/vivienda-de-proteccin-oficial-en\/embed\/#?secret=4RlCYx7wug\" width=\"600\" height=\"338\" title=\"\u00abVivienda de protecci\u00f3n oficial en Santander\u00bb \u2014 Noticias vivienda\" data-secret=\"4RlCYx7wug\" frameborder=\"0\" marginwidth=\"0\" marginheight=\"0\" scrolling=\"no\" class=\"wp-embedded-content\"><\/iframe><script type=\"text\/javascript\">\n\/* <![CDATA[ *\/\n\/*! This file is auto-generated *\/\n!function(d,l){\"use strict\";l.querySelector&&d.addEventListener&&\"undefined\"!=typeof URL&&(d.wp=d.wp||{},d.wp.receiveEmbedMessage||(d.wp.receiveEmbedMessage=function(e){var t=e.data;if((t||t.secret||t.message||t.value)&&!\/[^a-zA-Z0-9]\/.test(t.secret)){for(var s,r,n,a=l.querySelectorAll('iframe[data-secret=\"'+t.secret+'\"]'),o=l.querySelectorAll('blockquote[data-secret=\"'+t.secret+'\"]'),c=new RegExp(\"^https?:$\",\"i\"),i=0;i<o.length;i++)o[i].style.display=\"none\";for(i=0;i<a.length;i++)s=a[i],e.source===s.contentWindow&&(s.removeAttribute(\"style\"),\"height\"===t.message?(1e3<(r=parseInt(t.value,10))?r=1e3:~~r<200&&(r=200),s.height=r):\"link\"===t.message&&(r=new URL(s.getAttribute(\"src\")),n=new URL(t.value),c.test(n.protocol))&&n.host===r.host&&l.activeElement===s&&(d.top.location.href=t.value))}},d.addEventListener(\"message\",d.wp.receiveEmbedMessage,!1),l.addEventListener(\"DOMContentLoaded\",function(){for(var e,t,s=l.querySelectorAll(\"iframe.wp-embedded-content\"),r=0;r<s.length;r++)(t=(e=s[r]).getAttribute(\"data-secret\"))||(t=Math.random().toString(36).substring(2,12),e.src+=\"#?secret=\"+t,e.setAttribute(\"data-secret\",t)),e.contentWindow.postMessage({message:\"ready\",secret:t},\"*\")},!1)))}(window,document);\n\/* ]]> *\/\n<\/script>\n","description":"La ministra de Vivienda y el presidente de la Comunidad de Cantabria han entregado 472 viviendas de protecci\u00f3n oficial (la llamada hoy protecci\u00f3n p\u00fablica) de r\u00e9gimen especial que el Gobierno regional(Gesvican), ha ejecutado en Nueva Monta\u00f1a. LA ministra Trujillo se\u00f1al\u00f3 que \u201clos propietarios de esas viviendas han podido acceder a ellas a un precio muy inferior al del mercado libre\u201d. El precio medio de las 472 viviendas entregadas es de 57.450 euros cuando la Nota del Ministerio se\u00f1ala queuna vivienda libre en Santander de parecidas caracter\u00edsticas oscila entre 120 y 150.000 euros. Ayudas del Misnisterio de Vivienda Las ayudas establecidas"}

Vivienda de protección oficial en Santander - Noticias vivienda

<blockquote class="wp-embedded-content" data-secret="4RlCYx7wug"><a href="https://www.euroresidentes.com/hogar/noticias-vivienda/vivienda-de-proteccin-oficial-en/">Vivienda de protección oficial en Santander</a></blockquote><iframe sandbox="allow-scripts" security="restricted" src="https://www.euroresidentes.com/hogar/noticias-vivienda/vivienda-de-proteccin-oficial-en/embed/#?secret=4RlCYx7wug" width="600" height="338" title="«Vivienda de protección oficial en Santander» — Noticias vivienda" data-secret="4RlCYx7wug" frameborder="0" marginwidth="0" marginheight="0" scrolling="no" class="wp-embedded-content"></iframe><script type="text/javascript">
/* <![CDATA[ */
/*! This file is auto-generated */
!function(d,l){"use strict";l.querySelector&&d.addEventListener&&"undefined"!=typeof URL&&(d.wp=d.wp||{},d.wp.receiveEmbedMessage||(d.wp.receiveEmbedMessage=function(e){var t=e.data;if((t||t.secret||t.message||t.value)&&!/[^a-zA-Z0-9]/.test(t.secret)){for(var s,r,n,a=l.querySelectorAll('iframe[data-secret="'+t.secret+'"]'),o=l.querySelectorAll('blockquote[data-secret="'+t.secret+'"]'),c=new RegExp("^https?:$","i"),i=0;i<o.length;i++)o[i].style.display="none";for(i=0;i<a.length;i++)s=a[i],e.source===s.contentWindow&&(s.removeAttribute("style"),"height"===t.message?(1e3<(r=parseInt(t.value,10))?r=1e3:~~r<200&&(r=200),s.height=r):"link"===t.message&&(r=new URL(s.getAttribute("src")),n=new URL(t.value),c.test(n.protocol))&&n.host===r.host&&l.activeElement===s&&(d.top.location.href=t.value))}},d.addEventListener("message",d.wp.receiveEmbedMessage,!1),l.addEventListener("DOMContentLoaded",function(){for(var e,t,s=l.querySelectorAll("iframe.wp-embedded-content"),r=0;r<s.length;r++)(t=(e=s[r]).getAttribute("data-secret"))||(t=Math.random().toString(36).substring(2,12),e.src+="#?secret="+t,e.setAttribute("data-secret",t)),e.contentWindow.postMessage({message:"ready",secret:t},"*")},!1)))}(window,document);
/* ]]> */
</script>

La ministra de Vivienda y el presidente de la Comunidad de Cantabria han entregado 472 viviendas de protección oficial (la llamada hoy protección pública) de régimen especial que el Gobierno regional(Gesvican), ha ejecutado en Nueva Montaña. LA ministra Trujillo señaló que “los propietarios de esas viviendas han podido acceder a ellas a un precio muy inferior al del mercado libre”. El precio medio de las 472 viviendas entregadas es de 57.450 euros cuando la Nota del Ministerio señala queuna vivienda libre en Santander de parecidas características oscila entre 120 y 150.000 euros. Ayudas del Misnisterio de Vivienda Las ayudas establecidas
