{"version":"1.0","provider_name":"Noticias vivienda","provider_url":"https:\/\/www.euroresidentes.com\/hogar\/noticias-vivienda","author_name":"Euroresidentes","author_url":"https:\/\/www.euroresidentes.com\/hogar\/noticias-vivienda\/author\/euroresidentes\/","title":"\u00bfNecesitamos convocar una junta para despedir al portero de un edificio? - Noticias vivienda","type":"rich","width":600,"height":338,"html":"<blockquote class=\"wp-embedded-content\" data-secret=\"Zv4Y1ppRwF\"><a href=\"https:\/\/www.euroresidentes.com\/hogar\/noticias-vivienda\/necesitamos-convocar-una-junta-para\/\">\u00bfNecesitamos convocar una junta para despedir al portero de un edificio?<\/a><\/blockquote><iframe sandbox=\"allow-scripts\" security=\"restricted\" src=\"https:\/\/www.euroresidentes.com\/hogar\/noticias-vivienda\/necesitamos-convocar-una-junta-para\/embed\/#?secret=Zv4Y1ppRwF\" width=\"600\" height=\"338\" title=\"\u00ab\u00bfNecesitamos convocar una junta para despedir al portero de un edificio?\u00bb \u2014 Noticias vivienda\" data-secret=\"Zv4Y1ppRwF\" frameborder=\"0\" marginwidth=\"0\" marginheight=\"0\" scrolling=\"no\" class=\"wp-embedded-content\"><\/iframe><script type=\"text\/javascript\">\n\/* <![CDATA[ *\/\n\/*! This file is auto-generated *\/\n!function(d,l){\"use strict\";l.querySelector&&d.addEventListener&&\"undefined\"!=typeof URL&&(d.wp=d.wp||{},d.wp.receiveEmbedMessage||(d.wp.receiveEmbedMessage=function(e){var t=e.data;if((t||t.secret||t.message||t.value)&&!\/[^a-zA-Z0-9]\/.test(t.secret)){for(var s,r,n,a=l.querySelectorAll('iframe[data-secret=\"'+t.secret+'\"]'),o=l.querySelectorAll('blockquote[data-secret=\"'+t.secret+'\"]'),c=new RegExp(\"^https?:$\",\"i\"),i=0;i<o.length;i++)o[i].style.display=\"none\";for(i=0;i<a.length;i++)s=a[i],e.source===s.contentWindow&&(s.removeAttribute(\"style\"),\"height\"===t.message?(1e3<(r=parseInt(t.value,10))?r=1e3:~~r<200&&(r=200),s.height=r):\"link\"===t.message&&(r=new URL(s.getAttribute(\"src\")),n=new URL(t.value),c.test(n.protocol))&&n.host===r.host&&l.activeElement===s&&(d.top.location.href=t.value))}},d.addEventListener(\"message\",d.wp.receiveEmbedMessage,!1),l.addEventListener(\"DOMContentLoaded\",function(){for(var e,t,s=l.querySelectorAll(\"iframe.wp-embedded-content\"),r=0;r<s.length;r++)(t=(e=s[r]).getAttribute(\"data-secret\"))||(t=Math.random().toString(36).substring(2,12),e.src+=\"#?secret=\"+t,e.setAttribute(\"data-secret\",t)),e.contentWindow.postMessage({message:\"ready\",secret:t},\"*\")},!1)))}(window,document);\n\/* ]]> *\/\n<\/script>\n","thumbnail_url":"https:\/\/www.euroresidentes.com\/hogar\/noticias-vivienda\/wp-content\/uploads\/sites\/9\/2014\/06\/201406-Portero-del-edificio.jpg","thumbnail_width":300,"thumbnail_height":300,"description":"Rafael viene esta ma\u00f1ana al despacho para comentarnos su caso: en su Comunidad quieren proceder al despido del conserje porque no est\u00e1n contentos con el trabajo que ha venido desarrollando en los \u00faltimos meses. A pesar de las advertencias que ha recibido, dos de ellas por escrito, el empleado no ha corregido su conducta. Este propietario nos plantea: \u00bfPuedo yo, como Presidente de la Comunidad, despedir al portero? Borrando de nuestra mente la imagen entra\u00f1able de Chus Lampreave en \u00abMujeres al Borde de un Ataque de Nervios\u00bb, le aconsejamos que en ning\u00fan caso proceda \u00e9l, de manera unilateral, a rescindir"}

Rafael viene esta mañana al despacho para comentarnos su caso: en su Comunidad quieren proceder al despido del conserje porque no están contentos con el trabajo que ha venido desarrollando en los últimos meses. A pesar de las advertencias que ha recibido, dos de ellas por escrito, el empleado no ha corregido su conducta. Este propietario nos plantea: ¿Puedo yo, como Presidente de la Comunidad, despedir al portero? Borrando de nuestra mente la imagen entrañable de Chus Lampreave en «Mujeres al Borde de un Ataque de Nervios», le aconsejamos que en ningún caso proceda él, de manera unilateral, a rescindir
