{"version":"1.0","provider_name":"Noticias vivienda","provider_url":"https:\/\/www.euroresidentes.com\/hogar\/noticias-vivienda","author_name":"Euroresidentes","author_url":"https:\/\/www.euroresidentes.com\/hogar\/noticias-vivienda\/author\/euroresidentes\/","title":"Deducciones fiscales para alquiler de vivienda - Noticias vivienda","type":"rich","width":600,"height":338,"html":"<blockquote class=\"wp-embedded-content\" data-secret=\"4FeSArcFiM\"><a href=\"https:\/\/www.euroresidentes.com\/hogar\/noticias-vivienda\/deducciones-fiscales-para-alquiler-de\/\">Deducciones fiscales para alquiler de vivienda<\/a><\/blockquote><iframe sandbox=\"allow-scripts\" security=\"restricted\" src=\"https:\/\/www.euroresidentes.com\/hogar\/noticias-vivienda\/deducciones-fiscales-para-alquiler-de\/embed\/#?secret=4FeSArcFiM\" width=\"600\" height=\"338\" title=\"\u00abDeducciones fiscales para alquiler de vivienda\u00bb \u2014 Noticias vivienda\" data-secret=\"4FeSArcFiM\" frameborder=\"0\" marginwidth=\"0\" marginheight=\"0\" scrolling=\"no\" class=\"wp-embedded-content\"><\/iframe><script type=\"text\/javascript\">\n\/* <![CDATA[ *\/\n\/*! This file is auto-generated *\/\n!function(d,l){\"use strict\";l.querySelector&&d.addEventListener&&\"undefined\"!=typeof URL&&(d.wp=d.wp||{},d.wp.receiveEmbedMessage||(d.wp.receiveEmbedMessage=function(e){var t=e.data;if((t||t.secret||t.message||t.value)&&!\/[^a-zA-Z0-9]\/.test(t.secret)){for(var s,r,n,a=l.querySelectorAll('iframe[data-secret=\"'+t.secret+'\"]'),o=l.querySelectorAll('blockquote[data-secret=\"'+t.secret+'\"]'),c=new RegExp(\"^https?:$\",\"i\"),i=0;i<o.length;i++)o[i].style.display=\"none\";for(i=0;i<a.length;i++)s=a[i],e.source===s.contentWindow&&(s.removeAttribute(\"style\"),\"height\"===t.message?(1e3<(r=parseInt(t.value,10))?r=1e3:~~r<200&&(r=200),s.height=r):\"link\"===t.message&&(r=new URL(s.getAttribute(\"src\")),n=new URL(t.value),c.test(n.protocol))&&n.host===r.host&&l.activeElement===s&&(d.top.location.href=t.value))}},d.addEventListener(\"message\",d.wp.receiveEmbedMessage,!1),l.addEventListener(\"DOMContentLoaded\",function(){for(var e,t,s=l.querySelectorAll(\"iframe.wp-embedded-content\"),r=0;r<s.length;r++)(t=(e=s[r]).getAttribute(\"data-secret\"))||(t=Math.random().toString(36).substring(2,12),e.src+=\"#?secret=\"+t,e.setAttribute(\"data-secret\",t)),e.contentWindow.postMessage({message:\"ready\",secret:t},\"*\")},!1)))}(window,document);\n\/* ]]> *\/\n<\/script>\n","description":"La Ministra de la Vivienda concedi\u00f3 ayer 25 de enero una entrevista a Tele 5 reafirmando algunas de sus intervenciones de los \u00faltimos meses. Sin embargo, no acabamos de ver claro su postura y la del Vicepresidente Solbes. Mientras que Solbes no se muestra ni mucho menos entusiasmado con las deducciones, la Ministra parece que opta por las mismas, incluso para los alquileres de vivienda. Deducciones fiscales para alquiler Una de las novedades es que su Ministerio apuesta por introducir deducciones al alquiler de pisos. Trujillo asegur\u00f3 adem\u00e1s que no desaparecer\u00e1n las desgravaciones fiscales a la compra para los propietarios"}

La Ministra de la Vivienda concedió ayer 25 de enero una entrevista a Tele 5 reafirmando algunas de sus intervenciones de los últimos meses. Sin embargo, no acabamos de ver claro su postura y la del Vicepresidente Solbes. Mientras que Solbes no se muestra ni mucho menos entusiasmado con las deducciones, la Ministra parece que opta por las mismas, incluso para los alquileres de vivienda. Deducciones fiscales para alquiler Una de las novedades es que su Ministerio apuesta por introducir deducciones al alquiler de pisos. Trujillo aseguró además que no desaparecerán las desgravaciones fiscales a la compra para los propietarios
