{"version":"1.0","provider_name":"Noticias vivienda","provider_url":"https:\/\/www.euroresidentes.com\/hogar\/noticias-vivienda","author_name":"Euroresidentes","author_url":"https:\/\/www.euroresidentes.com\/hogar\/noticias-vivienda\/author\/euroresidentes\/","title":"Comunidades Aut\u00f3nomas y Plan de Vivienda - Noticias vivienda","type":"rich","width":600,"height":338,"html":"<blockquote class=\"wp-embedded-content\" data-secret=\"KviiELTGoV\"><a href=\"https:\/\/www.euroresidentes.com\/hogar\/noticias-vivienda\/comunidades-autnomas-y-plan-de\/\">Comunidades Aut\u00f3nomas y Plan de Vivienda<\/a><\/blockquote><iframe sandbox=\"allow-scripts\" security=\"restricted\" src=\"https:\/\/www.euroresidentes.com\/hogar\/noticias-vivienda\/comunidades-autnomas-y-plan-de\/embed\/#?secret=KviiELTGoV\" width=\"600\" height=\"338\" title=\"\u00abComunidades Aut\u00f3nomas y Plan de Vivienda\u00bb \u2014 Noticias vivienda\" data-secret=\"KviiELTGoV\" frameborder=\"0\" marginwidth=\"0\" marginheight=\"0\" scrolling=\"no\" class=\"wp-embedded-content\"><\/iframe><script type=\"text\/javascript\">\n\/* <![CDATA[ *\/\n\/*! This file is auto-generated *\/\n!function(d,l){\"use strict\";l.querySelector&&d.addEventListener&&\"undefined\"!=typeof URL&&(d.wp=d.wp||{},d.wp.receiveEmbedMessage||(d.wp.receiveEmbedMessage=function(e){var t=e.data;if((t||t.secret||t.message||t.value)&&!\/[^a-zA-Z0-9]\/.test(t.secret)){for(var s,r,n,a=l.querySelectorAll('iframe[data-secret=\"'+t.secret+'\"]'),o=l.querySelectorAll('blockquote[data-secret=\"'+t.secret+'\"]'),c=new RegExp(\"^https?:$\",\"i\"),i=0;i<o.length;i++)o[i].style.display=\"none\";for(i=0;i<a.length;i++)s=a[i],e.source===s.contentWindow&&(s.removeAttribute(\"style\"),\"height\"===t.message?(1e3<(r=parseInt(t.value,10))?r=1e3:~~r<200&&(r=200),s.height=r):\"link\"===t.message&&(r=new URL(s.getAttribute(\"src\")),n=new URL(t.value),c.test(n.protocol))&&n.host===r.host&&l.activeElement===s&&(d.top.location.href=t.value))}},d.addEventListener(\"message\",d.wp.receiveEmbedMessage,!1),l.addEventListener(\"DOMContentLoaded\",function(){for(var e,t,s=l.querySelectorAll(\"iframe.wp-embedded-content\"),r=0;r<s.length;r++)(t=(e=s[r]).getAttribute(\"data-secret\"))||(t=Math.random().toString(36).substring(2,12),e.src+=\"#?secret=\"+t,e.setAttribute(\"data-secret\",t)),e.contentWindow.postMessage({message:\"ready\",secret:t},\"*\")},!1)))}(window,document);\n\/* ]]> *\/\n<\/script>\n","description":"Se entra en la fase final para la aprobaci\u00f3n final del Plan de Vivienda 2005 -2008. Sin duda, las competencias territoriales de las comunidades aut\u00f3nomas y otros entes locales sobre vivienda hacen necesaria una coordinaci\u00f3n y consulta previa, sin que sepamos el alcance de esta. Seg\u00fan nota de presa del Ministerio, hoy 23 de junio de 2005 los directores generales de Vivienda de las CC.AA. se han reunido con el Director General del Ministerio. La reuni\u00f3n, de car\u00e1cter t\u00e9cnico, ha estado presidida por el Secretario General del Ministerio de Vivienda. En dicha reuni\u00f3n se han seguido analizando las alegaciones propuestas"}

Comunidades Autónomas y Plan de Vivienda - Noticias vivienda

<blockquote class="wp-embedded-content" data-secret="KviiELTGoV"><a href="https://www.euroresidentes.com/hogar/noticias-vivienda/comunidades-autnomas-y-plan-de/">Comunidades Autónomas y Plan de Vivienda</a></blockquote><iframe sandbox="allow-scripts" security="restricted" src="https://www.euroresidentes.com/hogar/noticias-vivienda/comunidades-autnomas-y-plan-de/embed/#?secret=KviiELTGoV" width="600" height="338" title="«Comunidades Autónomas y Plan de Vivienda» — Noticias vivienda" data-secret="KviiELTGoV" frameborder="0" marginwidth="0" marginheight="0" scrolling="no" class="wp-embedded-content"></iframe><script type="text/javascript">
/* <![CDATA[ */
/*! This file is auto-generated */
!function(d,l){"use strict";l.querySelector&&d.addEventListener&&"undefined"!=typeof URL&&(d.wp=d.wp||{},d.wp.receiveEmbedMessage||(d.wp.receiveEmbedMessage=function(e){var t=e.data;if((t||t.secret||t.message||t.value)&&!/[^a-zA-Z0-9]/.test(t.secret)){for(var s,r,n,a=l.querySelectorAll('iframe[data-secret="'+t.secret+'"]'),o=l.querySelectorAll('blockquote[data-secret="'+t.secret+'"]'),c=new RegExp("^https?:$","i"),i=0;i<o.length;i++)o[i].style.display="none";for(i=0;i<a.length;i++)s=a[i],e.source===s.contentWindow&&(s.removeAttribute("style"),"height"===t.message?(1e3<(r=parseInt(t.value,10))?r=1e3:~~r<200&&(r=200),s.height=r):"link"===t.message&&(r=new URL(s.getAttribute("src")),n=new URL(t.value),c.test(n.protocol))&&n.host===r.host&&l.activeElement===s&&(d.top.location.href=t.value))}},d.addEventListener("message",d.wp.receiveEmbedMessage,!1),l.addEventListener("DOMContentLoaded",function(){for(var e,t,s=l.querySelectorAll("iframe.wp-embedded-content"),r=0;r<s.length;r++)(t=(e=s[r]).getAttribute("data-secret"))||(t=Math.random().toString(36).substring(2,12),e.src+="#?secret="+t,e.setAttribute("data-secret",t)),e.contentWindow.postMessage({message:"ready",secret:t},"*")},!1)))}(window,document);
/* ]]> */
</script>

Se entra en la fase final para la aprobación final del Plan de Vivienda 2005 -2008. Sin duda, las competencias territoriales de las comunidades autónomas y otros entes locales sobre vivienda hacen necesaria una coordinación y consulta previa, sin que sepamos el alcance de esta. Según nota de presa del Ministerio, hoy 23 de junio de 2005 los directores generales de Vivienda de las CC.AA. se han reunido con el Director General del Ministerio. La reunión, de carácter técnico, ha estado presidida por el Secretario General del Ministerio de Vivienda. En dicha reunión se han seguido analizando las alegaciones propuestas
