{"version":"1.0","provider_name":"Noticias vivienda","provider_url":"https:\/\/www.euroresidentes.com\/hogar\/noticias-vivienda","author_name":"Euroresidentes","author_url":"https:\/\/www.euroresidentes.com\/hogar\/noticias-vivienda\/author\/euroresidentes\/","title":"Arquitectos y rehabilitaci\u00f3n de vivienda - Noticias vivienda","type":"rich","width":600,"height":338,"html":"<blockquote class=\"wp-embedded-content\" data-secret=\"cYSxbJ4Qec\"><a href=\"https:\/\/www.euroresidentes.com\/hogar\/noticias-vivienda\/arquitectos-y-rehabilitacin-de\/\">Arquitectos y rehabilitaci\u00f3n de vivienda<\/a><\/blockquote><iframe sandbox=\"allow-scripts\" security=\"restricted\" src=\"https:\/\/www.euroresidentes.com\/hogar\/noticias-vivienda\/arquitectos-y-rehabilitacin-de\/embed\/#?secret=cYSxbJ4Qec\" width=\"600\" height=\"338\" title=\"\u00abArquitectos y rehabilitaci\u00f3n de vivienda\u00bb \u2014 Noticias vivienda\" data-secret=\"cYSxbJ4Qec\" frameborder=\"0\" marginwidth=\"0\" marginheight=\"0\" scrolling=\"no\" class=\"wp-embedded-content\"><\/iframe><script type=\"text\/javascript\">\n\/* <![CDATA[ *\/\n\/*! This file is auto-generated *\/\n!function(d,l){\"use strict\";l.querySelector&&d.addEventListener&&\"undefined\"!=typeof URL&&(d.wp=d.wp||{},d.wp.receiveEmbedMessage||(d.wp.receiveEmbedMessage=function(e){var t=e.data;if((t||t.secret||t.message||t.value)&&!\/[^a-zA-Z0-9]\/.test(t.secret)){for(var s,r,n,a=l.querySelectorAll('iframe[data-secret=\"'+t.secret+'\"]'),o=l.querySelectorAll('blockquote[data-secret=\"'+t.secret+'\"]'),c=new RegExp(\"^https?:$\",\"i\"),i=0;i<o.length;i++)o[i].style.display=\"none\";for(i=0;i<a.length;i++)s=a[i],e.source===s.contentWindow&&(s.removeAttribute(\"style\"),\"height\"===t.message?(1e3<(r=parseInt(t.value,10))?r=1e3:~~r<200&&(r=200),s.height=r):\"link\"===t.message&&(r=new URL(s.getAttribute(\"src\")),n=new URL(t.value),c.test(n.protocol))&&n.host===r.host&&l.activeElement===s&&(d.top.location.href=t.value))}},d.addEventListener(\"message\",d.wp.receiveEmbedMessage,!1),l.addEventListener(\"DOMContentLoaded\",function(){for(var e,t,s=l.querySelectorAll(\"iframe.wp-embedded-content\"),r=0;r<s.length;r++)(t=(e=s[r]).getAttribute(\"data-secret\"))||(t=Math.random().toString(36).substring(2,12),e.src+=\"#?secret=\"+t,e.setAttribute(\"data-secret\",t)),e.contentWindow.postMessage({message:\"ready\",secret:t},\"*\")},!1)))}(window,document);\n\/* ]]> *\/\n<\/script>\n","description":"Los arquitectos han querido hacer una llamada de atenci\u00f3n al gobierno para propiciar una racionalizaci\u00f3n de las actuaciones p\u00fablicas en materia de vivienda. Parece sensato advertir a la opini\u00f3n p\u00fablica que Espa\u00f1a no puede mantener su ritmo de construcci\u00f3n de m\u00e1s de 600.000 viviendas anuales. Capacidad del mercado aparte, los arquitectos consideran \u00abun despilfarro\u00bb econ\u00f3mico y energ\u00e9tico, la construcci\u00f3n desmedida y especulativa de vivienda nueva. La rehabilitaci\u00f3n de vivienda como alternativa La rehabilitaci\u00f3n de edificios supone una alternativa de racionalizaci\u00f3n al estado actual del mercado de la vivienda. Por esta raz\u00f3n, los arquitectos piden un Plan de Rehabilitaci\u00f3n y se\u00f1alan"}

Arquitectos y rehabilitación de vivienda - Noticias vivienda

<blockquote class="wp-embedded-content" data-secret="cYSxbJ4Qec"><a href="https://www.euroresidentes.com/hogar/noticias-vivienda/arquitectos-y-rehabilitacin-de/">Arquitectos y rehabilitación de vivienda</a></blockquote><iframe sandbox="allow-scripts" security="restricted" src="https://www.euroresidentes.com/hogar/noticias-vivienda/arquitectos-y-rehabilitacin-de/embed/#?secret=cYSxbJ4Qec" width="600" height="338" title="«Arquitectos y rehabilitación de vivienda» — Noticias vivienda" data-secret="cYSxbJ4Qec" frameborder="0" marginwidth="0" marginheight="0" scrolling="no" class="wp-embedded-content"></iframe><script type="text/javascript">
/* <![CDATA[ */
/*! This file is auto-generated */
!function(d,l){"use strict";l.querySelector&&d.addEventListener&&"undefined"!=typeof URL&&(d.wp=d.wp||{},d.wp.receiveEmbedMessage||(d.wp.receiveEmbedMessage=function(e){var t=e.data;if((t||t.secret||t.message||t.value)&&!/[^a-zA-Z0-9]/.test(t.secret)){for(var s,r,n,a=l.querySelectorAll('iframe[data-secret="'+t.secret+'"]'),o=l.querySelectorAll('blockquote[data-secret="'+t.secret+'"]'),c=new RegExp("^https?:$","i"),i=0;i<o.length;i++)o[i].style.display="none";for(i=0;i<a.length;i++)s=a[i],e.source===s.contentWindow&&(s.removeAttribute("style"),"height"===t.message?(1e3<(r=parseInt(t.value,10))?r=1e3:~~r<200&&(r=200),s.height=r):"link"===t.message&&(r=new URL(s.getAttribute("src")),n=new URL(t.value),c.test(n.protocol))&&n.host===r.host&&l.activeElement===s&&(d.top.location.href=t.value))}},d.addEventListener("message",d.wp.receiveEmbedMessage,!1),l.addEventListener("DOMContentLoaded",function(){for(var e,t,s=l.querySelectorAll("iframe.wp-embedded-content"),r=0;r<s.length;r++)(t=(e=s[r]).getAttribute("data-secret"))||(t=Math.random().toString(36).substring(2,12),e.src+="#?secret="+t,e.setAttribute("data-secret",t)),e.contentWindow.postMessage({message:"ready",secret:t},"*")},!1)))}(window,document);
/* ]]> */
</script>

Los arquitectos han querido hacer una llamada de atención al gobierno para propiciar una racionalización de las actuaciones públicas en materia de vivienda. Parece sensato advertir a la opinión pública que España no puede mantener su ritmo de construcción de más de 600.000 viviendas anuales. Capacidad del mercado aparte, los arquitectos consideran «un despilfarro» económico y energético, la construcción desmedida y especulativa de vivienda nueva. La rehabilitación de vivienda como alternativa La rehabilitación de edificios supone una alternativa de racionalización al estado actual del mercado de la vivienda. Por esta razón, los arquitectos piden un Plan de Rehabilitación y señalan
