{"id":583,"date":"2017-08-31T12:08:14","date_gmt":"2017-08-31T10:08:14","guid":{"rendered":"http:\/\/www.euroresidentes.com\/estilo-de-vida\/?page_id=583"},"modified":"2017-09-01T13:10:59","modified_gmt":"2017-09-01T11:10:59","slug":"carolina-lopez","status":"publish","type":"page","link":"https:\/\/www.euroresidentes.com\/estilo-de-vida\/carolina-lopez.html","title":{"rendered":"Carolina L\u00f3pez Egea"},"content":{"rendered":"<h3 style=\"text-align: left;\"><a href=\"https:\/\/www.euroresidentes.com\/estilo-de-vida\/wp-content\/uploads\/2016\/04\/carolina_ityis.jpg\"><img loading=\"lazy\" decoding=\"async\" class=\"aligncenter  wp-image-728\" src=\"https:\/\/www.euroresidentes.com\/estilo-de-vida\/wp-content\/uploads\/2016\/04\/carolina_ityis.jpg\" alt=\"carolina_ityis\" width=\"615\" height=\"461\" srcset=\"https:\/\/www.euroresidentes.com\/estilo-de-vida\/wp-content\/uploads\/2016\/04\/carolina_ityis.jpg 960w, https:\/\/www.euroresidentes.com\/estilo-de-vida\/wp-content\/uploads\/2016\/04\/carolina_ityis-300x225.jpg 300w\" sizes=\"auto, (max-width: 615px) 100vw, 615px\" \/><\/a><\/h3>\n<h2 style=\"text-align: center;\">9\u00a0<span style=\"font-size: 16px;\">Cosas sobre mi<\/span><\/h2>\n<p style=\"text-align: center;\">Hola, Soy Carolina\u00a0<\/p>\n<div>1. <strong>Vivo en Alicante<\/strong>, una de las mejores ciudades de <strong>Espa\u00f1a<\/strong>, por no decir la mejor. <strong>Si alguna vez me pierdo, <\/strong>estar\u00e9 aqu\u00ed al lado, en mi isla favorita,<strong> Ibiza.<\/strong><\/div>\n<div>\u00a0<\/div>\n<div>2. Soy <strong>Licenciada en Publicidad y RRPP<\/strong>\u00a0por la Universidad de Alicante, y <strong>trabajo para Ityis<\/strong> como\u00a0creadora de\u00a0contenido Web y community manager en Euroresidentes.com. El\u00a0proyecto en el que estoy trabajando actualmente\u00a0est\u00e1 relacionado con el <strong>aprendizaje autom\u00e1tico (IA), concretamente estamos creando\u00a0bots.<\/strong> Aqu\u00ed puedes disfrutarlo <a href=\"https:\/\/www.euroresidentes.com\/chatbot\/page\/index.html\">LOLABOT<\/a><\/div>\n<div>\u00a0<\/div>\n<div>3. <strong>Mi gran pasi\u00f3n es la moda<\/strong> (patronaje, confecci\u00f3n, tendencias&#8230;) y no descarto dedicarme a ello en alg\u00fan momento de mi vida.<\/div>\n<div>\u00a0<\/div>\n<div>4.\u00a0Soy toda una viajera,\u00a0o\u00a0mejor dicho,<strong>\u00a0una<\/strong><b>\u00a0turista excepcional.<\/b>\u00a0He podido conocer las Islas Maldivas, Nueva York, Sri Lanka, Emiratos \u00c1rabes, Italia&#8230; esto me ha aportado una visi\u00f3n mucho m\u00e1s amplia del mundo y me ha ense\u00f1ado a respetar y entender otras culturas.\u00a0<strong>Antes de morir espero poder conocer todos los rincones del mundo<\/strong><\/div>\n<div>\u00a0<\/div>\n<div>5. No concibo mi vida sin m\u00fasica. Da igual el estilo musical, <strong>me fascina\u00a0cantar y bailar,<\/strong>\u00a0en cualquier momento y lugar. Soy la t\u00edpica loca del coche de al lado que tiene montada su propia fiesta.<\/div>\n<div>\u00a0<\/div>\n<div>6. <strong>Disfruto experimentando en la cocina y comi\u00e9ndome todo lo que cocino<\/strong>, claro. Ahora me ha dado por la cocina asi\u00e1tica (currys, baos, pad thai&#8230;) pero puede que en dos d\u00edas sea otra cosa.<\/div>\n<div>\u00a0<\/div>\n<div>7. <strong>No soy una apasionada del deporte y la alimentaci\u00f3n sana<\/strong>, pero considero que son dos pilares muy importantes para conseguir un equilibrio en la vida. La vida es larga y tu cuerpo siempre ser\u00e1 el mismo, as\u00ed que cuid\u00e9moslo.\u00a0<\/div>\n<div>\u00a0<\/div>\n<div>8. Mi secreto (no tan secreto) es que soy fan incondicional del show\u00a0<em><strong>\u00abKeeping up\u00a0with the\u00a0Kardashians\u00bb<\/strong><\/em>. Si no tuviera la vida que tengo, que es fant\u00e1stica y maravillosa, me pedir\u00eda la vida de cualquiera de las hermanas Kardashian (\u00bf\u00bf\u00bfd\u00f3nde hay que firmar???)<\/div>\n<div>\u00a0<\/div>\n<div>9. Disfruto much\u00edsimo de mi soledad. Me gusta salir con mis amigas, compartir tiempo con mis padres y <strong>adoro estar sola y escuchar el silencio<\/strong>.<\/div>\n<div>\u00a0<\/div>\n<div>\u00a0<\/div>\n<div>\n<div><strong>Aqu\u00ed podr\u00e1s leerme \ud83d\ude09<\/strong><\/div>\n<div><a href=\"https:\/\/www.euroresidentes.com\/estilo-de-vida\/moda-estilo\/\" target=\"_blank\">MODA Y\u00a0ESTILO\u00a0<\/a><\/div>\n<div><a href=\"https:\/\/www.euroresidentes.com\/chatbot\/page\/index.html\">LOLA BOT<\/a><\/div>\n<\/div>\n","protected":false},"excerpt":{"rendered":"<p>9\u00a0Cosas sobre mi Hola, Soy Carolina\u00a0 1. Vivo en Alicante, una de las mejores ciudades de Espa\u00f1a, por no decir la mejor. Si alguna vez me pierdo, estar\u00e9 aqu\u00ed al lado, en mi isla favorita, Ibiza. \u00a0 2. Soy Licenciada en Publicidad y RRPP\u00a0por la Universidad de Alicante, y trabajo para Ityis como\u00a0creadora de\u00a0contenido Web y community manager en Euroresidentes.com. El\u00a0proyecto en el que estoy trabajando actualmente\u00a0est\u00e1 relacionado con el aprendizaje autom\u00e1tico (IA), concretamente estamos creando\u00a0bots. Aqu\u00ed puedes disfrutarlo LOLABOT \u00a0 3. Mi gran pasi\u00f3n es la moda (patronaje, confecci\u00f3n, tendencias&#8230;) y no descarto dedicarme a ello en alg\u00fan momento <\/p>\n","protected":false},"author":1,"featured_media":728,"parent":0,"menu_order":0,"comment_status":"closed","ping_status":"closed","template":"page-author.php","meta":{"footnotes":""},"class_list":["post-583","page","type-page","status-publish","has-post-thumbnail","hentry","has_thumb"],"yoast_head":"<!-- This site is optimized with the Yoast SEO plugin v24.1 - https:\/\/yoast.com\/wordpress\/plugins\/seo\/ -->\n<title>Estilo de vida<\/title>\n<meta name=\"robots\" content=\"index, follow, max-snippet:-1, max-image-preview:large, max-video-preview:-1\" \/>\n<link rel=\"canonical\" href=\"https:\/\/www.euroresidentes.com\/estilo-de-vida\/carolina-lopez.html\" \/>\n<meta property=\"og:locale\" content=\"es_ES\" \/>\n<meta property=\"og:type\" content=\"article\" \/>\n<meta property=\"og:title\" content=\"Estilo de vida\" \/>\n<meta property=\"og:url\" content=\"https:\/\/www.euroresidentes.com\/estilo-de-vida\/carolina-lopez.html\" \/>\n<meta property=\"og:site_name\" content=\"Estilo de vida\" \/>\n<meta property=\"article:modified_time\" content=\"2017-09-01T11:10:59+00:00\" \/>\n<meta property=\"og:image\" content=\"https:\/\/www.euroresidentes.com\/estilo-de-vida\/wp-content\/uploads\/2016\/04\/carolina_ityis.jpg\" \/>\n\t<meta property=\"og:image:width\" content=\"960\" \/>\n\t<meta property=\"og:image:height\" content=\"720\" \/>\n\t<meta property=\"og:image:type\" content=\"image\/jpeg\" \/>\n<meta name=\"twitter:card\" content=\"summary_large_image\" \/>\n<meta name=\"twitter:label1\" content=\"Est. reading time\" \/>\n\t<meta name=\"twitter:data1\" content=\"2 minutos\" \/>\n<script type=\"application\/ld+json\" class=\"yoast-schema-graph\">{\"@context\":\"https:\/\/schema.org\",\"@graph\":[{\"@type\":\"WebPage\",\"@id\":\"https:\/\/www.euroresidentes.com\/estilo-de-vida\/carolina-lopez.html\",\"url\":\"https:\/\/www.euroresidentes.com\/estilo-de-vida\/carolina-lopez.html\",\"name\":\"Estilo de vida\",\"isPartOf\":{\"@id\":\"https:\/\/www.euroresidentes.com\/estilo-de-vida\/#website\"},\"primaryImageOfPage\":{\"@id\":\"https:\/\/www.euroresidentes.com\/estilo-de-vida\/carolina-lopez.html#primaryimage\"},\"image\":{\"@id\":\"https:\/\/www.euroresidentes.com\/estilo-de-vida\/carolina-lopez.html#primaryimage\"},\"thumbnailUrl\":\"https:\/\/www.euroresidentes.com\/estilo-de-vida\/wp-content\/uploads\/2016\/04\/carolina_ityis.jpg\",\"datePublished\":\"2017-08-31T10:08:14+00:00\",\"dateModified\":\"2017-09-01T11:10:59+00:00\",\"breadcrumb\":{\"@id\":\"https:\/\/www.euroresidentes.com\/estilo-de-vida\/carolina-lopez.html#breadcrumb\"},\"inLanguage\":\"es\",\"potentialAction\":[{\"@type\":\"ReadAction\",\"target\":[\"https:\/\/www.euroresidentes.com\/estilo-de-vida\/carolina-lopez.html\"]}]},{\"@type\":\"ImageObject\",\"inLanguage\":\"es\",\"@id\":\"https:\/\/www.euroresidentes.com\/estilo-de-vida\/carolina-lopez.html#primaryimage\",\"url\":\"https:\/\/www.euroresidentes.com\/estilo-de-vida\/wp-content\/uploads\/2016\/04\/carolina_ityis.jpg\",\"contentUrl\":\"https:\/\/www.euroresidentes.com\/estilo-de-vida\/wp-content\/uploads\/2016\/04\/carolina_ityis.jpg\",\"width\":960,\"height\":720},{\"@type\":\"BreadcrumbList\",\"@id\":\"https:\/\/www.euroresidentes.com\/estilo-de-vida\/carolina-lopez.html#breadcrumb\",\"itemListElement\":[{\"@type\":\"ListItem\",\"position\":1,\"name\":\"Portada\",\"item\":\"https:\/\/www.euroresidentes.com\/estilo-de-vida\/\"},{\"@type\":\"ListItem\",\"position\":2,\"name\":\"Carolina L\u00f3pez Egea\"}]},{\"@type\":\"WebSite\",\"@id\":\"https:\/\/www.euroresidentes.com\/estilo-de-vida\/#website\",\"url\":\"https:\/\/www.euroresidentes.com\/estilo-de-vida\/\",\"name\":\"Estilo de vida\",\"description\":\"Blog sobre estilo de vida, moda, belleza, psicolog\u00eda, motivaci\u00f3n...\",\"potentialAction\":[{\"@type\":\"SearchAction\",\"target\":{\"@type\":\"EntryPoint\",\"urlTemplate\":\"https:\/\/www.euroresidentes.com\/estilo-de-vida\/?s={search_term_string}\"},\"query-input\":{\"@type\":\"PropertyValueSpecification\",\"valueRequired\":true,\"valueName\":\"search_term_string\"}}],\"inLanguage\":\"es\"}]}<\/script>\n<!-- \/ Yoast SEO plugin. -->","yoast_head_json":{"title":"Estilo de vida","robots":{"index":"index","follow":"follow","max-snippet":"max-snippet:-1","max-image-preview":"max-image-preview:large","max-video-preview":"max-video-preview:-1"},"canonical":"https:\/\/www.euroresidentes.com\/estilo-de-vida\/carolina-lopez.html","og_locale":"es_ES","og_type":"article","og_title":"Estilo de vida","og_url":"https:\/\/www.euroresidentes.com\/estilo-de-vida\/carolina-lopez.html","og_site_name":"Estilo de vida","article_modified_time":"2017-09-01T11:10:59+00:00","og_image":[{"width":960,"height":720,"url":"https:\/\/www.euroresidentes.com\/estilo-de-vida\/wp-content\/uploads\/2016\/04\/carolina_ityis.jpg","type":"image\/jpeg"}],"twitter_card":"summary_large_image","twitter_misc":{"Est. reading time":"2 minutos"},"schema":{"@context":"https:\/\/schema.org","@graph":[{"@type":"WebPage","@id":"https:\/\/www.euroresidentes.com\/estilo-de-vida\/carolina-lopez.html","url":"https:\/\/www.euroresidentes.com\/estilo-de-vida\/carolina-lopez.html","name":"Estilo de vida","isPartOf":{"@id":"https:\/\/www.euroresidentes.com\/estilo-de-vida\/#website"},"primaryImageOfPage":{"@id":"https:\/\/www.euroresidentes.com\/estilo-de-vida\/carolina-lopez.html#primaryimage"},"image":{"@id":"https:\/\/www.euroresidentes.com\/estilo-de-vida\/carolina-lopez.html#primaryimage"},"thumbnailUrl":"https:\/\/www.euroresidentes.com\/estilo-de-vida\/wp-content\/uploads\/2016\/04\/carolina_ityis.jpg","datePublished":"2017-08-31T10:08:14+00:00","dateModified":"2017-09-01T11:10:59+00:00","breadcrumb":{"@id":"https:\/\/www.euroresidentes.com\/estilo-de-vida\/carolina-lopez.html#breadcrumb"},"inLanguage":"es","potentialAction":[{"@type":"ReadAction","target":["https:\/\/www.euroresidentes.com\/estilo-de-vida\/carolina-lopez.html"]}]},{"@type":"ImageObject","inLanguage":"es","@id":"https:\/\/www.euroresidentes.com\/estilo-de-vida\/carolina-lopez.html#primaryimage","url":"https:\/\/www.euroresidentes.com\/estilo-de-vida\/wp-content\/uploads\/2016\/04\/carolina_ityis.jpg","contentUrl":"https:\/\/www.euroresidentes.com\/estilo-de-vida\/wp-content\/uploads\/2016\/04\/carolina_ityis.jpg","width":960,"height":720},{"@type":"BreadcrumbList","@id":"https:\/\/www.euroresidentes.com\/estilo-de-vida\/carolina-lopez.html#breadcrumb","itemListElement":[{"@type":"ListItem","position":1,"name":"Portada","item":"https:\/\/www.euroresidentes.com\/estilo-de-vida\/"},{"@type":"ListItem","position":2,"name":"Carolina L\u00f3pez Egea"}]},{"@type":"WebSite","@id":"https:\/\/www.euroresidentes.com\/estilo-de-vida\/#website","url":"https:\/\/www.euroresidentes.com\/estilo-de-vida\/","name":"Estilo de vida","description":"Blog sobre estilo de vida, moda, belleza, psicolog\u00eda, motivaci\u00f3n...","potentialAction":[{"@type":"SearchAction","target":{"@type":"EntryPoint","urlTemplate":"https:\/\/www.euroresidentes.com\/estilo-de-vida\/?s={search_term_string}"},"query-input":{"@type":"PropertyValueSpecification","valueRequired":true,"valueName":"search_term_string"}}],"inLanguage":"es"}]}},"_links":{"self":[{"href":"https:\/\/www.euroresidentes.com\/estilo-de-vida\/wp-json\/wp\/v2\/pages\/583","targetHints":{"allow":["GET"]}}],"collection":[{"href":"https:\/\/www.euroresidentes.com\/estilo-de-vida\/wp-json\/wp\/v2\/pages"}],"about":[{"href":"https:\/\/www.euroresidentes.com\/estilo-de-vida\/wp-json\/wp\/v2\/types\/page"}],"author":[{"embeddable":true,"href":"https:\/\/www.euroresidentes.com\/estilo-de-vida\/wp-json\/wp\/v2\/users\/1"}],"replies":[{"embeddable":true,"href":"https:\/\/www.euroresidentes.com\/estilo-de-vida\/wp-json\/wp\/v2\/comments?post=583"}],"version-history":[{"count":10,"href":"https:\/\/www.euroresidentes.com\/estilo-de-vida\/wp-json\/wp\/v2\/pages\/583\/revisions"}],"predecessor-version":[{"id":729,"href":"https:\/\/www.euroresidentes.com\/estilo-de-vida\/wp-json\/wp\/v2\/pages\/583\/revisions\/729"}],"wp:featuredmedia":[{"embeddable":true,"href":"https:\/\/www.euroresidentes.com\/estilo-de-vida\/wp-json\/wp\/v2\/media\/728"}],"wp:attachment":[{"href":"https:\/\/www.euroresidentes.com\/estilo-de-vida\/wp-json\/wp\/v2\/media?parent=583"}],"curies":[{"name":"wp","href":"https:\/\/api.w.org\/{rel}","templated":true}]}}