{"id":546,"date":"2016-02-09T08:38:22","date_gmt":"2016-02-09T08:38:22","guid":{"rendered":"http:\/\/www.euroresidentes.com\/estilo-de-vida\/?page_id=546"},"modified":"2016-07-14T10:57:47","modified_gmt":"2016-07-14T08:57:47","slug":"pascual-garcia-rubio","status":"publish","type":"page","link":"https:\/\/www.euroresidentes.com\/estilo-de-vida\/pascual-garcia-rubio.html","title":{"rendered":"Pascual Garc\u00eda Rubio"},"content":{"rendered":"<table class=\"tr-caption-container\" style=\"margin-left: auto; margin-right: auto; text-align: center;\" cellspacing=\"0\" cellpadding=\"0\" align=\"center\">\n<tbody>\n<tr>\n<td style=\"text-align: center;\"><a style=\"margin-left: auto; margin-right: auto;\" href=\"http:\/\/2.bp.blogspot.com\/-ui8nemQDZfM\/U2ioGfx_aoI\/AAAAAAAAADo\/kWNNy50ugSk\/s1600\/pascual.JPG\"><img loading=\"lazy\" decoding=\"async\" src=\"http:\/\/2.bp.blogspot.com\/-ui8nemQDZfM\/U2ioGfx_aoI\/AAAAAAAAADo\/kWNNy50ugSk\/s1600\/pascual.JPG\" alt=\"\" width=\"300\" height=\"400\" border=\"0\" \/><\/a><\/td>\n<\/tr>\n<tr>\n<td class=\"tr-caption\" style=\"text-align: center;\">Pascual a 6.189 metros Island Peak, Himalaya<\/td>\n<\/tr>\n<\/tbody>\n<\/table>\n<h3 style=\"text-align: center;\">11 Cosas sobre\u00a0m\u00ed<\/h3>\n<p>1. Me gustan las motos y pertenezco al Doc Ducati Levante desde el a\u00f1o 2005<\/p>\n<p>2. Mis amigos dicen que hago un magn\u00edfico Cous-Cous al cual se apuntan todos los a\u00f1os en invierno.<\/p>\n<p>3. Tengo la suerte de trabajar con personas, ya que mi trabajo consiste en intentar solucionar contracturas y lesiones musculares.<\/p>\n<p>4. El pico m\u00e1s alto que he subido es el Island Peak de 6200 mts, situado en el Himalaya del Nepal.<\/p>\n<p>5. Fui masajista de la Selecci\u00f3n Espa\u00f1ola de Gimnasia R\u00edtmica y de la Selecci\u00f3n Espa\u00f1ola de Salvamento y Socorrismo <\/p>\n<p>6. He hecho deporte de aventura en casi todos los pa\u00edses que he visitado y mis favoritos son: Argentina, Egipto, Islandia y Nueva Zelanda<\/p>\n<p>7. Mi lema es que la mente puede ayudar a ir m\u00e1s all\u00e1 de los l\u00edmites que nuestro cuerpo nos fija.<\/p>\n<p>8. Al lado de casa, en tu entorno, con una bici o andando, tienes tesoros y paisajes incre\u00edbles por descubrir. Solo tienes que salir ah\u00ed fuera y disfrutarlos. <\/p>\n<p>9. Pienso que la naturaleza ha moldeado una impresionante e infinita belleza que enriquece al ser humano. Etnias y culturas se unen a esta riqueza ense\u00f1\u00e1ndonos otras formas de vivir la vida, abri\u00e9ndonos los ojos. <\/p>\n<p>10. En esta era, donde todo se realiza de manera virtual, el contacto con las personas es algo que valoro mucho, las miradas, los gestos, los abrazos, son las principales formas de contacto, algo que nosotros estamos perdiendo.<\/p>\n<p>11. Tengo un \u201cpasson\u201d de amigos por todo el mundo. Es mi tesoro particular: la amistad <\/p>\n<hr \/>\n<p><b>Pascual Garc\u00eda en:<\/b><\/p>\n<ul>\n<li><a href=\"https:\/\/www.facebook.com\/pascual.garciarubio.7\" target=\"_blank\"><b>facebook<\/b><\/a><\/li>\n<li><b><a href=\"https:\/\/plus.google.com\/110422481928207545909\/posts\" target=\"_blank\">Google+<\/a><\/b><\/li>\n<li><a href=\"https:\/\/twitter.com\/\" target=\"_blank\"><b>Twitter<\/b><\/a><\/li>\n<\/ul>\n","protected":false},"excerpt":{"rendered":"<p>Pascual a 6.189 metros Island Peak, Himalaya 11 Cosas sobre\u00a0m\u00ed 1. Me gustan las motos y pertenezco al Doc Ducati Levante desde el a\u00f1o 2005 2. Mis amigos dicen que hago un magn\u00edfico Cous-Cous al cual se apuntan todos los a\u00f1os en invierno. 3. Tengo la suerte de trabajar con personas, ya que mi trabajo consiste en intentar solucionar contracturas y lesiones musculares. 4. El pico m\u00e1s alto que he subido es el Island Peak de 6200 mts, situado en el Himalaya del Nepal. 5. Fui masajista de la Selecci\u00f3n Espa\u00f1ola de Gimnasia R\u00edtmica y de la Selecci\u00f3n Espa\u00f1ola de <\/p>\n","protected":false},"author":1,"featured_media":0,"parent":0,"menu_order":0,"comment_status":"open","ping_status":"open","template":"page-author.php","meta":{"footnotes":""},"class_list":["post-546","page","type-page","status-publish","hentry"],"yoast_head":"<!-- This site is optimized with the Yoast SEO plugin v24.1 - https:\/\/yoast.com\/wordpress\/plugins\/seo\/ -->\n<title>Estilo de vida<\/title>\n<meta name=\"robots\" content=\"index, follow, max-snippet:-1, max-image-preview:large, max-video-preview:-1\" \/>\n<link rel=\"canonical\" href=\"https:\/\/www.euroresidentes.com\/estilo-de-vida\/pascual-garcia-rubio.html\" \/>\n<meta property=\"og:locale\" content=\"es_ES\" \/>\n<meta property=\"og:type\" content=\"article\" \/>\n<meta property=\"og:title\" content=\"Estilo de vida\" \/>\n<meta property=\"og:url\" content=\"https:\/\/www.euroresidentes.com\/estilo-de-vida\/pascual-garcia-rubio.html\" \/>\n<meta property=\"og:site_name\" content=\"Estilo de vida\" \/>\n<meta property=\"article:modified_time\" content=\"2016-07-14T08:57:47+00:00\" \/>\n<meta property=\"og:image\" content=\"http:\/\/2.bp.blogspot.com\/-ui8nemQDZfM\/U2ioGfx_aoI\/AAAAAAAAADo\/kWNNy50ugSk\/s1600\/pascual.JPG\" \/>\n<meta name=\"twitter:card\" content=\"summary_large_image\" \/>\n<meta name=\"twitter:label1\" content=\"Est. reading time\" \/>\n\t<meta name=\"twitter:data1\" content=\"1 minuto\" \/>\n<script type=\"application\/ld+json\" class=\"yoast-schema-graph\">{\"@context\":\"https:\/\/schema.org\",\"@graph\":[{\"@type\":\"WebPage\",\"@id\":\"https:\/\/www.euroresidentes.com\/estilo-de-vida\/pascual-garcia-rubio.html\",\"url\":\"https:\/\/www.euroresidentes.com\/estilo-de-vida\/pascual-garcia-rubio.html\",\"name\":\"Estilo de vida\",\"isPartOf\":{\"@id\":\"https:\/\/www.euroresidentes.com\/estilo-de-vida\/#website\"},\"primaryImageOfPage\":{\"@id\":\"https:\/\/www.euroresidentes.com\/estilo-de-vida\/pascual-garcia-rubio.html#primaryimage\"},\"image\":{\"@id\":\"https:\/\/www.euroresidentes.com\/estilo-de-vida\/pascual-garcia-rubio.html#primaryimage\"},\"thumbnailUrl\":\"http:\/\/2.bp.blogspot.com\/-ui8nemQDZfM\/U2ioGfx_aoI\/AAAAAAAAADo\/kWNNy50ugSk\/s1600\/pascual.JPG\",\"datePublished\":\"2016-02-09T08:38:22+00:00\",\"dateModified\":\"2016-07-14T08:57:47+00:00\",\"breadcrumb\":{\"@id\":\"https:\/\/www.euroresidentes.com\/estilo-de-vida\/pascual-garcia-rubio.html#breadcrumb\"},\"inLanguage\":\"es\",\"potentialAction\":[{\"@type\":\"ReadAction\",\"target\":[\"https:\/\/www.euroresidentes.com\/estilo-de-vida\/pascual-garcia-rubio.html\"]}]},{\"@type\":\"ImageObject\",\"inLanguage\":\"es\",\"@id\":\"https:\/\/www.euroresidentes.com\/estilo-de-vida\/pascual-garcia-rubio.html#primaryimage\",\"url\":\"http:\/\/2.bp.blogspot.com\/-ui8nemQDZfM\/U2ioGfx_aoI\/AAAAAAAAADo\/kWNNy50ugSk\/s1600\/pascual.JPG\",\"contentUrl\":\"http:\/\/2.bp.blogspot.com\/-ui8nemQDZfM\/U2ioGfx_aoI\/AAAAAAAAADo\/kWNNy50ugSk\/s1600\/pascual.JPG\"},{\"@type\":\"BreadcrumbList\",\"@id\":\"https:\/\/www.euroresidentes.com\/estilo-de-vida\/pascual-garcia-rubio.html#breadcrumb\",\"itemListElement\":[{\"@type\":\"ListItem\",\"position\":1,\"name\":\"Portada\",\"item\":\"https:\/\/www.euroresidentes.com\/estilo-de-vida\/\"},{\"@type\":\"ListItem\",\"position\":2,\"name\":\"Pascual Garc\u00eda Rubio\"}]},{\"@type\":\"WebSite\",\"@id\":\"https:\/\/www.euroresidentes.com\/estilo-de-vida\/#website\",\"url\":\"https:\/\/www.euroresidentes.com\/estilo-de-vida\/\",\"name\":\"Estilo de vida\",\"description\":\"Blog sobre estilo de vida, moda, belleza, psicolog\u00eda, motivaci\u00f3n...\",\"potentialAction\":[{\"@type\":\"SearchAction\",\"target\":{\"@type\":\"EntryPoint\",\"urlTemplate\":\"https:\/\/www.euroresidentes.com\/estilo-de-vida\/?s={search_term_string}\"},\"query-input\":{\"@type\":\"PropertyValueSpecification\",\"valueRequired\":true,\"valueName\":\"search_term_string\"}}],\"inLanguage\":\"es\"}]}<\/script>\n<!-- \/ Yoast SEO plugin. -->","yoast_head_json":{"title":"Estilo de vida","robots":{"index":"index","follow":"follow","max-snippet":"max-snippet:-1","max-image-preview":"max-image-preview:large","max-video-preview":"max-video-preview:-1"},"canonical":"https:\/\/www.euroresidentes.com\/estilo-de-vida\/pascual-garcia-rubio.html","og_locale":"es_ES","og_type":"article","og_title":"Estilo de vida","og_url":"https:\/\/www.euroresidentes.com\/estilo-de-vida\/pascual-garcia-rubio.html","og_site_name":"Estilo de vida","article_modified_time":"2016-07-14T08:57:47+00:00","og_image":[{"url":"http:\/\/2.bp.blogspot.com\/-ui8nemQDZfM\/U2ioGfx_aoI\/AAAAAAAAADo\/kWNNy50ugSk\/s1600\/pascual.JPG","type":"","width":"","height":""}],"twitter_card":"summary_large_image","twitter_misc":{"Est. reading time":"1 minuto"},"schema":{"@context":"https:\/\/schema.org","@graph":[{"@type":"WebPage","@id":"https:\/\/www.euroresidentes.com\/estilo-de-vida\/pascual-garcia-rubio.html","url":"https:\/\/www.euroresidentes.com\/estilo-de-vida\/pascual-garcia-rubio.html","name":"Estilo de vida","isPartOf":{"@id":"https:\/\/www.euroresidentes.com\/estilo-de-vida\/#website"},"primaryImageOfPage":{"@id":"https:\/\/www.euroresidentes.com\/estilo-de-vida\/pascual-garcia-rubio.html#primaryimage"},"image":{"@id":"https:\/\/www.euroresidentes.com\/estilo-de-vida\/pascual-garcia-rubio.html#primaryimage"},"thumbnailUrl":"http:\/\/2.bp.blogspot.com\/-ui8nemQDZfM\/U2ioGfx_aoI\/AAAAAAAAADo\/kWNNy50ugSk\/s1600\/pascual.JPG","datePublished":"2016-02-09T08:38:22+00:00","dateModified":"2016-07-14T08:57:47+00:00","breadcrumb":{"@id":"https:\/\/www.euroresidentes.com\/estilo-de-vida\/pascual-garcia-rubio.html#breadcrumb"},"inLanguage":"es","potentialAction":[{"@type":"ReadAction","target":["https:\/\/www.euroresidentes.com\/estilo-de-vida\/pascual-garcia-rubio.html"]}]},{"@type":"ImageObject","inLanguage":"es","@id":"https:\/\/www.euroresidentes.com\/estilo-de-vida\/pascual-garcia-rubio.html#primaryimage","url":"http:\/\/2.bp.blogspot.com\/-ui8nemQDZfM\/U2ioGfx_aoI\/AAAAAAAAADo\/kWNNy50ugSk\/s1600\/pascual.JPG","contentUrl":"http:\/\/2.bp.blogspot.com\/-ui8nemQDZfM\/U2ioGfx_aoI\/AAAAAAAAADo\/kWNNy50ugSk\/s1600\/pascual.JPG"},{"@type":"BreadcrumbList","@id":"https:\/\/www.euroresidentes.com\/estilo-de-vida\/pascual-garcia-rubio.html#breadcrumb","itemListElement":[{"@type":"ListItem","position":1,"name":"Portada","item":"https:\/\/www.euroresidentes.com\/estilo-de-vida\/"},{"@type":"ListItem","position":2,"name":"Pascual Garc\u00eda Rubio"}]},{"@type":"WebSite","@id":"https:\/\/www.euroresidentes.com\/estilo-de-vida\/#website","url":"https:\/\/www.euroresidentes.com\/estilo-de-vida\/","name":"Estilo de vida","description":"Blog sobre estilo de vida, moda, belleza, psicolog\u00eda, motivaci\u00f3n...","potentialAction":[{"@type":"SearchAction","target":{"@type":"EntryPoint","urlTemplate":"https:\/\/www.euroresidentes.com\/estilo-de-vida\/?s={search_term_string}"},"query-input":{"@type":"PropertyValueSpecification","valueRequired":true,"valueName":"search_term_string"}}],"inLanguage":"es"}]}},"_links":{"self":[{"href":"https:\/\/www.euroresidentes.com\/estilo-de-vida\/wp-json\/wp\/v2\/pages\/546","targetHints":{"allow":["GET"]}}],"collection":[{"href":"https:\/\/www.euroresidentes.com\/estilo-de-vida\/wp-json\/wp\/v2\/pages"}],"about":[{"href":"https:\/\/www.euroresidentes.com\/estilo-de-vida\/wp-json\/wp\/v2\/types\/page"}],"author":[{"embeddable":true,"href":"https:\/\/www.euroresidentes.com\/estilo-de-vida\/wp-json\/wp\/v2\/users\/1"}],"replies":[{"embeddable":true,"href":"https:\/\/www.euroresidentes.com\/estilo-de-vida\/wp-json\/wp\/v2\/comments?post=546"}],"version-history":[{"count":5,"href":"https:\/\/www.euroresidentes.com\/estilo-de-vida\/wp-json\/wp\/v2\/pages\/546\/revisions"}],"predecessor-version":[{"id":652,"href":"https:\/\/www.euroresidentes.com\/estilo-de-vida\/wp-json\/wp\/v2\/pages\/546\/revisions\/652"}],"wp:attachment":[{"href":"https:\/\/www.euroresidentes.com\/estilo-de-vida\/wp-json\/wp\/v2\/media?parent=546"}],"curies":[{"name":"wp","href":"https:\/\/api.w.org\/{rel}","templated":true}]}}

Pascual García Rubio

<table class="tr-caption-container" style="margin-left: auto; margin-right: auto; text-align: center;" cellspacing="0" cellpadding="0" align="center">
<tbody>
<tr>
<td style="text-align: center;"><a style="margin-left: auto; margin-right: auto;" href="http://2.bp.blogspot.com/-ui8nemQDZfM/U2ioGfx_aoI/AAAAAAAAADo/kWNNy50ugSk/s1600/pascual.JPG"><img loading="lazy" decoding="async" src="http://2.bp.blogspot.com/-ui8nemQDZfM/U2ioGfx_aoI/AAAAAAAAADo/kWNNy50ugSk/s1600/pascual.JPG" alt="" width="300" height="400" border="0" /></a></td>
</tr>
<tr>
<td class="tr-caption" style="text-align: center;">Pascual a 6.189 metros Island Peak, Himalaya</td>
</tr>
</tbody>
</table>
<h3 style="text-align: center;">11 Cosas sobre mí</h3>
<p>1. Me gustan las motos y pertenezco al Doc Ducati Levante desde el año 2005</p>
<p>2. Mis amigos dicen que hago un magnífico Cous-Cous al cual se apuntan todos los años en invierno.</p>
<p>3. Tengo la suerte de trabajar con personas, ya que mi trabajo consiste en intentar solucionar contracturas y lesiones musculares.</p>
<p>4. El pico más alto que he subido es el Island Peak de 6200 mts, situado en el Himalaya del Nepal.</p>
<p>5. Fui masajista de la Selección Española de Gimnasia Rítmica y de la Selección Española de Salvamento y Socorrismo </p>
<p>6. He hecho deporte de aventura en casi todos los países que he visitado y mis favoritos son: Argentina, Egipto, Islandia y Nueva Zelanda</p>
<p>7. Mi lema es que la mente puede ayudar a ir más allá de los límites que nuestro cuerpo nos fija.</p>
<p>8. Al lado de casa, en tu entorno, con una bici o andando, tienes tesoros y paisajes increíbles por descubrir. Solo tienes que salir ahí fuera y disfrutarlos. </p>
<p>9. Pienso que la naturaleza ha moldeado una impresionante e infinita belleza que enriquece al ser humano. Etnias y culturas se unen a esta riqueza enseñándonos otras formas de vivir la vida, abriéndonos los ojos. </p>
<p>10. En esta era, donde todo se realiza de manera virtual, el contacto con las personas es algo que valoro mucho, las miradas, los gestos, los abrazos, son las principales formas de contacto, algo que nosotros estamos perdiendo.</p>
<p>11. Tengo un “passon” de amigos por todo el mundo. Es mi tesoro particular: la amistad </p>
<hr />
<p><b>Pascual García en:</b></p>
<ul>
<li><a href="https://www.facebook.com/pascual.garciarubio.7" target="_blank"><b>facebook</b></a></li>
<li><b><a href="https://plus.google.com/110422481928207545909/posts" target="_blank">Google+</a></b></li>
<li><a href="https://twitter.com/" target="_blank"><b>Twitter</b></a></li>
</ul>

<p>Pascual a 6.189 metros Island Peak, Himalaya 11 Cosas sobre mí 1. Me gustan las motos y pertenezco al Doc Ducati Levante desde el año 2005 2. Mis amigos dicen que hago un magnífico Cous-Cous al cual se apuntan todos los años en invierno. 3. Tengo la suerte de trabajar con personas, ya que mi trabajo consiste en intentar solucionar contracturas y lesiones musculares. 4. El pico más alto que he subido es el Island Peak de 6200 mts, situado en el Himalaya del Nepal. 5. Fui masajista de la Selección Española de Gimnasia Rítmica y de la Selección Española de </p>

<!-- This site is optimized with the Yoast SEO plugin v24.1 - https://yoast.com/wordpress/plugins/seo/ -->
<title>Estilo de vida</title>
<meta name="robots" content="index, follow, max-snippet:-1, max-image-preview:large, max-video-preview:-1" />
<link rel="canonical" href="https://www.euroresidentes.com/estilo-de-vida/pascual-garcia-rubio.html" />
<meta property="og:locale" content="es_ES" />
<meta property="og:type" content="article" />
<meta property="og:title" content="Estilo de vida" />
<meta property="og:url" content="https://www.euroresidentes.com/estilo-de-vida/pascual-garcia-rubio.html" />
<meta property="og:site_name" content="Estilo de vida" />
<meta property="article:modified_time" content="2016-07-14T08:57:47+00:00" />
<meta property="og:image" content="http://2.bp.blogspot.com/-ui8nemQDZfM/U2ioGfx_aoI/AAAAAAAAADo/kWNNy50ugSk/s1600/pascual.JPG" />
<meta name="twitter:card" content="summary_large_image" />
<meta name="twitter:label1" content="Est. reading time" />
	<meta name="twitter:data1" content="1 minuto" />
<script type="application/ld+json" class="yoast-schema-graph">{"@context":"https://schema.org","@graph":[{"@type":"WebPage","@id":"https://www.euroresidentes.com/estilo-de-vida/pascual-garcia-rubio.html","url":"https://www.euroresidentes.com/estilo-de-vida/pascual-garcia-rubio.html","name":"Estilo de vida","isPartOf":{"@id":"https://www.euroresidentes.com/estilo-de-vida/#website"},"primaryImageOfPage":{"@id":"https://www.euroresidentes.com/estilo-de-vida/pascual-garcia-rubio.html#primaryimage"},"image":{"@id":"https://www.euroresidentes.com/estilo-de-vida/pascual-garcia-rubio.html#primaryimage"},"thumbnailUrl":"http://2.bp.blogspot.com/-ui8nemQDZfM/U2ioGfx_aoI/AAAAAAAAADo/kWNNy50ugSk/s1600/pascual.JPG","datePublished":"2016-02-09T08:38:22+00:00","dateModified":"2016-07-14T08:57:47+00:00","breadcrumb":{"@id":"https://www.euroresidentes.com/estilo-de-vida/pascual-garcia-rubio.html#breadcrumb"},"inLanguage":"es","potentialAction":[{"@type":"ReadAction","target":["https://www.euroresidentes.com/estilo-de-vida/pascual-garcia-rubio.html"]}]},{"@type":"ImageObject","inLanguage":"es","@id":"https://www.euroresidentes.com/estilo-de-vida/pascual-garcia-rubio.html#primaryimage","url":"http://2.bp.blogspot.com/-ui8nemQDZfM/U2ioGfx_aoI/AAAAAAAAADo/kWNNy50ugSk/s1600/pascual.JPG","contentUrl":"http://2.bp.blogspot.com/-ui8nemQDZfM/U2ioGfx_aoI/AAAAAAAAADo/kWNNy50ugSk/s1600/pascual.JPG"},{"@type":"BreadcrumbList","@id":"https://www.euroresidentes.com/estilo-de-vida/pascual-garcia-rubio.html#breadcrumb","itemListElement":[{"@type":"ListItem","position":1,"name":"Portada","item":"https://www.euroresidentes.com/estilo-de-vida/"},{"@type":"ListItem","position":2,"name":"Pascual García Rubio"}]},{"@type":"WebSite","@id":"https://www.euroresidentes.com/estilo-de-vida/#website","url":"https://www.euroresidentes.com/estilo-de-vida/","name":"Estilo de vida","description":"Blog sobre estilo de vida, moda, belleza, psicología, motivación...","potentialAction":[{"@type":"SearchAction","target":{"@type":"EntryPoint","urlTemplate":"https://www.euroresidentes.com/estilo-de-vida/?s={search_term_string}"},"query-input":{"@type":"PropertyValueSpecification","valueRequired":true,"valueName":"search_term_string"}}],"inLanguage":"es"}]}</script>
<!-- / Yoast SEO plugin. -->

Blog sobre estilo de vida, moda, belleza, psicología, motivación...
