{"id":410,"date":"2015-06-12T13:23:00","date_gmt":"2015-06-12T13:23:00","guid":{"rendered":"http:\/\/www.euroresidentes.com\/estilo-de-vida\/superacion-personal\/conciencia"},"modified":"2016-02-16T08:24:30","modified_gmt":"2016-02-16T08:24:30","slug":"conciencia","status":"publish","type":"page","link":"https:\/\/www.euroresidentes.com\/estilo-de-vida\/superacion-personal\/conciencia.html","title":{"rendered":"Conciencia"},"content":{"rendered":"<ul>\n<li><a href=\"http:\/\/superacion-personal.euroresidentes.com\/2015\/06\/dalai-lama-18-reglas-de-vida.html\" target=\"_blank\"><b>Dalai Lama: 18 Reglas de vida<\/b><\/a><\/li>\n<li><b><a href=\"http:\/\/superacion-personal.euroresidentes.com\/2014\/06\/el-ego-origen-de-nuestros-males.html\" target=\"_blank\">El Ego: origen de nuestros males<\/a><\/b><\/li>\n<li><b><a href=\"http:\/\/superacion-personal.euroresidentes.com\/2014\/06\/4-formas-de-acallar-al-ego.html\" target=\"_blank\">4 Formas de acallar el Ego<\/a><\/b><\/li>\n<li><a href=\"http:\/\/superacion-personal.euroresidentes.com\/2014\/09\/8-personalidades-toxicas-que-viven-en.html\" target=\"_blank\"><b>8 Personalidades t\u00f3xicas que viven en ti (y que deber\u00edas evitar)<\/b><\/a><\/li>\n<li><b><a href=\"http:\/\/superacion-personal.euroresidentes.com\/2014\/07\/como-vivir-el-momento-presente-la-realidad-del-ahora.html\" target=\"_blank\">C\u00f3mo vivir el momento presente: La realidad del ahora<\/a><\/b><\/li>\n<li><a href=\"http:\/\/superacion-personal.euroresidentes.com\/2014\/10\/como-la-empatia-te-hace-ser-mejor.html\" target=\"_blank\"><b>C\u00f3mo la empat\u00eda te hace ser mejor persona<\/b><\/a><\/li>\n<li><b><a href=\"http:\/\/superacion-personal.euroresidentes.com\/2014\/05\/inteligencia-emocional-por-que-es.html\" target=\"_blank\">Inteligencia Emocional. \u00bfPor qu\u00e9 es importante?<\/a><\/b><\/li>\n<li><a href=\"http:\/\/superacion-personal.euroresidentes.com\/2015\/06\/por-que-necesitas-la-inteligencia.html\" target=\"_blank\"><b>Por qu\u00e9 necesitas la Inteligencia Emocional para tener \u00e9xito<\/b><\/a><\/li>\n<li><a href=\"http:\/\/superacion-personal.euroresidentes.com\/2014\/06\/coeficiente-intelectual-o-inteligencia.html\" target=\"_blank\"><b>Cociente Intelectual o Inteligencia Emocional: \u00bfCu\u00e1l es m\u00e1s importante?<\/b><\/a><\/li>\n<li><a href=\"http:\/\/superacion-personal.euroresidentes.com\/2014\/04\/las-4-caracteristicas-de-la.html\" target=\"_blank\"><b>Las 4 Caracter\u00edsticas de la Inteligencia Emocional<\/b><\/a><\/li>\n<li><a href=\"http:\/\/superacion-personal.euroresidentes.com\/2014\/04\/11-pistas-que-demuestran-que-tienes.html\" target=\"_blank\"><b>11 Pistas que demuestran que tienes Inteligencia Emocional<\/b><\/a><\/li>\n<li><b><a href=\"http:\/\/superacion-personal.euroresidentes.com\/2014\/04\/8-cosas-que-las-personas-con.html\" target=\"_blank\">8 Cosas que las personas con Inteligencia Emocional no hacen<\/a><\/b><\/li>\n<li><b><a href=\"http:\/\/superacion-personal.euroresidentes.com\/2014\/07\/test-ie-sabes-perdonar.html\" target=\"_blank\">Test IE: \u00bfSabes perdonar?<\/a><\/b><\/li>\n<li><b><a href=\"http:\/\/superacion-personal.euroresidentes.com\/2015\/04\/9-habitos-de-las-personas-con.html\" target=\"_blank\">9 H\u00e1bitos de las personas con Inteligencia Emocional<\/a><\/b><\/li>\n<li><b><a href=\"http:\/\/superacion-personal.euroresidentes.com\/2014\/10\/9-cosas-que-nadie-podra-robarte-nunca.html\" target=\"_blank\">9 Cosas que nadie podr\u00e1 robarte nunca<\/a><\/b><\/li>\n<li><a href=\"http:\/\/superacion-personal.euroresidentes.com\/2015\/02\/estas-20-fotos-te-haran-replantearte-la.html\" target=\"_blank\"><b>Estas 20 fotos te har\u00e1n replantearte la forma en la que vivimos<\/b><\/a><\/li>\n<\/ul>\n<p>&nbsp;<\/p>\n","protected":false},"excerpt":{"rendered":"<p>Dalai Lama: 18 Reglas de vida El Ego: origen de nuestros males 4 Formas de acallar el Ego 8 Personalidades t\u00f3xicas que viven en ti (y que deber\u00edas evitar) C\u00f3mo vivir el momento presente: La realidad del ahora C\u00f3mo la empat\u00eda te hace ser mejor persona Inteligencia Emocional. \u00bfPor qu\u00e9 es importante? Por qu\u00e9 necesitas la Inteligencia Emocional para tener \u00e9xito Cociente Intelectual o Inteligencia Emocional: \u00bfCu\u00e1l es m\u00e1s importante? Las 4 Caracter\u00edsticas de la Inteligencia Emocional 11 Pistas que demuestran que tienes Inteligencia Emocional 8 Cosas que las personas con Inteligencia Emocional no hacen Test IE: \u00bfSabes perdonar? 9 <\/p>\n","protected":false},"author":11,"featured_media":0,"parent":0,"menu_order":0,"comment_status":"closed","ping_status":"closed","template":"","meta":{"footnotes":""},"class_list":["post-410","page","type-page","status-publish","hentry"],"yoast_head":"<!-- This site is optimized with the Yoast SEO plugin v24.1 - https:\/\/yoast.com\/wordpress\/plugins\/seo\/ -->\n<title>Conciencia - Superaci\u00f3n personal<\/title>\n<meta name=\"robots\" content=\"index, follow, max-snippet:-1, max-image-preview:large, max-video-preview:-1\" \/>\n<link rel=\"canonical\" href=\"https:\/\/www.euroresidentes.com\/estilo-de-vida\/superacion-personal\/conciencia.html\" \/>\n<meta property=\"og:locale\" content=\"es_ES\" \/>\n<meta property=\"og:type\" content=\"article\" \/>\n<meta property=\"og:title\" content=\"Conciencia - Superaci\u00f3n personal\" \/>\n<meta property=\"og:description\" content=\"Dalai Lama: 18 Reglas de vida El Ego: origen de nuestros males 4 Formas de acallar el Ego 8 Personalidades t\u00f3xicas que viven en ti (y que deber\u00edas evitar) C\u00f3mo vivir el momento presente: La realidad del ahora C\u00f3mo la empat\u00eda te hace ser mejor persona Inteligencia Emocional. \u00bfPor qu\u00e9 es importante? Por qu\u00e9 necesitas la Inteligencia Emocional para tener \u00e9xito Cociente Intelectual o Inteligencia Emocional: \u00bfCu\u00e1l es m\u00e1s importante? Las 4 Caracter\u00edsticas de la Inteligencia Emocional 11 Pistas que demuestran que tienes Inteligencia Emocional 8 Cosas que las personas con Inteligencia Emocional no hacen Test IE: \u00bfSabes perdonar? 9\" \/>\n<meta property=\"og:url\" content=\"https:\/\/www.euroresidentes.com\/estilo-de-vida\/superacion-personal\/conciencia.html\" \/>\n<meta property=\"og:site_name\" content=\"Superaci\u00f3n personal\" \/>\n<meta property=\"article:publisher\" content=\"https:\/\/www.facebook.com\/sentir.bien.euroresidentes\/\" \/>\n<meta property=\"article:modified_time\" content=\"2016-02-16T08:24:30+00:00\" \/>\n<meta name=\"twitter:card\" content=\"summary_large_image\" \/>\n<meta name=\"twitter:site\" content=\"@sentirbien\" \/>\n<meta name=\"twitter:label1\" content=\"Est. reading time\" \/>\n\t<meta name=\"twitter:data1\" content=\"1 minuto\" \/>\n<script type=\"application\/ld+json\" class=\"yoast-schema-graph\">{\"@context\":\"https:\/\/schema.org\",\"@graph\":[{\"@type\":\"WebPage\",\"@id\":\"https:\/\/www.euroresidentes.com\/estilo-de-vida\/superacion-personal\/conciencia.html\",\"url\":\"https:\/\/www.euroresidentes.com\/estilo-de-vida\/superacion-personal\/conciencia.html\",\"name\":\"Conciencia - Superaci\u00f3n personal\",\"isPartOf\":{\"@id\":\"https:\/\/www.euroresidentes.com\/estilo-de-vida\/superacion-personal\/#website\"},\"datePublished\":\"2015-06-12T13:23:00+00:00\",\"dateModified\":\"2016-02-16T08:24:30+00:00\",\"breadcrumb\":{\"@id\":\"https:\/\/www.euroresidentes.com\/estilo-de-vida\/superacion-personal\/conciencia.html#breadcrumb\"},\"inLanguage\":\"es\",\"potentialAction\":[{\"@type\":\"ReadAction\",\"target\":[\"https:\/\/www.euroresidentes.com\/estilo-de-vida\/superacion-personal\/conciencia.html\"]}]},{\"@type\":\"BreadcrumbList\",\"@id\":\"https:\/\/www.euroresidentes.com\/estilo-de-vida\/superacion-personal\/conciencia.html#breadcrumb\",\"itemListElement\":[{\"@type\":\"ListItem\",\"position\":1,\"name\":\"Portada\",\"item\":\"https:\/\/www.euroresidentes.com\/estilo-de-vida\/superacion-personal\/\"},{\"@type\":\"ListItem\",\"position\":2,\"name\":\"Conciencia\"}]},{\"@type\":\"WebSite\",\"@id\":\"https:\/\/www.euroresidentes.com\/estilo-de-vida\/superacion-personal\/#website\",\"url\":\"https:\/\/www.euroresidentes.com\/estilo-de-vida\/superacion-personal\/\",\"name\":\"Superaci\u00f3n personal\",\"description\":\"Consejos de superaci\u00f3n personal\",\"potentialAction\":[{\"@type\":\"SearchAction\",\"target\":{\"@type\":\"EntryPoint\",\"urlTemplate\":\"https:\/\/www.euroresidentes.com\/estilo-de-vida\/superacion-personal\/?s={search_term_string}\"},\"query-input\":{\"@type\":\"PropertyValueSpecification\",\"valueRequired\":true,\"valueName\":\"search_term_string\"}}],\"inLanguage\":\"es\"}]}<\/script>\n<!-- \/ Yoast SEO plugin. -->","yoast_head_json":{"title":"Conciencia - Superaci\u00f3n personal","robots":{"index":"index","follow":"follow","max-snippet":"max-snippet:-1","max-image-preview":"max-image-preview:large","max-video-preview":"max-video-preview:-1"},"canonical":"https:\/\/www.euroresidentes.com\/estilo-de-vida\/superacion-personal\/conciencia.html","og_locale":"es_ES","og_type":"article","og_title":"Conciencia - Superaci\u00f3n personal","og_description":"Dalai Lama: 18 Reglas de vida El Ego: origen de nuestros males 4 Formas de acallar el Ego 8 Personalidades t\u00f3xicas que viven en ti (y que deber\u00edas evitar) C\u00f3mo vivir el momento presente: La realidad del ahora C\u00f3mo la empat\u00eda te hace ser mejor persona Inteligencia Emocional. \u00bfPor qu\u00e9 es importante? Por qu\u00e9 necesitas la Inteligencia Emocional para tener \u00e9xito Cociente Intelectual o Inteligencia Emocional: \u00bfCu\u00e1l es m\u00e1s importante? Las 4 Caracter\u00edsticas de la Inteligencia Emocional 11 Pistas que demuestran que tienes Inteligencia Emocional 8 Cosas que las personas con Inteligencia Emocional no hacen Test IE: \u00bfSabes perdonar? 9","og_url":"https:\/\/www.euroresidentes.com\/estilo-de-vida\/superacion-personal\/conciencia.html","og_site_name":"Superaci\u00f3n personal","article_publisher":"https:\/\/www.facebook.com\/sentir.bien.euroresidentes\/","article_modified_time":"2016-02-16T08:24:30+00:00","twitter_card":"summary_large_image","twitter_site":"@sentirbien","twitter_misc":{"Est. reading time":"1 minuto"},"schema":{"@context":"https:\/\/schema.org","@graph":[{"@type":"WebPage","@id":"https:\/\/www.euroresidentes.com\/estilo-de-vida\/superacion-personal\/conciencia.html","url":"https:\/\/www.euroresidentes.com\/estilo-de-vida\/superacion-personal\/conciencia.html","name":"Conciencia - Superaci\u00f3n personal","isPartOf":{"@id":"https:\/\/www.euroresidentes.com\/estilo-de-vida\/superacion-personal\/#website"},"datePublished":"2015-06-12T13:23:00+00:00","dateModified":"2016-02-16T08:24:30+00:00","breadcrumb":{"@id":"https:\/\/www.euroresidentes.com\/estilo-de-vida\/superacion-personal\/conciencia.html#breadcrumb"},"inLanguage":"es","potentialAction":[{"@type":"ReadAction","target":["https:\/\/www.euroresidentes.com\/estilo-de-vida\/superacion-personal\/conciencia.html"]}]},{"@type":"BreadcrumbList","@id":"https:\/\/www.euroresidentes.com\/estilo-de-vida\/superacion-personal\/conciencia.html#breadcrumb","itemListElement":[{"@type":"ListItem","position":1,"name":"Portada","item":"https:\/\/www.euroresidentes.com\/estilo-de-vida\/superacion-personal\/"},{"@type":"ListItem","position":2,"name":"Conciencia"}]},{"@type":"WebSite","@id":"https:\/\/www.euroresidentes.com\/estilo-de-vida\/superacion-personal\/#website","url":"https:\/\/www.euroresidentes.com\/estilo-de-vida\/superacion-personal\/","name":"Superaci\u00f3n personal","description":"Consejos de superaci\u00f3n personal","potentialAction":[{"@type":"SearchAction","target":{"@type":"EntryPoint","urlTemplate":"https:\/\/www.euroresidentes.com\/estilo-de-vida\/superacion-personal\/?s={search_term_string}"},"query-input":{"@type":"PropertyValueSpecification","valueRequired":true,"valueName":"search_term_string"}}],"inLanguage":"es"}]}},"_links":{"self":[{"href":"https:\/\/www.euroresidentes.com\/estilo-de-vida\/superacion-personal\/wp-json\/wp\/v2\/pages\/410","targetHints":{"allow":["GET"]}}],"collection":[{"href":"https:\/\/www.euroresidentes.com\/estilo-de-vida\/superacion-personal\/wp-json\/wp\/v2\/pages"}],"about":[{"href":"https:\/\/www.euroresidentes.com\/estilo-de-vida\/superacion-personal\/wp-json\/wp\/v2\/types\/page"}],"author":[{"embeddable":true,"href":"https:\/\/www.euroresidentes.com\/estilo-de-vida\/superacion-personal\/wp-json\/wp\/v2\/users\/11"}],"replies":[{"embeddable":true,"href":"https:\/\/www.euroresidentes.com\/estilo-de-vida\/superacion-personal\/wp-json\/wp\/v2\/comments?post=410"}],"version-history":[{"count":2,"href":"https:\/\/www.euroresidentes.com\/estilo-de-vida\/superacion-personal\/wp-json\/wp\/v2\/pages\/410\/revisions"}],"predecessor-version":[{"id":5543,"href":"https:\/\/www.euroresidentes.com\/estilo-de-vida\/superacion-personal\/wp-json\/wp\/v2\/pages\/410\/revisions\/5543"}],"wp:attachment":[{"href":"https:\/\/www.euroresidentes.com\/estilo-de-vida\/superacion-personal\/wp-json\/wp\/v2\/media?parent=410"}],"curies":[{"name":"wp","href":"https:\/\/api.w.org\/{rel}","templated":true}]}}