{"id":447,"date":"2015-05-19T15:22:00","date_gmt":"2015-05-19T15:22:00","guid":{"rendered":"http:\/\/www.euroresidentes.com\/estilo-de-vida\/sentir-bien\/te-interesa"},"modified":"2016-02-16T08:22:07","modified_gmt":"2016-02-16T08:22:07","slug":"te-interesa","status":"publish","type":"page","link":"https:\/\/www.euroresidentes.com\/estilo-de-vida\/sentir-bien\/te-interesa.html","title":{"rendered":"Art. de Inter\u00e9s"},"content":{"rendered":"<ul>\n<li><b><a href=\"http:\/\/sentir-bien.euroresidentes.com\/2014\/08\/estas-personas-te-haran-cuestionar-que.html\" target=\"_blank\">Estas personas te har\u00e1n cuestionar qu\u00e9 significa tener una enfermedad mental<\/a><\/b><\/li>\n<li><b><a href=\"http:\/\/sentir-bien.euroresidentes.com\/2014\/07\/el-jardin-de-la-gratitud-juntos.html\" target=\"_blank\">El Jard\u00edn de la Gratitud. Juntos crecemos m\u00e1s y mejor<\/a><\/b><\/li>\n<li><b><a href=\"http:\/\/sentir-bien.euroresidentes.com\/2014\/09\/el-amor-no-entiende-de-edad-de-sexo-o.html\" target=\"_blank\">El amor no entiende de edad, de sexo o de raza..el amor es simplemente incondicional<\/a><\/b><\/li>\n<li><a href=\"http:\/\/sentir-bien.euroresidentes.com\/2014\/11\/20-pequenas-historias-de-amor-que-te.html\"><b>20 Peque\u00f1as historias de amor que te har\u00e1n sonre\u00edr<\/b><\/a><\/li>\n<li><b><a href=\"http:\/\/sentir-bien.euroresidentes.com\/2014\/11\/las-5-cosas-de-las-que-mas-nos.html\" target=\"_blank\">Las 5 cosas de las que m\u00e1s nos arrepentimos antes de morir<\/a><\/b><\/li>\n<li><b><a href=\"http:\/\/sentir-bien.euroresidentes.com\/2014\/12\/estos-simples-graficos-muestran-la-gran.html\" target=\"_blank\">Estos simples gr\u00e1ficos muestran la gran diferencia entre los estereotipos de g\u00e9nero<\/a><\/b><\/li>\n<li><a href=\"http:\/\/sentir-bien.euroresidentes.com\/2015\/02\/como-nos-hace-infelices-facebook.html\" target=\"_blank\"><b>\u00bfC\u00f3mo nos hace infelices Facebook?<\/b><\/a><\/li>\n<li><b><a href=\"http:\/\/sentir-bien.euroresidentes.com\/2014\/12\/ganar-la-loteria-no-te-hace-mas-feliz.html\" target=\"_blank\">Ganar la loter\u00eda no te hace m\u00e1s feliz<\/a><\/b><\/li>\n<li><a href=\"http:\/\/sentir-bien.euroresidentes.com\/2015\/02\/8-cosas-indudablemente-positivas-de-ser.html\" target=\"_blank\"><b>8 Cosas indudablemente positivas de ser soltero en San Valent\u00edn<\/b><\/a><\/li>\n<li><a href=\"http:\/\/sentir-bien.euroresidentes.com\/2014\/01\/5-fantasticas-ideas-para-solteros-en.html\" target=\"_blank\"><b>5 Fant\u00e1sticas ideas para solteros en San Valent\u00edn<\/b><\/a><\/li>\n<\/ul>\n<div><\/div>\n<div><\/div>\n<div><\/div>\n<div><\/div>\n<div><\/div>\n<div><\/div>\n<div><\/div>\n<div><\/div>\n<div><\/div>\n<div><\/div>\n<div><\/div>\n<div><\/div>\n<div><\/div>\n<div><\/div>\n<div><\/div>\n<div><\/div>\n<div><\/div>\n<div><\/div>\n<div><\/div>\n<div><\/div>\n<div><\/div>\n<div><\/div>\n<div><\/div>\n<div><\/div>\n<div><\/div>\n<div><\/div>\n<div><\/div>\n<div><\/div>\n<div><\/div>\n<div><\/div>\n<div><\/div>\n<div><\/div>\n<div><\/div>\n<div><\/div>\n<div><\/div>\n<div><\/div>\n<div><\/div>\n<div><\/div>\n<div><\/div>\n<div><\/div>\n<div><\/div>\n<div><\/div>\n<div><\/div>\n<div><\/div>\n<div><\/div>\n<div><\/div>\n<div><\/div>\n<div><\/div>\n<div><\/div>\n<div><\/div>\n<div><\/div>\n<div><\/div>\n<div><\/div>\n<div><\/div>\n<div><\/div>\n<div><\/div>\n<div><\/div>\n<div><\/div>\n<div><\/div>\n<div><\/div>\n<div><\/div>\n<div><\/div>\n<div><\/div>\n<div><\/div>\n<div><\/div>\n<div><\/div>\n<div><\/div>\n<div><\/div>\n<div><\/div>\n<div><\/div>\n<div><\/div>\n<div><\/div>\n<div><\/div>\n<div><\/div>\n<div><\/div>\n<div><\/div>\n<div><\/div>\n<div><\/div>\n<div><\/div>\n<div><\/div>\n<div><\/div>\n<div><\/div>\n<div><\/div>\n<div><\/div>\n<div><\/div>\n<div><\/div>\n<div><\/div>\n<div><\/div>\n<div><\/div>\n<div><\/div>\n<div><\/div>\n<div><\/div>\n<div><\/div>\n<div><\/div>\n<div><\/div>\n","protected":false},"excerpt":{"rendered":"<p>Estas personas te har\u00e1n cuestionar qu\u00e9 significa tener una enfermedad mental El Jard\u00edn de la Gratitud. Juntos crecemos m\u00e1s y mejor El amor no entiende de edad, de sexo o de raza..el amor es simplemente incondicional 20 Peque\u00f1as historias de amor que te har\u00e1n sonre\u00edr Las 5 cosas de las que m\u00e1s nos arrepentimos antes de morir Estos simples gr\u00e1ficos muestran la gran diferencia entre los estereotipos de g\u00e9nero \u00bfC\u00f3mo nos hace infelices Facebook? Ganar la loter\u00eda no te hace m\u00e1s feliz 8 Cosas indudablemente positivas de ser soltero en San Valent\u00edn 5 Fant\u00e1sticas ideas para solteros en San Valent\u00edn<\/p>\n","protected":false},"author":1,"featured_media":0,"parent":0,"menu_order":0,"comment_status":"closed","ping_status":"closed","template":"","meta":{"footnotes":""},"class_list":["post-447","page","type-page","status-publish","hentry"],"yoast_head":"<!-- This site is optimized with the Yoast SEO plugin v24.1 - https:\/\/yoast.com\/wordpress\/plugins\/seo\/ -->\n<title>Art. de Inter\u00e9s - Sentir bien<\/title>\n<meta name=\"robots\" content=\"index, follow, max-snippet:-1, max-image-preview:large, max-video-preview:-1\" \/>\n<link rel=\"canonical\" href=\"https:\/\/www.euroresidentes.com\/estilo-de-vida\/sentir-bien\/te-interesa.html\" \/>\n<meta property=\"og:locale\" content=\"es_ES\" \/>\n<meta property=\"og:type\" content=\"article\" \/>\n<meta property=\"og:title\" content=\"Art. de Inter\u00e9s - Sentir bien\" \/>\n<meta property=\"og:description\" content=\"Estas personas te har\u00e1n cuestionar qu\u00e9 significa tener una enfermedad mental El Jard\u00edn de la Gratitud. Juntos crecemos m\u00e1s y mejor El amor no entiende de edad, de sexo o de raza..el amor es simplemente incondicional 20 Peque\u00f1as historias de amor que te har\u00e1n sonre\u00edr Las 5 cosas de las que m\u00e1s nos arrepentimos antes de morir Estos simples gr\u00e1ficos muestran la gran diferencia entre los estereotipos de g\u00e9nero \u00bfC\u00f3mo nos hace infelices Facebook? Ganar la loter\u00eda no te hace m\u00e1s feliz 8 Cosas indudablemente positivas de ser soltero en San Valent\u00edn 5 Fant\u00e1sticas ideas para solteros en San Valent\u00edn\" \/>\n<meta property=\"og:url\" content=\"https:\/\/www.euroresidentes.com\/estilo-de-vida\/sentir-bien\/te-interesa.html\" \/>\n<meta property=\"og:site_name\" content=\"Sentir bien\" \/>\n<meta property=\"article:publisher\" content=\"https:\/\/www.facebook.com\/sentir.bien.euroresidentes\/\" \/>\n<meta property=\"article:modified_time\" content=\"2016-02-16T08:22:07+00:00\" \/>\n<meta name=\"twitter:card\" content=\"summary_large_image\" \/>\n<meta name=\"twitter:site\" content=\"@sentirbien\" \/>\n<meta name=\"twitter:label1\" content=\"Est. reading time\" \/>\n\t<meta name=\"twitter:data1\" content=\"1 minuto\" \/>\n<script type=\"application\/ld+json\" class=\"yoast-schema-graph\">{\"@context\":\"https:\/\/schema.org\",\"@graph\":[{\"@type\":\"WebPage\",\"@id\":\"https:\/\/www.euroresidentes.com\/estilo-de-vida\/sentir-bien\/te-interesa.html\",\"url\":\"https:\/\/www.euroresidentes.com\/estilo-de-vida\/sentir-bien\/te-interesa.html\",\"name\":\"Art. de Inter\u00e9s - Sentir bien\",\"isPartOf\":{\"@id\":\"https:\/\/www.euroresidentes.com\/estilo-de-vida\/sentir-bien\/#website\"},\"datePublished\":\"2015-05-19T15:22:00+00:00\",\"dateModified\":\"2016-02-16T08:22:07+00:00\",\"breadcrumb\":{\"@id\":\"https:\/\/www.euroresidentes.com\/estilo-de-vida\/sentir-bien\/te-interesa.html#breadcrumb\"},\"inLanguage\":\"es\",\"potentialAction\":[{\"@type\":\"ReadAction\",\"target\":[\"https:\/\/www.euroresidentes.com\/estilo-de-vida\/sentir-bien\/te-interesa.html\"]}]},{\"@type\":\"BreadcrumbList\",\"@id\":\"https:\/\/www.euroresidentes.com\/estilo-de-vida\/sentir-bien\/te-interesa.html#breadcrumb\",\"itemListElement\":[{\"@type\":\"ListItem\",\"position\":1,\"name\":\"Portada\",\"item\":\"https:\/\/www.euroresidentes.com\/estilo-de-vida\/sentir-bien\/\"},{\"@type\":\"ListItem\",\"position\":2,\"name\":\"Art. de Inter\u00e9s\"}]},{\"@type\":\"WebSite\",\"@id\":\"https:\/\/www.euroresidentes.com\/estilo-de-vida\/sentir-bien\/#website\",\"url\":\"https:\/\/www.euroresidentes.com\/estilo-de-vida\/sentir-bien\/\",\"name\":\"Sentir bien\",\"description\":\"Consejos para sentirse bien y mejorar la autoestima\",\"potentialAction\":[{\"@type\":\"SearchAction\",\"target\":{\"@type\":\"EntryPoint\",\"urlTemplate\":\"https:\/\/www.euroresidentes.com\/estilo-de-vida\/sentir-bien\/?s={search_term_string}\"},\"query-input\":{\"@type\":\"PropertyValueSpecification\",\"valueRequired\":true,\"valueName\":\"search_term_string\"}}],\"inLanguage\":\"es\"}]}<\/script>\n<!-- \/ Yoast SEO plugin. -->","yoast_head_json":{"title":"Art. de Inter\u00e9s - Sentir bien","robots":{"index":"index","follow":"follow","max-snippet":"max-snippet:-1","max-image-preview":"max-image-preview:large","max-video-preview":"max-video-preview:-1"},"canonical":"https:\/\/www.euroresidentes.com\/estilo-de-vida\/sentir-bien\/te-interesa.html","og_locale":"es_ES","og_type":"article","og_title":"Art. de Inter\u00e9s - Sentir bien","og_description":"Estas personas te har\u00e1n cuestionar qu\u00e9 significa tener una enfermedad mental El Jard\u00edn de la Gratitud. Juntos crecemos m\u00e1s y mejor El amor no entiende de edad, de sexo o de raza..el amor es simplemente incondicional 20 Peque\u00f1as historias de amor que te har\u00e1n sonre\u00edr Las 5 cosas de las que m\u00e1s nos arrepentimos antes de morir Estos simples gr\u00e1ficos muestran la gran diferencia entre los estereotipos de g\u00e9nero \u00bfC\u00f3mo nos hace infelices Facebook? Ganar la loter\u00eda no te hace m\u00e1s feliz 8 Cosas indudablemente positivas de ser soltero en San Valent\u00edn 5 Fant\u00e1sticas ideas para solteros en San Valent\u00edn","og_url":"https:\/\/www.euroresidentes.com\/estilo-de-vida\/sentir-bien\/te-interesa.html","og_site_name":"Sentir bien","article_publisher":"https:\/\/www.facebook.com\/sentir.bien.euroresidentes\/","article_modified_time":"2016-02-16T08:22:07+00:00","twitter_card":"summary_large_image","twitter_site":"@sentirbien","twitter_misc":{"Est. reading time":"1 minuto"},"schema":{"@context":"https:\/\/schema.org","@graph":[{"@type":"WebPage","@id":"https:\/\/www.euroresidentes.com\/estilo-de-vida\/sentir-bien\/te-interesa.html","url":"https:\/\/www.euroresidentes.com\/estilo-de-vida\/sentir-bien\/te-interesa.html","name":"Art. de Inter\u00e9s - Sentir bien","isPartOf":{"@id":"https:\/\/www.euroresidentes.com\/estilo-de-vida\/sentir-bien\/#website"},"datePublished":"2015-05-19T15:22:00+00:00","dateModified":"2016-02-16T08:22:07+00:00","breadcrumb":{"@id":"https:\/\/www.euroresidentes.com\/estilo-de-vida\/sentir-bien\/te-interesa.html#breadcrumb"},"inLanguage":"es","potentialAction":[{"@type":"ReadAction","target":["https:\/\/www.euroresidentes.com\/estilo-de-vida\/sentir-bien\/te-interesa.html"]}]},{"@type":"BreadcrumbList","@id":"https:\/\/www.euroresidentes.com\/estilo-de-vida\/sentir-bien\/te-interesa.html#breadcrumb","itemListElement":[{"@type":"ListItem","position":1,"name":"Portada","item":"https:\/\/www.euroresidentes.com\/estilo-de-vida\/sentir-bien\/"},{"@type":"ListItem","position":2,"name":"Art. de Inter\u00e9s"}]},{"@type":"WebSite","@id":"https:\/\/www.euroresidentes.com\/estilo-de-vida\/sentir-bien\/#website","url":"https:\/\/www.euroresidentes.com\/estilo-de-vida\/sentir-bien\/","name":"Sentir bien","description":"Consejos para sentirse bien y mejorar la autoestima","potentialAction":[{"@type":"SearchAction","target":{"@type":"EntryPoint","urlTemplate":"https:\/\/www.euroresidentes.com\/estilo-de-vida\/sentir-bien\/?s={search_term_string}"},"query-input":{"@type":"PropertyValueSpecification","valueRequired":true,"valueName":"search_term_string"}}],"inLanguage":"es"}]}},"_links":{"self":[{"href":"https:\/\/www.euroresidentes.com\/estilo-de-vida\/sentir-bien\/wp-json\/wp\/v2\/pages\/447","targetHints":{"allow":["GET"]}}],"collection":[{"href":"https:\/\/www.euroresidentes.com\/estilo-de-vida\/sentir-bien\/wp-json\/wp\/v2\/pages"}],"about":[{"href":"https:\/\/www.euroresidentes.com\/estilo-de-vida\/sentir-bien\/wp-json\/wp\/v2\/types\/page"}],"author":[{"embeddable":true,"href":"https:\/\/www.euroresidentes.com\/estilo-de-vida\/sentir-bien\/wp-json\/wp\/v2\/users\/1"}],"replies":[{"embeddable":true,"href":"https:\/\/www.euroresidentes.com\/estilo-de-vida\/sentir-bien\/wp-json\/wp\/v2\/comments?post=447"}],"version-history":[{"count":2,"href":"https:\/\/www.euroresidentes.com\/estilo-de-vida\/sentir-bien\/wp-json\/wp\/v2\/pages\/447\/revisions"}],"predecessor-version":[{"id":5437,"href":"https:\/\/www.euroresidentes.com\/estilo-de-vida\/sentir-bien\/wp-json\/wp\/v2\/pages\/447\/revisions\/5437"}],"wp:attachment":[{"href":"https:\/\/www.euroresidentes.com\/estilo-de-vida\/sentir-bien\/wp-json\/wp\/v2\/media?parent=447"}],"curies":[{"name":"wp","href":"https:\/\/api.w.org\/{rel}","templated":true}]}}