{"id":446,"date":"2015-07-08T15:01:00","date_gmt":"2015-07-08T15:01:00","guid":{"rendered":"http:\/\/www.euroresidentes.com\/estilo-de-vida\/sentir-bien\/optimismo"},"modified":"2016-02-16T08:22:35","modified_gmt":"2016-02-16T08:22:35","slug":"optimismo","status":"publish","type":"page","link":"https:\/\/www.euroresidentes.com\/estilo-de-vida\/sentir-bien\/optimismo.html","title":{"rendered":"Ser feliz"},"content":{"rendered":"<p><a style=\"clear: right; float: right; margin-bottom: 1em; margin-left: 1em;\" href=\"https:\/\/www.euroresidentes.com\/estilo-de-vida\/sentir-bien\/wp-content\/uploads\/sites\/7\/2015\/07\/optimismo-1024x1024.jpg\"><img loading=\"lazy\" decoding=\"async\" src=\"https:\/\/www.euroresidentes.com\/estilo-de-vida\/sentir-bien\/wp-content\/uploads\/sites\/7\/2015\/07\/optimismo-1024x1024.jpg\" alt=\"\" width=\"200\" height=\"200\" border=\"0\" \/><\/a><\/p>\n<ul>\n<li><a href=\"http:\/\/sentir-bien.euroresidentes.com\/2015\/01\/11-habitos-que-te-robaban-la-felicidad.html\" target=\"_blank\"><b>11 H\u00e1bitos que te robaban la felicidad el a\u00f1o pasado<\/b><\/a><\/li>\n<li><b><a href=\"http:\/\/sentir-bien.euroresidentes.com\/2014\/12\/ganar-la-loteria-no-te-hace-mas-feliz.html\" target=\"_blank\">Ganar la loter\u00eda no te hace m\u00e1s feliz<\/a><\/b><\/li>\n<li><b><a href=\"http:\/\/sentir-bien.euroresidentes.com\/2014\/10\/despues-de-leer-esto-te-sentiras-mucho.html\" target=\"_blank\">Despu\u00e9s de leer esto te sentir\u00e1s mucho mejor<\/a><\/b><\/li>\n<li><b><a href=\"http:\/\/sentir-bien.euroresidentes.com\/2014\/08\/la-formula-de-la-felicidad.html\" target=\"_blank\">La F\u00f3rmula de la Felicidad<\/a><\/b><\/li>\n<li><b><a href=\"http:\/\/sentir-bien.euroresidentes.com\/2015\/05\/5-cosas-que-la-gente-feliz-hace-cada.html\" target=\"_blank\">5 Cosas que la gente feliz hace cada ma\u00f1ana antes de levantarse de la cama<\/a><\/b><\/li>\n<li><b><a href=\"http:\/\/sentir-bien.euroresidentes.com\/2014\/07\/aunque-no-te-des-cuenta-estas-28-cosas.html\" target=\"_blank\">Aunque no te des cuenta, estas 28 cosas te impiden ser feliz<\/a><\/b><\/li>\n<li><b><a href=\"http:\/\/sentir-bien.euroresidentes.com\/2014\/08\/5-reglas-basicas-para-ser-feliz.html\" target=\"_blank\">5 Reglas b\u00e1sicas para Ser Feliz<\/a><\/b><\/li>\n<li><b><a href=\"http:\/\/sentir-bien.euroresidentes.com\/2014\/12\/no-debemos-olvidar-agradecer-estos-10.html\" target=\"_blank\">No debemos olvidar agradecer estos 10 grandes privilegios<\/a><\/b><\/li>\n<li><b><a href=\"http:\/\/sentir-bien.euroresidentes.com\/2014\/06\/quieres-ser-feliz-nunca-renuncies-estas.html\" target=\"_blank\">\u00bfQuieres ser feliz? Nunca renuncies a estas 16 cosas<\/a><\/b><\/li>\n<li><b><a href=\"http:\/\/sentir-bien.euroresidentes.com\/2014\/04\/7-motivos-para-ser-feliz.html\" target=\"_blank\">7 motivos para ser feliz<\/a><\/b><\/li>\n<li><b><a href=\"http:\/\/sentir-bien.euroresidentes.com\/2014\/06\/15-hechos-cientificos-de-la-felicidad.html\" target=\"_blank\">La ciencia de la felicidad. 15 Hechos cient\u00edficos<\/a><\/b><\/li>\n<li><b><a href=\"http:\/\/sentir-bien.euroresidentes.com\/2014\/06\/7-hechos-cientificos-que-no-sabias-de.html\" target=\"_blank\">7 Hechos Cient\u00edficos que no sab\u00edas de las parejas felices<\/a><\/b><\/li>\n<li><a href=\"http:\/\/sentir-bien.euroresidentes.com\/2015\/03\/10-errores-que-la-gente-feliz-nunca.html\" target=\"_blank\"><b>10 Errores que la gente feliz nunca comete<\/b><\/a><\/li>\n<li><b><a href=\"http:\/\/sentir-bien.euroresidentes.com\/2014\/05\/10-caracteristicas-admirables-de-la.html\" target=\"_blank\">10 caracter\u00edsticas admirables de la gente feliz<\/a><\/b><\/li>\n<li><b><a href=\"http:\/\/sentir-bien.euroresidentes.com\/2015\/07\/50-de-las-mejores-cosas-en-la-vida-que.html\" target=\"_blank\">50 De las mejores cosas en la vida que el dinero no puede comprar<\/a><\/b><\/li>\n<li><b><a href=\"http:\/\/sentir-bien.euroresidentes.com\/2015\/07\/la-gente-que-gasta-dinero-en.html\">La gente que gasta dinero en experiencias en lugar de cosas es mucho m\u00e1s feliz<\/a><\/b><\/li>\n<li><b><a href=\"http:\/\/sentir-bien.euroresidentes.com\/2014\/11\/20-pequenas-historias-de-amor-que-te.html\" target=\"_blank\">20 Peque\u00f1as historias de amor que te har\u00e1n sonre\u00edr<\/a><\/b><\/li>\n<li><a href=\"http:\/\/sentir-bien.euroresidentes.com\/2014\/04\/8-beneficios-de-la-risa-que-debes-saber.html\" target=\"_blank\"><b>8 beneficios de la risa que debes saber<\/b><\/a><\/li>\n<li><a href=\"http:\/\/sentir-bien.euroresidentes.com\/2014\/03\/como-ser-optimista-en-6-pasos.html\" target=\"_blank\"><b>C\u00f3mo ser optimista en 6 pasos<\/b><\/a><\/li>\n<li><b><a href=\"http:\/\/sentir-bien.euroresidentes.com\/2012\/08\/pensar-cosas-agradables-positividad.html\" target=\"_blank\">Pensar cosas agradables. Positividad<\/a><\/b><\/li>\n<li><b><a href=\"http:\/\/sentir-bien.euroresidentes.com\/2014\/04\/43-cosas-que-debes-hacer-antes-de-morir.html\" target=\"_blank\">43 cosas que debes hacer antes de morir<\/a><\/b><\/li>\n<li><b><a href=\"http:\/\/sentir-bien.euroresidentes.com\/2014\/05\/18-lecciones-de-vida-que-te-cambiaran.html\" target=\"_blank\">18 lecciones de vida que te cambiar\u00e1n\u00a0<\/a><\/b><\/li>\n<li><b><a href=\"http:\/\/sentir-bien.euroresidentes.com\/2014\/06\/esto-te-interesa-los-6-asesinos-de-la.html\" target=\"_blank\">Los 6 asesinos de la Felicidad<\/a><\/b><\/li>\n<li><b><a href=\"http:\/\/sentir-bien.euroresidentes.com\/2015\/02\/como-nos-hace-infelices-facebook.html\" target=\"_blank\">\u00bfC\u00f3mo nos hace infelices Facebook?<\/a><\/b><\/li>\n<\/ul>\n<div><\/div>\n","protected":false},"excerpt":{"rendered":"<p>11 H\u00e1bitos que te robaban la felicidad el a\u00f1o pasado Ganar la loter\u00eda no te hace m\u00e1s feliz Despu\u00e9s de leer esto te sentir\u00e1s mucho mejor La F\u00f3rmula de la Felicidad 5 Cosas que la gente feliz hace cada ma\u00f1ana antes de levantarse de la cama Aunque no te des cuenta, estas 28 cosas te impiden ser feliz 5 Reglas b\u00e1sicas para Ser Feliz No debemos olvidar agradecer estos 10 grandes privilegios \u00bfQuieres ser feliz? Nunca renuncies a estas 16 cosas 7 motivos para ser feliz La ciencia de la felicidad. 15 Hechos cient\u00edficos 7 Hechos Cient\u00edficos que no sab\u00edas <\/p>\n","protected":false},"author":1,"featured_media":0,"parent":0,"menu_order":0,"comment_status":"closed","ping_status":"closed","template":"","meta":{"footnotes":""},"class_list":["post-446","page","type-page","status-publish","hentry"],"yoast_head":"<!-- This site is optimized with the Yoast SEO plugin v24.1 - https:\/\/yoast.com\/wordpress\/plugins\/seo\/ -->\n<title>Ser feliz - Sentir bien<\/title>\n<meta name=\"robots\" content=\"index, follow, max-snippet:-1, max-image-preview:large, max-video-preview:-1\" \/>\n<link rel=\"canonical\" href=\"https:\/\/www.euroresidentes.com\/estilo-de-vida\/sentir-bien\/optimismo.html\" \/>\n<meta property=\"og:locale\" content=\"es_ES\" \/>\n<meta property=\"og:type\" content=\"article\" \/>\n<meta property=\"og:title\" content=\"Ser feliz - Sentir bien\" \/>\n<meta property=\"og:description\" content=\"11 H\u00e1bitos que te robaban la felicidad el a\u00f1o pasado Ganar la loter\u00eda no te hace m\u00e1s feliz Despu\u00e9s de leer esto te sentir\u00e1s mucho mejor La F\u00f3rmula de la Felicidad 5 Cosas que la gente feliz hace cada ma\u00f1ana antes de levantarse de la cama Aunque no te des cuenta, estas 28 cosas te impiden ser feliz 5 Reglas b\u00e1sicas para Ser Feliz No debemos olvidar agradecer estos 10 grandes privilegios \u00bfQuieres ser feliz? Nunca renuncies a estas 16 cosas 7 motivos para ser feliz La ciencia de la felicidad. 15 Hechos cient\u00edficos 7 Hechos Cient\u00edficos que no sab\u00edas\" \/>\n<meta property=\"og:url\" content=\"https:\/\/www.euroresidentes.com\/estilo-de-vida\/sentir-bien\/optimismo.html\" \/>\n<meta property=\"og:site_name\" content=\"Sentir bien\" \/>\n<meta property=\"article:publisher\" content=\"https:\/\/www.facebook.com\/sentir.bien.euroresidentes\/\" \/>\n<meta property=\"article:modified_time\" content=\"2016-02-16T08:22:35+00:00\" \/>\n<meta property=\"og:image\" content=\"https:\/\/www.euroresidentes.com\/estilo-de-vida\/sentir-bien\/wp-content\/uploads\/sites\/7\/2015\/07\/optimismo-1024x1024.jpg\" \/>\n<meta name=\"twitter:card\" content=\"summary_large_image\" \/>\n<meta name=\"twitter:site\" content=\"@sentirbien\" \/>\n<meta name=\"twitter:label1\" content=\"Est. reading time\" \/>\n\t<meta name=\"twitter:data1\" content=\"1 minuto\" \/>\n<script type=\"application\/ld+json\" class=\"yoast-schema-graph\">{\"@context\":\"https:\/\/schema.org\",\"@graph\":[{\"@type\":\"WebPage\",\"@id\":\"https:\/\/www.euroresidentes.com\/estilo-de-vida\/sentir-bien\/optimismo.html\",\"url\":\"https:\/\/www.euroresidentes.com\/estilo-de-vida\/sentir-bien\/optimismo.html\",\"name\":\"Ser feliz - Sentir bien\",\"isPartOf\":{\"@id\":\"https:\/\/www.euroresidentes.com\/estilo-de-vida\/sentir-bien\/#website\"},\"primaryImageOfPage\":{\"@id\":\"https:\/\/www.euroresidentes.com\/estilo-de-vida\/sentir-bien\/optimismo.html#primaryimage\"},\"image\":{\"@id\":\"https:\/\/www.euroresidentes.com\/estilo-de-vida\/sentir-bien\/optimismo.html#primaryimage\"},\"thumbnailUrl\":\"https:\/\/www.euroresidentes.com\/estilo-de-vida\/sentir-bien\/wp-content\/uploads\/sites\/7\/2015\/07\/optimismo-1024x1024.jpg\",\"datePublished\":\"2015-07-08T15:01:00+00:00\",\"dateModified\":\"2016-02-16T08:22:35+00:00\",\"breadcrumb\":{\"@id\":\"https:\/\/www.euroresidentes.com\/estilo-de-vida\/sentir-bien\/optimismo.html#breadcrumb\"},\"inLanguage\":\"es\",\"potentialAction\":[{\"@type\":\"ReadAction\",\"target\":[\"https:\/\/www.euroresidentes.com\/estilo-de-vida\/sentir-bien\/optimismo.html\"]}]},{\"@type\":\"ImageObject\",\"inLanguage\":\"es\",\"@id\":\"https:\/\/www.euroresidentes.com\/estilo-de-vida\/sentir-bien\/optimismo.html#primaryimage\",\"url\":\"https:\/\/www.euroresidentes.com\/estilo-de-vida\/sentir-bien\/wp-content\/uploads\/sites\/7\/2015\/07\/optimismo-1024x1024.jpg\",\"contentUrl\":\"https:\/\/www.euroresidentes.com\/estilo-de-vida\/sentir-bien\/wp-content\/uploads\/sites\/7\/2015\/07\/optimismo-1024x1024.jpg\"},{\"@type\":\"BreadcrumbList\",\"@id\":\"https:\/\/www.euroresidentes.com\/estilo-de-vida\/sentir-bien\/optimismo.html#breadcrumb\",\"itemListElement\":[{\"@type\":\"ListItem\",\"position\":1,\"name\":\"Portada\",\"item\":\"https:\/\/www.euroresidentes.com\/estilo-de-vida\/sentir-bien\/\"},{\"@type\":\"ListItem\",\"position\":2,\"name\":\"Ser feliz\"}]},{\"@type\":\"WebSite\",\"@id\":\"https:\/\/www.euroresidentes.com\/estilo-de-vida\/sentir-bien\/#website\",\"url\":\"https:\/\/www.euroresidentes.com\/estilo-de-vida\/sentir-bien\/\",\"name\":\"Sentir bien\",\"description\":\"Consejos para sentirse bien y mejorar la autoestima\",\"potentialAction\":[{\"@type\":\"SearchAction\",\"target\":{\"@type\":\"EntryPoint\",\"urlTemplate\":\"https:\/\/www.euroresidentes.com\/estilo-de-vida\/sentir-bien\/?s={search_term_string}\"},\"query-input\":{\"@type\":\"PropertyValueSpecification\",\"valueRequired\":true,\"valueName\":\"search_term_string\"}}],\"inLanguage\":\"es\"}]}<\/script>\n<!-- \/ Yoast SEO plugin. -->","yoast_head_json":{"title":"Ser feliz - Sentir bien","robots":{"index":"index","follow":"follow","max-snippet":"max-snippet:-1","max-image-preview":"max-image-preview:large","max-video-preview":"max-video-preview:-1"},"canonical":"https:\/\/www.euroresidentes.com\/estilo-de-vida\/sentir-bien\/optimismo.html","og_locale":"es_ES","og_type":"article","og_title":"Ser feliz - Sentir bien","og_description":"11 H\u00e1bitos que te robaban la felicidad el a\u00f1o pasado Ganar la loter\u00eda no te hace m\u00e1s feliz Despu\u00e9s de leer esto te sentir\u00e1s mucho mejor La F\u00f3rmula de la Felicidad 5 Cosas que la gente feliz hace cada ma\u00f1ana antes de levantarse de la cama Aunque no te des cuenta, estas 28 cosas te impiden ser feliz 5 Reglas b\u00e1sicas para Ser Feliz No debemos olvidar agradecer estos 10 grandes privilegios \u00bfQuieres ser feliz? Nunca renuncies a estas 16 cosas 7 motivos para ser feliz La ciencia de la felicidad. 15 Hechos cient\u00edficos 7 Hechos Cient\u00edficos que no sab\u00edas","og_url":"https:\/\/www.euroresidentes.com\/estilo-de-vida\/sentir-bien\/optimismo.html","og_site_name":"Sentir bien","article_publisher":"https:\/\/www.facebook.com\/sentir.bien.euroresidentes\/","article_modified_time":"2016-02-16T08:22:35+00:00","og_image":[{"url":"https:\/\/www.euroresidentes.com\/estilo-de-vida\/sentir-bien\/wp-content\/uploads\/sites\/7\/2015\/07\/optimismo-1024x1024.jpg","type":"","width":"","height":""}],"twitter_card":"summary_large_image","twitter_site":"@sentirbien","twitter_misc":{"Est. reading time":"1 minuto"},"schema":{"@context":"https:\/\/schema.org","@graph":[{"@type":"WebPage","@id":"https:\/\/www.euroresidentes.com\/estilo-de-vida\/sentir-bien\/optimismo.html","url":"https:\/\/www.euroresidentes.com\/estilo-de-vida\/sentir-bien\/optimismo.html","name":"Ser feliz - Sentir bien","isPartOf":{"@id":"https:\/\/www.euroresidentes.com\/estilo-de-vida\/sentir-bien\/#website"},"primaryImageOfPage":{"@id":"https:\/\/www.euroresidentes.com\/estilo-de-vida\/sentir-bien\/optimismo.html#primaryimage"},"image":{"@id":"https:\/\/www.euroresidentes.com\/estilo-de-vida\/sentir-bien\/optimismo.html#primaryimage"},"thumbnailUrl":"https:\/\/www.euroresidentes.com\/estilo-de-vida\/sentir-bien\/wp-content\/uploads\/sites\/7\/2015\/07\/optimismo-1024x1024.jpg","datePublished":"2015-07-08T15:01:00+00:00","dateModified":"2016-02-16T08:22:35+00:00","breadcrumb":{"@id":"https:\/\/www.euroresidentes.com\/estilo-de-vida\/sentir-bien\/optimismo.html#breadcrumb"},"inLanguage":"es","potentialAction":[{"@type":"ReadAction","target":["https:\/\/www.euroresidentes.com\/estilo-de-vida\/sentir-bien\/optimismo.html"]}]},{"@type":"ImageObject","inLanguage":"es","@id":"https:\/\/www.euroresidentes.com\/estilo-de-vida\/sentir-bien\/optimismo.html#primaryimage","url":"https:\/\/www.euroresidentes.com\/estilo-de-vida\/sentir-bien\/wp-content\/uploads\/sites\/7\/2015\/07\/optimismo-1024x1024.jpg","contentUrl":"https:\/\/www.euroresidentes.com\/estilo-de-vida\/sentir-bien\/wp-content\/uploads\/sites\/7\/2015\/07\/optimismo-1024x1024.jpg"},{"@type":"BreadcrumbList","@id":"https:\/\/www.euroresidentes.com\/estilo-de-vida\/sentir-bien\/optimismo.html#breadcrumb","itemListElement":[{"@type":"ListItem","position":1,"name":"Portada","item":"https:\/\/www.euroresidentes.com\/estilo-de-vida\/sentir-bien\/"},{"@type":"ListItem","position":2,"name":"Ser feliz"}]},{"@type":"WebSite","@id":"https:\/\/www.euroresidentes.com\/estilo-de-vida\/sentir-bien\/#website","url":"https:\/\/www.euroresidentes.com\/estilo-de-vida\/sentir-bien\/","name":"Sentir bien","description":"Consejos para sentirse bien y mejorar la autoestima","potentialAction":[{"@type":"SearchAction","target":{"@type":"EntryPoint","urlTemplate":"https:\/\/www.euroresidentes.com\/estilo-de-vida\/sentir-bien\/?s={search_term_string}"},"query-input":{"@type":"PropertyValueSpecification","valueRequired":true,"valueName":"search_term_string"}}],"inLanguage":"es"}]}},"_links":{"self":[{"href":"https:\/\/www.euroresidentes.com\/estilo-de-vida\/sentir-bien\/wp-json\/wp\/v2\/pages\/446","targetHints":{"allow":["GET"]}}],"collection":[{"href":"https:\/\/www.euroresidentes.com\/estilo-de-vida\/sentir-bien\/wp-json\/wp\/v2\/pages"}],"about":[{"href":"https:\/\/www.euroresidentes.com\/estilo-de-vida\/sentir-bien\/wp-json\/wp\/v2\/types\/page"}],"author":[{"embeddable":true,"href":"https:\/\/www.euroresidentes.com\/estilo-de-vida\/sentir-bien\/wp-json\/wp\/v2\/users\/1"}],"replies":[{"embeddable":true,"href":"https:\/\/www.euroresidentes.com\/estilo-de-vida\/sentir-bien\/wp-json\/wp\/v2\/comments?post=446"}],"version-history":[{"count":2,"href":"https:\/\/www.euroresidentes.com\/estilo-de-vida\/sentir-bien\/wp-json\/wp\/v2\/pages\/446\/revisions"}],"predecessor-version":[{"id":5443,"href":"https:\/\/www.euroresidentes.com\/estilo-de-vida\/sentir-bien\/wp-json\/wp\/v2\/pages\/446\/revisions\/5443"}],"wp:attachment":[{"href":"https:\/\/www.euroresidentes.com\/estilo-de-vida\/sentir-bien\/wp-json\/wp\/v2\/media?parent=446"}],"curies":[{"name":"wp","href":"https:\/\/api.w.org\/{rel}","templated":true}]}}