{"id":42,"date":"2013-10-03T09:44:00","date_gmt":"2013-10-03T09:44:00","guid":{"rendered":"http:\/\/www.euroresidentes.com\/estilo-de-vida\/moda-estilo\/yo-te-considero"},"modified":"2016-02-25T07:51:24","modified_gmt":"2016-02-25T07:51:24","slug":"yo-te-considero","status":"publish","type":"page","link":"https:\/\/www.euroresidentes.com\/estilo-de-vida\/moda-estilo\/yo-te-considero.html","title":{"rendered":"Shekinah Espigule, Creadora de Moda y Estilo"},"content":{"rendered":"<div class=\"separator\" style=\"clear: both; text-align: center;\">\n<a href=\"http:\/\/3.bp.blogspot.com\/-QiKvxinT3RA\/Uk08Rwfz3PI\/AAAAAAAAKSM\/J81IN6s1hb0\/s1600\/shekinah.jpg\" imageanchor=\"1\" style=\"clear: right; float: right; margin-bottom: 1em; margin-left: 1em;\"><img loading=\"lazy\" decoding=\"async\" border=\"0\" height=\"320\" src=\"https:\/\/www.euroresidentes.com\/estilo-de-vida\/moda-estilo\/wp-content\/uploads\/sites\/15\/2013\/10\/shekinah.jpg\" width=\"239\" \/><\/a><\/div>\n<p>Shekinah, nueva colaboradora de Euroresidentes es una chica con mucho glamour,  interesada siempre en el estilo,  la belleza y el amor.<\/p>\n<p>Excelente asesora de imagen, le encanta dar soluciones del saber estar, del saber vestir y sentirse guapa sea la que sea la forma del cuerpo, la edad, incluso la capacidad adquisitiva. Es capaz de generar ideas y dar respuesta a todo tipo de situaci\u00f3n.<\/p>\n<p>Una persona rebelde en cuanto a sus ideas, buscando siempre la armon\u00eda integral en todo, luchando por la elegante sencillez siempre.<\/p>\n<p>Muy femenina, so\u00f1adora, con alas para volar muy alto, sin embargo es tradicional en su forma de vivir. Adora a sus hermanas a los ni\u00f1os,  a los mayores y a los animales, en los que encuentra la verdadera belleza y la verdad.<\/p>\n<p>En ellos encuentra los valores invisibles incapaces de comprar.<\/p>\n<p>Shekinah piensa que la felicidad y una gran sonrisa es el mejor cosm\u00e9tico para ser bella.<\/p>\n<p>Polifac\u00e9tica a la hora de vestir le encanta las mezclas entre el lujo y lo sencillo.<\/p>\n<p>Siempre con soluciones express para multiplicar la belleza,  es muy creativa.,  muy rom\u00e1ntica, dicen las que la conocen que es la combinaci\u00f3n perfecta de persona: coraz\u00f3n,  belleza,  moda,  alegr\u00eda y creatividad.<\/p>\n<p>No encuentra l\u00edmites ni obst\u00e1culos cuando quiere algo.<\/p>\n<p>Es un ser que no necesita el sol para brillar,  siempre con una actitud optimista.<\/p>\n<p>Trabajadora neta,  ella es un universo de sorpresas,  llena de talentos y con una actitud positiva ante la vida. <\/p>\n","protected":false},"excerpt":{"rendered":"<p>Shekinah, nueva colaboradora de Euroresidentes es una chica con mucho glamour, interesada siempre en el estilo, la belleza y el amor. Excelente asesora de imagen, le encanta dar soluciones del saber estar, del saber vestir y sentirse guapa sea la que sea la forma del cuerpo, la edad, incluso la capacidad adquisitiva. Es capaz de generar ideas y dar respuesta a todo tipo de situaci\u00f3n. Una persona rebelde en cuanto a sus ideas, buscando siempre la armon\u00eda integral en todo, luchando por la elegante sencillez siempre. Muy femenina, so\u00f1adora, con alas para volar muy alto, sin embargo es tradicional en <\/p>\n","protected":false},"author":1,"featured_media":0,"parent":0,"menu_order":0,"comment_status":"closed","ping_status":"closed","template":"","meta":{"footnotes":""},"class_list":["post-42","page","type-page","status-publish","hentry"],"yoast_head":"<!-- This site is optimized with the Yoast SEO plugin v24.1 - https:\/\/yoast.com\/wordpress\/plugins\/seo\/ -->\n<title>Shekinah Espigule, Creadora de Moda y Estilo - Moda y estilo<\/title>\n<meta name=\"robots\" content=\"index, follow, max-snippet:-1, max-image-preview:large, max-video-preview:-1\" \/>\n<link rel=\"canonical\" href=\"https:\/\/www.euroresidentes.com\/estilo-de-vida\/moda-estilo\/yo-te-considero.html\" \/>\n<meta property=\"og:locale\" content=\"es_ES\" \/>\n<meta property=\"og:type\" content=\"article\" \/>\n<meta property=\"og:title\" content=\"Shekinah Espigule, Creadora de Moda y Estilo - Moda y estilo\" \/>\n<meta property=\"og:description\" content=\"Shekinah, nueva colaboradora de Euroresidentes es una chica con mucho glamour, interesada siempre en el estilo, la belleza y el amor. Excelente asesora de imagen, le encanta dar soluciones del saber estar, del saber vestir y sentirse guapa sea la que sea la forma del cuerpo, la edad, incluso la capacidad adquisitiva. Es capaz de generar ideas y dar respuesta a todo tipo de situaci\u00f3n. Una persona rebelde en cuanto a sus ideas, buscando siempre la armon\u00eda integral en todo, luchando por la elegante sencillez siempre. Muy femenina, so\u00f1adora, con alas para volar muy alto, sin embargo es tradicional en\" \/>\n<meta property=\"og:url\" content=\"https:\/\/www.euroresidentes.com\/estilo-de-vida\/moda-estilo\/yo-te-considero.html\" \/>\n<meta property=\"og:site_name\" content=\"Moda y estilo\" \/>\n<meta property=\"article:publisher\" content=\"https:\/\/www.facebook.com\/euroresidentes\/\" \/>\n<meta property=\"article:modified_time\" content=\"2016-02-25T07:51:24+00:00\" \/>\n<meta property=\"og:image\" content=\"https:\/\/www.euroresidentes.com\/estilo-de-vida\/moda-estilo\/wp-content\/uploads\/sites\/15\/2013\/10\/shekinah.jpg\" \/>\n<meta name=\"twitter:card\" content=\"summary_large_image\" \/>\n<meta name=\"twitter:label1\" content=\"Est. reading time\" \/>\n\t<meta name=\"twitter:data1\" content=\"1 minuto\" \/>\n<script type=\"application\/ld+json\" class=\"yoast-schema-graph\">{\"@context\":\"https:\/\/schema.org\",\"@graph\":[{\"@type\":\"WebPage\",\"@id\":\"https:\/\/www.euroresidentes.com\/estilo-de-vida\/moda-estilo\/yo-te-considero.html\",\"url\":\"https:\/\/www.euroresidentes.com\/estilo-de-vida\/moda-estilo\/yo-te-considero.html\",\"name\":\"Shekinah Espigule, Creadora de Moda y Estilo - Moda y estilo\",\"isPartOf\":{\"@id\":\"https:\/\/www.euroresidentes.com\/estilo-de-vida\/moda-estilo\/#website\"},\"primaryImageOfPage\":{\"@id\":\"https:\/\/www.euroresidentes.com\/estilo-de-vida\/moda-estilo\/yo-te-considero.html#primaryimage\"},\"image\":{\"@id\":\"https:\/\/www.euroresidentes.com\/estilo-de-vida\/moda-estilo\/yo-te-considero.html#primaryimage\"},\"thumbnailUrl\":\"https:\/\/www.euroresidentes.com\/estilo-de-vida\/moda-estilo\/wp-content\/uploads\/sites\/15\/2013\/10\/shekinah.jpg\",\"datePublished\":\"2013-10-03T09:44:00+00:00\",\"dateModified\":\"2016-02-25T07:51:24+00:00\",\"breadcrumb\":{\"@id\":\"https:\/\/www.euroresidentes.com\/estilo-de-vida\/moda-estilo\/yo-te-considero.html#breadcrumb\"},\"inLanguage\":\"es\",\"potentialAction\":[{\"@type\":\"ReadAction\",\"target\":[\"https:\/\/www.euroresidentes.com\/estilo-de-vida\/moda-estilo\/yo-te-considero.html\"]}]},{\"@type\":\"ImageObject\",\"inLanguage\":\"es\",\"@id\":\"https:\/\/www.euroresidentes.com\/estilo-de-vida\/moda-estilo\/yo-te-considero.html#primaryimage\",\"url\":\"https:\/\/www.euroresidentes.com\/estilo-de-vida\/moda-estilo\/wp-content\/uploads\/sites\/15\/2013\/10\/shekinah.jpg\",\"contentUrl\":\"https:\/\/www.euroresidentes.com\/estilo-de-vida\/moda-estilo\/wp-content\/uploads\/sites\/15\/2013\/10\/shekinah.jpg\",\"width\":239,\"height\":320},{\"@type\":\"BreadcrumbList\",\"@id\":\"https:\/\/www.euroresidentes.com\/estilo-de-vida\/moda-estilo\/yo-te-considero.html#breadcrumb\",\"itemListElement\":[{\"@type\":\"ListItem\",\"position\":1,\"name\":\"Portada\",\"item\":\"https:\/\/www.euroresidentes.com\/estilo-de-vida\/moda-estilo\/\"},{\"@type\":\"ListItem\",\"position\":2,\"name\":\"Shekinah Espigule, Creadora de Moda y Estilo\"}]},{\"@type\":\"WebSite\",\"@id\":\"https:\/\/www.euroresidentes.com\/estilo-de-vida\/moda-estilo\/#website\",\"url\":\"https:\/\/www.euroresidentes.com\/estilo-de-vida\/moda-estilo\/\",\"name\":\"Moda y estilo\",\"description\":\"Tendencias de moda y belleza\",\"potentialAction\":[{\"@type\":\"SearchAction\",\"target\":{\"@type\":\"EntryPoint\",\"urlTemplate\":\"https:\/\/www.euroresidentes.com\/estilo-de-vida\/moda-estilo\/?s={search_term_string}\"},\"query-input\":{\"@type\":\"PropertyValueSpecification\",\"valueRequired\":true,\"valueName\":\"search_term_string\"}}],\"inLanguage\":\"es\"}]}<\/script>\n<!-- \/ Yoast SEO plugin. -->","yoast_head_json":{"title":"Shekinah Espigule, Creadora de Moda y Estilo - Moda y estilo","robots":{"index":"index","follow":"follow","max-snippet":"max-snippet:-1","max-image-preview":"max-image-preview:large","max-video-preview":"max-video-preview:-1"},"canonical":"https:\/\/www.euroresidentes.com\/estilo-de-vida\/moda-estilo\/yo-te-considero.html","og_locale":"es_ES","og_type":"article","og_title":"Shekinah Espigule, Creadora de Moda y Estilo - Moda y estilo","og_description":"Shekinah, nueva colaboradora de Euroresidentes es una chica con mucho glamour, interesada siempre en el estilo, la belleza y el amor. Excelente asesora de imagen, le encanta dar soluciones del saber estar, del saber vestir y sentirse guapa sea la que sea la forma del cuerpo, la edad, incluso la capacidad adquisitiva. Es capaz de generar ideas y dar respuesta a todo tipo de situaci\u00f3n. Una persona rebelde en cuanto a sus ideas, buscando siempre la armon\u00eda integral en todo, luchando por la elegante sencillez siempre. Muy femenina, so\u00f1adora, con alas para volar muy alto, sin embargo es tradicional en","og_url":"https:\/\/www.euroresidentes.com\/estilo-de-vida\/moda-estilo\/yo-te-considero.html","og_site_name":"Moda y estilo","article_publisher":"https:\/\/www.facebook.com\/euroresidentes\/","article_modified_time":"2016-02-25T07:51:24+00:00","og_image":[{"url":"https:\/\/www.euroresidentes.com\/estilo-de-vida\/moda-estilo\/wp-content\/uploads\/sites\/15\/2013\/10\/shekinah.jpg","type":"","width":"","height":""}],"twitter_card":"summary_large_image","twitter_misc":{"Est. reading time":"1 minuto"},"schema":{"@context":"https:\/\/schema.org","@graph":[{"@type":"WebPage","@id":"https:\/\/www.euroresidentes.com\/estilo-de-vida\/moda-estilo\/yo-te-considero.html","url":"https:\/\/www.euroresidentes.com\/estilo-de-vida\/moda-estilo\/yo-te-considero.html","name":"Shekinah Espigule, Creadora de Moda y Estilo - Moda y estilo","isPartOf":{"@id":"https:\/\/www.euroresidentes.com\/estilo-de-vida\/moda-estilo\/#website"},"primaryImageOfPage":{"@id":"https:\/\/www.euroresidentes.com\/estilo-de-vida\/moda-estilo\/yo-te-considero.html#primaryimage"},"image":{"@id":"https:\/\/www.euroresidentes.com\/estilo-de-vida\/moda-estilo\/yo-te-considero.html#primaryimage"},"thumbnailUrl":"https:\/\/www.euroresidentes.com\/estilo-de-vida\/moda-estilo\/wp-content\/uploads\/sites\/15\/2013\/10\/shekinah.jpg","datePublished":"2013-10-03T09:44:00+00:00","dateModified":"2016-02-25T07:51:24+00:00","breadcrumb":{"@id":"https:\/\/www.euroresidentes.com\/estilo-de-vida\/moda-estilo\/yo-te-considero.html#breadcrumb"},"inLanguage":"es","potentialAction":[{"@type":"ReadAction","target":["https:\/\/www.euroresidentes.com\/estilo-de-vida\/moda-estilo\/yo-te-considero.html"]}]},{"@type":"ImageObject","inLanguage":"es","@id":"https:\/\/www.euroresidentes.com\/estilo-de-vida\/moda-estilo\/yo-te-considero.html#primaryimage","url":"https:\/\/www.euroresidentes.com\/estilo-de-vida\/moda-estilo\/wp-content\/uploads\/sites\/15\/2013\/10\/shekinah.jpg","contentUrl":"https:\/\/www.euroresidentes.com\/estilo-de-vida\/moda-estilo\/wp-content\/uploads\/sites\/15\/2013\/10\/shekinah.jpg","width":239,"height":320},{"@type":"BreadcrumbList","@id":"https:\/\/www.euroresidentes.com\/estilo-de-vida\/moda-estilo\/yo-te-considero.html#breadcrumb","itemListElement":[{"@type":"ListItem","position":1,"name":"Portada","item":"https:\/\/www.euroresidentes.com\/estilo-de-vida\/moda-estilo\/"},{"@type":"ListItem","position":2,"name":"Shekinah Espigule, Creadora de Moda y Estilo"}]},{"@type":"WebSite","@id":"https:\/\/www.euroresidentes.com\/estilo-de-vida\/moda-estilo\/#website","url":"https:\/\/www.euroresidentes.com\/estilo-de-vida\/moda-estilo\/","name":"Moda y estilo","description":"Tendencias de moda y belleza","potentialAction":[{"@type":"SearchAction","target":{"@type":"EntryPoint","urlTemplate":"https:\/\/www.euroresidentes.com\/estilo-de-vida\/moda-estilo\/?s={search_term_string}"},"query-input":{"@type":"PropertyValueSpecification","valueRequired":true,"valueName":"search_term_string"}}],"inLanguage":"es"}]}},"_links":{"self":[{"href":"https:\/\/www.euroresidentes.com\/estilo-de-vida\/moda-estilo\/wp-json\/wp\/v2\/pages\/42","targetHints":{"allow":["GET"]}}],"collection":[{"href":"https:\/\/www.euroresidentes.com\/estilo-de-vida\/moda-estilo\/wp-json\/wp\/v2\/pages"}],"about":[{"href":"https:\/\/www.euroresidentes.com\/estilo-de-vida\/moda-estilo\/wp-json\/wp\/v2\/types\/page"}],"author":[{"embeddable":true,"href":"https:\/\/www.euroresidentes.com\/estilo-de-vida\/moda-estilo\/wp-json\/wp\/v2\/users\/1"}],"replies":[{"embeddable":true,"href":"https:\/\/www.euroresidentes.com\/estilo-de-vida\/moda-estilo\/wp-json\/wp\/v2\/comments?post=42"}],"version-history":[{"count":1,"href":"https:\/\/www.euroresidentes.com\/estilo-de-vida\/moda-estilo\/wp-json\/wp\/v2\/pages\/42\/revisions"}],"predecessor-version":[{"id":571,"href":"https:\/\/www.euroresidentes.com\/estilo-de-vida\/moda-estilo\/wp-json\/wp\/v2\/pages\/42\/revisions\/571"}],"wp:attachment":[{"href":"https:\/\/www.euroresidentes.com\/estilo-de-vida\/moda-estilo\/wp-json\/wp\/v2\/media?parent=42"}],"curies":[{"name":"wp","href":"https:\/\/api.w.org\/{rel}","templated":true}]}}