{"id":1838,"date":"2015-02-27T10:05:00","date_gmt":"2015-02-27T09:05:00","guid":{"rendered":"http:\/\/www.euroresidentes.com\/estilo-de-vida\/moda-estilo\/maquillaje.html"},"modified":"2016-12-19T13:14:36","modified_gmt":"2016-12-19T12:14:36","slug":"maquillaje","status":"publish","type":"page","link":"https:\/\/www.euroresidentes.com\/estilo-de-vida\/moda-estilo\/maquillaje.html","title":{"rendered":"Trucos de maquillaje"},"content":{"rendered":"<p>Aprende a maquillarte y a perfeccionar tu piel conmigo, con estas ideas y sencillos trucos<\/p>\n<p><\/p>\n<ul>\n<li><a href=\"http:\/\/peluqueria-estetica.estudiantes.info\/2014\/03\/3-maquillajes-para-diario.html\" target=\"_blank\">3 Maquillajes para diario<\/a><\/li>\n<\/ul>\n<ul>\n<li><a href=\"http:\/\/peluqueria-estetica.estudiantes.info\/2014\/03\/maquillaje-para-pelirrojas.html\" target=\"_blank\">Maquillaje Pelirrojas&nbsp;<\/a><\/li>\n<\/ul>\n<ul>\n<li><a href=\"http:\/\/peluqueria-estetica.estudiantes.info\/2014\/04\/como-aplicar-pestanas-postizas-en-6.html\" target=\"_blank\">Pesta\u00f1as postizas: Apl\u00edcalas en 6 pasos<\/a><\/li>\n<\/ul>\n<ul>\n<li><a href=\"http:\/\/peluqueria-estetica.estudiantes.info\/2014\/05\/una-app-que-te-ayuda-maquillarte.html\" target=\"_blank\">Una app que te ayuda a maquillarte<\/a><\/li>\n<\/ul>\n<ul>\n<li><a href=\"http:\/\/peluqueria-estetica.estudiantes.info\/2014\/06\/4-trucos-para-rizar-bien-tus-pestanas.html\" target=\"_blank\">Riza bien tus pesta\u00f1as<\/a><\/li>\n<\/ul>\n<ul>\n<li><a href=\"http:\/\/peluqueria-estetica.estudiantes.info\/2014\/06\/truco-sencillisimo-para-evitar-el.html\" target=\"_blank\">TRUCO para evitar el pintalabios en los dientes<\/a><\/li>\n<\/ul>\n<ul>\n<li><a href=\"http:\/\/peluqueria-estetica.estudiantes.info\/2014\/07\/9-sencillos-trucos-para-un-maquillaje.html\" target=\"_blank\">Maquillaje perfecto: 9 trucos<\/a><\/li>\n<\/ul>\n<ul>\n<li><a href=\"http:\/\/peluqueria-estetica.estudiantes.info\/2014\/07\/que-corrector-utilizo-para-mis-ojeras.html\" target=\"_blank\">\u00bfQu\u00e9 corrector utilizo para mis ojeras?<\/a><\/li>\n<\/ul>\n<ul>\n<li><a href=\"http:\/\/peluqueria-estetica.estudiantes.info\/2014\/08\/25-trucos-de-belleza-ii-especial.html\" target=\"_blank\">25 Trucos: Especial maquillaje<\/a><\/li>\n<\/ul>\n<ul>\n<li><a href=\"http:\/\/peluqueria-estetica.estudiantes.info\/2014\/09\/8-malos-habitos-que-pueden-arruinar-tu.html\" target=\"_blank\">8 malos h\u00e1bitos que arruinan tu maquillaje<\/a><\/li>\n<\/ul>\n<ul>\n<li><a href=\"http:\/\/peluqueria-estetica.estudiantes.info\/2014\/09\/selfies-cual-es-el-mejor-maquillaje.html\" target=\"_blank\">Selfies: El mejor maquillaje<\/a><\/li>\n<\/ul>\n<ul>\n<li><a href=\"http:\/\/peluqueria-estetica.estudiantes.info\/2014\/11\/10-senales-de-que-tu-maquillaje-esta.html\" target=\"_blank\">10 se\u00f1ales de que tu maquillaje est\u00e1 anticuado<\/a><\/li>\n<\/ul>\n<ul>\n<li><a href=\"http:\/\/peluqueria-estetica.estudiantes.info\/2015\/01\/concurso-noche-de-fin-de-ano-los-20.html\" target=\"_blank\">Concurso Noche de Fin de A\u00f1o: Los 20 mejores maquillaje<\/a><\/li>\n<\/ul>\n<ul>\n<li><a href=\"http:\/\/peluqueria-estetica.estudiantes.info\/2015\/02\/10-trucos-para-aprender-utilizar-bien.html\" target=\"_blank\">10 trucos para utilizar bien el corrector<\/a><\/li>\n<\/ul>\n<ul>\n<li><a href=\"http:\/\/peluqueria-estetica.estudiantes.info\/2015\/02\/deslumbra-el-dia-de-san-valentin-parte_11.html\" target=\"_blank\">Deslumbra en San Valentin. Maqu\u00edllate<\/a><\/li>\n<\/ul>\n","protected":false},"excerpt":{"rendered":"<p>Aprende a maquillarte y a perfeccionar tu piel conmigo, con estas ideas y sencillos trucos 3 Maquillajes para diario Maquillaje Pelirrojas&nbsp; Pesta\u00f1as postizas: Apl\u00edcalas en 6 pasos Una app que te ayuda a maquillarte Riza bien tus pesta\u00f1as TRUCO para evitar el pintalabios en los dientes Maquillaje perfecto: 9 trucos \u00bfQu\u00e9 corrector utilizo para mis ojeras? 25 Trucos: Especial maquillaje 8 malos h\u00e1bitos que arruinan tu maquillaje Selfies: El mejor maquillaje 10 se\u00f1ales de que tu maquillaje est\u00e1 anticuado Concurso Noche de Fin de A\u00f1o: Los 20 mejores maquillaje 10 trucos para utilizar bien el corrector Deslumbra en San Valentin. <\/p>\n","protected":false},"author":16,"featured_media":0,"parent":0,"menu_order":0,"comment_status":"closed","ping_status":"closed","template":"","meta":{"footnotes":""},"class_list":["post-1838","page","type-page","status-publish","hentry"],"yoast_head":"<!-- This site is optimized with the Yoast SEO plugin v24.1 - https:\/\/yoast.com\/wordpress\/plugins\/seo\/ -->\n<title>Trucos de maquillaje - Moda y estilo<\/title>\n<meta name=\"robots\" content=\"index, follow, max-snippet:-1, max-image-preview:large, max-video-preview:-1\" \/>\n<link rel=\"canonical\" href=\"https:\/\/www.euroresidentes.com\/estilo-de-vida\/moda-estilo\/maquillaje.html\" \/>\n<meta property=\"og:locale\" content=\"es_ES\" \/>\n<meta property=\"og:type\" content=\"article\" \/>\n<meta property=\"og:title\" content=\"Trucos de maquillaje - Moda y estilo\" \/>\n<meta property=\"og:description\" content=\"Aprende a maquillarte y a perfeccionar tu piel conmigo, con estas ideas y sencillos trucos 3 Maquillajes para diario Maquillaje Pelirrojas&nbsp; Pesta\u00f1as postizas: Apl\u00edcalas en 6 pasos Una app que te ayuda a maquillarte Riza bien tus pesta\u00f1as TRUCO para evitar el pintalabios en los dientes Maquillaje perfecto: 9 trucos \u00bfQu\u00e9 corrector utilizo para mis ojeras? 25 Trucos: Especial maquillaje 8 malos h\u00e1bitos que arruinan tu maquillaje Selfies: El mejor maquillaje 10 se\u00f1ales de que tu maquillaje est\u00e1 anticuado Concurso Noche de Fin de A\u00f1o: Los 20 mejores maquillaje 10 trucos para utilizar bien el corrector Deslumbra en San Valentin.\" \/>\n<meta property=\"og:url\" content=\"https:\/\/www.euroresidentes.com\/estilo-de-vida\/moda-estilo\/maquillaje.html\" \/>\n<meta property=\"og:site_name\" content=\"Moda y estilo\" \/>\n<meta property=\"article:publisher\" content=\"https:\/\/www.facebook.com\/euroresidentes\/\" \/>\n<meta property=\"article:modified_time\" content=\"2016-12-19T12:14:36+00:00\" \/>\n<meta name=\"twitter:card\" content=\"summary_large_image\" \/>\n<meta name=\"twitter:label1\" content=\"Est. reading time\" \/>\n\t<meta name=\"twitter:data1\" content=\"1 minuto\" \/>\n<script type=\"application\/ld+json\" class=\"yoast-schema-graph\">{\"@context\":\"https:\/\/schema.org\",\"@graph\":[{\"@type\":\"WebPage\",\"@id\":\"https:\/\/www.euroresidentes.com\/estilo-de-vida\/moda-estilo\/maquillaje.html\",\"url\":\"https:\/\/www.euroresidentes.com\/estilo-de-vida\/moda-estilo\/maquillaje.html\",\"name\":\"Trucos de maquillaje - Moda y estilo\",\"isPartOf\":{\"@id\":\"https:\/\/www.euroresidentes.com\/estilo-de-vida\/moda-estilo\/#website\"},\"datePublished\":\"2015-02-27T09:05:00+00:00\",\"dateModified\":\"2016-12-19T12:14:36+00:00\",\"breadcrumb\":{\"@id\":\"https:\/\/www.euroresidentes.com\/estilo-de-vida\/moda-estilo\/maquillaje.html#breadcrumb\"},\"inLanguage\":\"es\",\"potentialAction\":[{\"@type\":\"ReadAction\",\"target\":[\"https:\/\/www.euroresidentes.com\/estilo-de-vida\/moda-estilo\/maquillaje.html\"]}]},{\"@type\":\"BreadcrumbList\",\"@id\":\"https:\/\/www.euroresidentes.com\/estilo-de-vida\/moda-estilo\/maquillaje.html#breadcrumb\",\"itemListElement\":[{\"@type\":\"ListItem\",\"position\":1,\"name\":\"Portada\",\"item\":\"https:\/\/www.euroresidentes.com\/estilo-de-vida\/moda-estilo\/\"},{\"@type\":\"ListItem\",\"position\":2,\"name\":\"Trucos de maquillaje\"}]},{\"@type\":\"WebSite\",\"@id\":\"https:\/\/www.euroresidentes.com\/estilo-de-vida\/moda-estilo\/#website\",\"url\":\"https:\/\/www.euroresidentes.com\/estilo-de-vida\/moda-estilo\/\",\"name\":\"Moda y estilo\",\"description\":\"Tendencias de moda y belleza\",\"potentialAction\":[{\"@type\":\"SearchAction\",\"target\":{\"@type\":\"EntryPoint\",\"urlTemplate\":\"https:\/\/www.euroresidentes.com\/estilo-de-vida\/moda-estilo\/?s={search_term_string}\"},\"query-input\":{\"@type\":\"PropertyValueSpecification\",\"valueRequired\":true,\"valueName\":\"search_term_string\"}}],\"inLanguage\":\"es\"}]}<\/script>\n<!-- \/ Yoast SEO plugin. -->","yoast_head_json":{"title":"Trucos de maquillaje - Moda y estilo","robots":{"index":"index","follow":"follow","max-snippet":"max-snippet:-1","max-image-preview":"max-image-preview:large","max-video-preview":"max-video-preview:-1"},"canonical":"https:\/\/www.euroresidentes.com\/estilo-de-vida\/moda-estilo\/maquillaje.html","og_locale":"es_ES","og_type":"article","og_title":"Trucos de maquillaje - Moda y estilo","og_description":"Aprende a maquillarte y a perfeccionar tu piel conmigo, con estas ideas y sencillos trucos 3 Maquillajes para diario Maquillaje Pelirrojas&nbsp; Pesta\u00f1as postizas: Apl\u00edcalas en 6 pasos Una app que te ayuda a maquillarte Riza bien tus pesta\u00f1as TRUCO para evitar el pintalabios en los dientes Maquillaje perfecto: 9 trucos \u00bfQu\u00e9 corrector utilizo para mis ojeras? 25 Trucos: Especial maquillaje 8 malos h\u00e1bitos que arruinan tu maquillaje Selfies: El mejor maquillaje 10 se\u00f1ales de que tu maquillaje est\u00e1 anticuado Concurso Noche de Fin de A\u00f1o: Los 20 mejores maquillaje 10 trucos para utilizar bien el corrector Deslumbra en San Valentin.","og_url":"https:\/\/www.euroresidentes.com\/estilo-de-vida\/moda-estilo\/maquillaje.html","og_site_name":"Moda y estilo","article_publisher":"https:\/\/www.facebook.com\/euroresidentes\/","article_modified_time":"2016-12-19T12:14:36+00:00","twitter_card":"summary_large_image","twitter_misc":{"Est. reading time":"1 minuto"},"schema":{"@context":"https:\/\/schema.org","@graph":[{"@type":"WebPage","@id":"https:\/\/www.euroresidentes.com\/estilo-de-vida\/moda-estilo\/maquillaje.html","url":"https:\/\/www.euroresidentes.com\/estilo-de-vida\/moda-estilo\/maquillaje.html","name":"Trucos de maquillaje - Moda y estilo","isPartOf":{"@id":"https:\/\/www.euroresidentes.com\/estilo-de-vida\/moda-estilo\/#website"},"datePublished":"2015-02-27T09:05:00+00:00","dateModified":"2016-12-19T12:14:36+00:00","breadcrumb":{"@id":"https:\/\/www.euroresidentes.com\/estilo-de-vida\/moda-estilo\/maquillaje.html#breadcrumb"},"inLanguage":"es","potentialAction":[{"@type":"ReadAction","target":["https:\/\/www.euroresidentes.com\/estilo-de-vida\/moda-estilo\/maquillaje.html"]}]},{"@type":"BreadcrumbList","@id":"https:\/\/www.euroresidentes.com\/estilo-de-vida\/moda-estilo\/maquillaje.html#breadcrumb","itemListElement":[{"@type":"ListItem","position":1,"name":"Portada","item":"https:\/\/www.euroresidentes.com\/estilo-de-vida\/moda-estilo\/"},{"@type":"ListItem","position":2,"name":"Trucos de maquillaje"}]},{"@type":"WebSite","@id":"https:\/\/www.euroresidentes.com\/estilo-de-vida\/moda-estilo\/#website","url":"https:\/\/www.euroresidentes.com\/estilo-de-vida\/moda-estilo\/","name":"Moda y estilo","description":"Tendencias de moda y belleza","potentialAction":[{"@type":"SearchAction","target":{"@type":"EntryPoint","urlTemplate":"https:\/\/www.euroresidentes.com\/estilo-de-vida\/moda-estilo\/?s={search_term_string}"},"query-input":{"@type":"PropertyValueSpecification","valueRequired":true,"valueName":"search_term_string"}}],"inLanguage":"es"}]}},"_links":{"self":[{"href":"https:\/\/www.euroresidentes.com\/estilo-de-vida\/moda-estilo\/wp-json\/wp\/v2\/pages\/1838","targetHints":{"allow":["GET"]}}],"collection":[{"href":"https:\/\/www.euroresidentes.com\/estilo-de-vida\/moda-estilo\/wp-json\/wp\/v2\/pages"}],"about":[{"href":"https:\/\/www.euroresidentes.com\/estilo-de-vida\/moda-estilo\/wp-json\/wp\/v2\/types\/page"}],"author":[{"embeddable":true,"href":"https:\/\/www.euroresidentes.com\/estilo-de-vida\/moda-estilo\/wp-json\/wp\/v2\/users\/16"}],"replies":[{"embeddable":true,"href":"https:\/\/www.euroresidentes.com\/estilo-de-vida\/moda-estilo\/wp-json\/wp\/v2\/comments?post=1838"}],"version-history":[{"count":1,"href":"https:\/\/www.euroresidentes.com\/estilo-de-vida\/moda-estilo\/wp-json\/wp\/v2\/pages\/1838\/revisions"}],"predecessor-version":[{"id":2002,"href":"https:\/\/www.euroresidentes.com\/estilo-de-vida\/moda-estilo\/wp-json\/wp\/v2\/pages\/1838\/revisions\/2002"}],"wp:attachment":[{"href":"https:\/\/www.euroresidentes.com\/estilo-de-vida\/moda-estilo\/wp-json\/wp\/v2\/media?parent=1838"}],"curies":[{"name":"wp","href":"https:\/\/api.w.org\/{rel}","templated":true}]}}