{"id":467,"date":"2016-02-08T13:32:43","date_gmt":"2016-02-08T13:32:43","guid":{"rendered":"http:\/\/www.euroresidentes.com\/estilo-de-vida\/deporte-turismo-aventura\/?page_id=467"},"modified":"2016-02-16T08:20:26","modified_gmt":"2016-02-16T08:20:26","slug":"autor-pascual-garcia","status":"publish","type":"page","link":"https:\/\/www.euroresidentes.com\/estilo-de-vida\/deporte-turismo-aventura\/autor-pascual-garcia.html","title":{"rendered":"Autor: Pascual Garc\u00eda"},"content":{"rendered":"<p>&nbsp;<\/p>\n<div style=\"text-align: center;\"><span style=\"font-family: Verdana, sans-serif; font-size: x-large;\">11 Cosas <\/span><br \/>\n<span style=\"font-family: Verdana, sans-serif; font-size: x-large;\">sobre Pascual Garc\u00eda Rubio<\/span><\/p>\n<table class=\"tr-caption-container\" style=\"margin-left: auto; margin-right: auto; text-align: center;\" cellspacing=\"0\" cellpadding=\"0\" align=\"center\">\n<tbody>\n<tr>\n<td style=\"text-align: center;\"><a style=\"margin-left: auto; margin-right: auto;\" href=\"http:\/\/2.bp.blogspot.com\/-ui8nemQDZfM\/U2ioGfx_aoI\/AAAAAAAAADo\/kWNNy50ugSk\/s1600\/pascual.JPG\"><img loading=\"lazy\" decoding=\"async\" src=\"http:\/\/2.bp.blogspot.com\/-ui8nemQDZfM\/U2ioGfx_aoI\/AAAAAAAAADo\/kWNNy50ugSk\/s1600\/pascual.JPG\" alt=\"\" width=\"300\" height=\"400\" border=\"0\" \/><\/a><\/td>\n<\/tr>\n<tr>\n<td class=\"tr-caption\" style=\"text-align: center;\">Pascual a 6.189 metros Island Peak, Himalaya<\/td>\n<\/tr>\n<\/tbody>\n<\/table>\n<\/div>\n<p><span style=\"font-size: large;\">1<\/span>. Me gustan las motos y pertenezco al <em>Doc Ducati Levante<\/em> desde el a\u00f1o 2005<\/p>\n<p><span style=\"font-size: large;\">2<\/span>. Mis amigos dicen que hago un magn\u00edfico <em>Cous-Cous<\/em> al cual se apuntan todos los a\u00f1os en invierno.<\/p>\n<p><span style=\"font-size: large;\">3<\/span>. Tengo la suerte de trabajar con personas, ya que mi trabajo consiste en intentar solucionar contracturas y lesiones musculares.<\/p>\n<p><span style=\"font-size: large;\">4<\/span>. El pico m\u00e1s alto que he subido es el <em>Island Peak<\/em> de 6200 mts, situado en el Himalaya del Nepal.<\/p>\n<p><span style=\"font-size: large;\">5<\/span>. Fui masajista de la Selecci\u00f3n Espa\u00f1ola de Gimnasia R\u00edtmica y de la Selecci\u00f3n Espa\u00f1ola de Salvamento y Socorrismo<\/p>\n<p><span style=\"font-size: large;\">6<\/span>. He hecho deporte de aventura en casi todos los pa\u00edses que he visitado y mis favoritos son: Argentina, Egipto, Islandia y Nueva Zelanda<\/p>\n<p><span style=\"font-size: large;\">7<\/span>. Mi lema es que la mente puede ayudar a ir m\u00e1s all\u00e1 de los l\u00edmites que nuestro cuerpo nos fija.<\/p>\n<p><span style=\"font-size: large;\">8<\/span>. Al lado de casa, en tu entorno, con una bici o andando, tienes tesoros y paisajes incre\u00edbles por descubrir. Solo tienes que salir ah\u00ed fuera y disfrutarlos.<\/p>\n<p><span style=\"font-size: large;\">9<\/span>. Pienso que la naturaleza ha moldeado una impresionante e infinita belleza que enriquece al ser humano. Etnias y culturas se unen a esta riqueza ense\u00f1\u00e1ndonos otras formas de vivir la vida, abri\u00e9ndonos los ojos.<\/p>\n<p><span style=\"font-size: large;\">10<\/span>. En esta era, donde todo se realiza de manera virtual, el contacto con las personas es algo que valoro mucho, las miradas, los gestos, los abrazos, son las principales formas de contacto, algo que nosotros estamos perdiendo.<\/p>\n<p><span style=\"font-size: large;\">11<\/span>. Tengo un \u00abpasson\u00bb de amigos por todo el mundo. Es mi tesoro particular: la amistad<\/p>\n<hr \/>\n<p><b>Pascual Garc\u00eda en:<\/b><\/p>\n<ul>\n<li><a href=\"https:\/\/www.facebook.com\/pascual.garciarubio.7\" target=\"_blank\"><b>facebook<\/b><\/a><\/li>\n<li><b><a href=\"https:\/\/plus.google.com\/110422481928207545909\/posts\" target=\"_blank\">Google+<\/a><\/b><\/li>\n<li><a href=\"https:\/\/twitter.com\/\" target=\"_blank\"><b>Twitter<\/b><\/a><\/li>\n<\/ul>\n","protected":false},"excerpt":{"rendered":"<p>&nbsp; 11 Cosas sobre Pascual Garc\u00eda Rubio Pascual a 6.189 metros Island Peak, Himalaya 1. Me gustan las motos y pertenezco al Doc Ducati Levante desde el a\u00f1o 2005 2. Mis amigos dicen que hago un magn\u00edfico Cous-Cous al cual se apuntan todos los a\u00f1os en invierno. 3. Tengo la suerte de trabajar con personas, ya que mi trabajo consiste en intentar solucionar contracturas y lesiones musculares. 4. El pico m\u00e1s alto que he subido es el Island Peak de 6200 mts, situado en el Himalaya del Nepal. 5. Fui masajista de la Selecci\u00f3n Espa\u00f1ola de Gimnasia R\u00edtmica y de <\/p>\n","protected":false},"author":1,"featured_media":0,"parent":0,"menu_order":0,"comment_status":"closed","ping_status":"closed","template":"","meta":{"footnotes":""},"class_list":["post-467","page","type-page","status-publish","hentry"],"yoast_head":"<!-- This site is optimized with the Yoast SEO plugin v24.1 - https:\/\/yoast.com\/wordpress\/plugins\/seo\/ -->\n<title>Autor: Pascual Garc\u00eda - Turismo de aventura<\/title>\n<meta name=\"robots\" content=\"index, follow, max-snippet:-1, max-image-preview:large, max-video-preview:-1\" \/>\n<link rel=\"canonical\" href=\"https:\/\/www.euroresidentes.com\/estilo-de-vida\/deporte-turismo-aventura\/autor-pascual-garcia.html\" \/>\n<meta property=\"og:locale\" content=\"es_ES\" \/>\n<meta property=\"og:type\" content=\"article\" \/>\n<meta property=\"og:title\" content=\"Autor: Pascual Garc\u00eda - Turismo de aventura\" \/>\n<meta property=\"og:description\" content=\"&nbsp; 11 Cosas sobre Pascual Garc\u00eda Rubio Pascual a 6.189 metros Island Peak, Himalaya 1. Me gustan las motos y pertenezco al Doc Ducati Levante desde el a\u00f1o 2005 2. Mis amigos dicen que hago un magn\u00edfico Cous-Cous al cual se apuntan todos los a\u00f1os en invierno. 3. Tengo la suerte de trabajar con personas, ya que mi trabajo consiste en intentar solucionar contracturas y lesiones musculares. 4. El pico m\u00e1s alto que he subido es el Island Peak de 6200 mts, situado en el Himalaya del Nepal. 5. Fui masajista de la Selecci\u00f3n Espa\u00f1ola de Gimnasia R\u00edtmica y de\" \/>\n<meta property=\"og:url\" content=\"https:\/\/www.euroresidentes.com\/estilo-de-vida\/deporte-turismo-aventura\/autor-pascual-garcia.html\" \/>\n<meta property=\"og:site_name\" content=\"Turismo de aventura\" \/>\n<meta property=\"article:publisher\" content=\"https:\/\/www.facebook.com\/euroresidentes\/\" \/>\n<meta property=\"article:modified_time\" content=\"2016-02-16T08:20:26+00:00\" \/>\n<meta property=\"og:image\" content=\"http:\/\/2.bp.blogspot.com\/-ui8nemQDZfM\/U2ioGfx_aoI\/AAAAAAAAADo\/kWNNy50ugSk\/s1600\/pascual.JPG\" \/>\n<meta name=\"twitter:card\" content=\"summary_large_image\" \/>\n<meta name=\"twitter:label1\" content=\"Est. reading time\" \/>\n\t<meta name=\"twitter:data1\" content=\"1 minuto\" \/>\n<script type=\"application\/ld+json\" class=\"yoast-schema-graph\">{\"@context\":\"https:\/\/schema.org\",\"@graph\":[{\"@type\":\"WebPage\",\"@id\":\"https:\/\/www.euroresidentes.com\/estilo-de-vida\/deporte-turismo-aventura\/autor-pascual-garcia.html\",\"url\":\"https:\/\/www.euroresidentes.com\/estilo-de-vida\/deporte-turismo-aventura\/autor-pascual-garcia.html\",\"name\":\"Autor: Pascual Garc\u00eda - Turismo de aventura\",\"isPartOf\":{\"@id\":\"https:\/\/www.euroresidentes.com\/estilo-de-vida\/deporte-turismo-aventura\/#website\"},\"primaryImageOfPage\":{\"@id\":\"https:\/\/www.euroresidentes.com\/estilo-de-vida\/deporte-turismo-aventura\/autor-pascual-garcia.html#primaryimage\"},\"image\":{\"@id\":\"https:\/\/www.euroresidentes.com\/estilo-de-vida\/deporte-turismo-aventura\/autor-pascual-garcia.html#primaryimage\"},\"thumbnailUrl\":\"http:\/\/2.bp.blogspot.com\/-ui8nemQDZfM\/U2ioGfx_aoI\/AAAAAAAAADo\/kWNNy50ugSk\/s1600\/pascual.JPG\",\"datePublished\":\"2016-02-08T13:32:43+00:00\",\"dateModified\":\"2016-02-16T08:20:26+00:00\",\"breadcrumb\":{\"@id\":\"https:\/\/www.euroresidentes.com\/estilo-de-vida\/deporte-turismo-aventura\/autor-pascual-garcia.html#breadcrumb\"},\"inLanguage\":\"es\",\"potentialAction\":[{\"@type\":\"ReadAction\",\"target\":[\"https:\/\/www.euroresidentes.com\/estilo-de-vida\/deporte-turismo-aventura\/autor-pascual-garcia.html\"]}]},{\"@type\":\"ImageObject\",\"inLanguage\":\"es\",\"@id\":\"https:\/\/www.euroresidentes.com\/estilo-de-vida\/deporte-turismo-aventura\/autor-pascual-garcia.html#primaryimage\",\"url\":\"http:\/\/2.bp.blogspot.com\/-ui8nemQDZfM\/U2ioGfx_aoI\/AAAAAAAAADo\/kWNNy50ugSk\/s1600\/pascual.JPG\",\"contentUrl\":\"http:\/\/2.bp.blogspot.com\/-ui8nemQDZfM\/U2ioGfx_aoI\/AAAAAAAAADo\/kWNNy50ugSk\/s1600\/pascual.JPG\"},{\"@type\":\"BreadcrumbList\",\"@id\":\"https:\/\/www.euroresidentes.com\/estilo-de-vida\/deporte-turismo-aventura\/autor-pascual-garcia.html#breadcrumb\",\"itemListElement\":[{\"@type\":\"ListItem\",\"position\":1,\"name\":\"Portada\",\"item\":\"https:\/\/www.euroresidentes.com\/estilo-de-vida\/deporte-turismo-aventura\/\"},{\"@type\":\"ListItem\",\"position\":2,\"name\":\"Autor: Pascual Garc\u00eda\"}]},{\"@type\":\"WebSite\",\"@id\":\"https:\/\/www.euroresidentes.com\/estilo-de-vida\/deporte-turismo-aventura\/#website\",\"url\":\"https:\/\/www.euroresidentes.com\/estilo-de-vida\/deporte-turismo-aventura\/\",\"name\":\"Turismo de aventura\",\"description\":\"Turismo de Aventura\",\"potentialAction\":[{\"@type\":\"SearchAction\",\"target\":{\"@type\":\"EntryPoint\",\"urlTemplate\":\"https:\/\/www.euroresidentes.com\/estilo-de-vida\/deporte-turismo-aventura\/?s={search_term_string}\"},\"query-input\":{\"@type\":\"PropertyValueSpecification\",\"valueRequired\":true,\"valueName\":\"search_term_string\"}}],\"inLanguage\":\"es\"}]}<\/script>\n<!-- \/ Yoast SEO plugin. -->","yoast_head_json":{"title":"Autor: Pascual Garc\u00eda - Turismo de aventura","robots":{"index":"index","follow":"follow","max-snippet":"max-snippet:-1","max-image-preview":"max-image-preview:large","max-video-preview":"max-video-preview:-1"},"canonical":"https:\/\/www.euroresidentes.com\/estilo-de-vida\/deporte-turismo-aventura\/autor-pascual-garcia.html","og_locale":"es_ES","og_type":"article","og_title":"Autor: Pascual Garc\u00eda - Turismo de aventura","og_description":"&nbsp; 11 Cosas sobre Pascual Garc\u00eda Rubio Pascual a 6.189 metros Island Peak, Himalaya 1. Me gustan las motos y pertenezco al Doc Ducati Levante desde el a\u00f1o 2005 2. Mis amigos dicen que hago un magn\u00edfico Cous-Cous al cual se apuntan todos los a\u00f1os en invierno. 3. Tengo la suerte de trabajar con personas, ya que mi trabajo consiste en intentar solucionar contracturas y lesiones musculares. 4. El pico m\u00e1s alto que he subido es el Island Peak de 6200 mts, situado en el Himalaya del Nepal. 5. Fui masajista de la Selecci\u00f3n Espa\u00f1ola de Gimnasia R\u00edtmica y de","og_url":"https:\/\/www.euroresidentes.com\/estilo-de-vida\/deporte-turismo-aventura\/autor-pascual-garcia.html","og_site_name":"Turismo de aventura","article_publisher":"https:\/\/www.facebook.com\/euroresidentes\/","article_modified_time":"2016-02-16T08:20:26+00:00","og_image":[{"url":"http:\/\/2.bp.blogspot.com\/-ui8nemQDZfM\/U2ioGfx_aoI\/AAAAAAAAADo\/kWNNy50ugSk\/s1600\/pascual.JPG","type":"","width":"","height":""}],"twitter_card":"summary_large_image","twitter_misc":{"Est. reading time":"1 minuto"},"schema":{"@context":"https:\/\/schema.org","@graph":[{"@type":"WebPage","@id":"https:\/\/www.euroresidentes.com\/estilo-de-vida\/deporte-turismo-aventura\/autor-pascual-garcia.html","url":"https:\/\/www.euroresidentes.com\/estilo-de-vida\/deporte-turismo-aventura\/autor-pascual-garcia.html","name":"Autor: Pascual Garc\u00eda - Turismo de aventura","isPartOf":{"@id":"https:\/\/www.euroresidentes.com\/estilo-de-vida\/deporte-turismo-aventura\/#website"},"primaryImageOfPage":{"@id":"https:\/\/www.euroresidentes.com\/estilo-de-vida\/deporte-turismo-aventura\/autor-pascual-garcia.html#primaryimage"},"image":{"@id":"https:\/\/www.euroresidentes.com\/estilo-de-vida\/deporte-turismo-aventura\/autor-pascual-garcia.html#primaryimage"},"thumbnailUrl":"http:\/\/2.bp.blogspot.com\/-ui8nemQDZfM\/U2ioGfx_aoI\/AAAAAAAAADo\/kWNNy50ugSk\/s1600\/pascual.JPG","datePublished":"2016-02-08T13:32:43+00:00","dateModified":"2016-02-16T08:20:26+00:00","breadcrumb":{"@id":"https:\/\/www.euroresidentes.com\/estilo-de-vida\/deporte-turismo-aventura\/autor-pascual-garcia.html#breadcrumb"},"inLanguage":"es","potentialAction":[{"@type":"ReadAction","target":["https:\/\/www.euroresidentes.com\/estilo-de-vida\/deporte-turismo-aventura\/autor-pascual-garcia.html"]}]},{"@type":"ImageObject","inLanguage":"es","@id":"https:\/\/www.euroresidentes.com\/estilo-de-vida\/deporte-turismo-aventura\/autor-pascual-garcia.html#primaryimage","url":"http:\/\/2.bp.blogspot.com\/-ui8nemQDZfM\/U2ioGfx_aoI\/AAAAAAAAADo\/kWNNy50ugSk\/s1600\/pascual.JPG","contentUrl":"http:\/\/2.bp.blogspot.com\/-ui8nemQDZfM\/U2ioGfx_aoI\/AAAAAAAAADo\/kWNNy50ugSk\/s1600\/pascual.JPG"},{"@type":"BreadcrumbList","@id":"https:\/\/www.euroresidentes.com\/estilo-de-vida\/deporte-turismo-aventura\/autor-pascual-garcia.html#breadcrumb","itemListElement":[{"@type":"ListItem","position":1,"name":"Portada","item":"https:\/\/www.euroresidentes.com\/estilo-de-vida\/deporte-turismo-aventura\/"},{"@type":"ListItem","position":2,"name":"Autor: Pascual Garc\u00eda"}]},{"@type":"WebSite","@id":"https:\/\/www.euroresidentes.com\/estilo-de-vida\/deporte-turismo-aventura\/#website","url":"https:\/\/www.euroresidentes.com\/estilo-de-vida\/deporte-turismo-aventura\/","name":"Turismo de aventura","description":"Turismo de Aventura","potentialAction":[{"@type":"SearchAction","target":{"@type":"EntryPoint","urlTemplate":"https:\/\/www.euroresidentes.com\/estilo-de-vida\/deporte-turismo-aventura\/?s={search_term_string}"},"query-input":{"@type":"PropertyValueSpecification","valueRequired":true,"valueName":"search_term_string"}}],"inLanguage":"es"}]}},"_links":{"self":[{"href":"https:\/\/www.euroresidentes.com\/estilo-de-vida\/deporte-turismo-aventura\/wp-json\/wp\/v2\/pages\/467","targetHints":{"allow":["GET"]}}],"collection":[{"href":"https:\/\/www.euroresidentes.com\/estilo-de-vida\/deporte-turismo-aventura\/wp-json\/wp\/v2\/pages"}],"about":[{"href":"https:\/\/www.euroresidentes.com\/estilo-de-vida\/deporte-turismo-aventura\/wp-json\/wp\/v2\/types\/page"}],"author":[{"embeddable":true,"href":"https:\/\/www.euroresidentes.com\/estilo-de-vida\/deporte-turismo-aventura\/wp-json\/wp\/v2\/users\/1"}],"replies":[{"embeddable":true,"href":"https:\/\/www.euroresidentes.com\/estilo-de-vida\/deporte-turismo-aventura\/wp-json\/wp\/v2\/comments?post=467"}],"version-history":[{"count":1,"href":"https:\/\/www.euroresidentes.com\/estilo-de-vida\/deporte-turismo-aventura\/wp-json\/wp\/v2\/pages\/467\/revisions"}],"predecessor-version":[{"id":468,"href":"https:\/\/www.euroresidentes.com\/estilo-de-vida\/deporte-turismo-aventura\/wp-json\/wp\/v2\/pages\/467\/revisions\/468"}],"wp:attachment":[{"href":"https:\/\/www.euroresidentes.com\/estilo-de-vida\/deporte-turismo-aventura\/wp-json\/wp\/v2\/media?parent=467"}],"curies":[{"name":"wp","href":"https:\/\/api.w.org\/{rel}","templated":true}]}}