{"id":390,"date":"2015-09-28T12:57:00","date_gmt":"2015-09-28T12:57:00","guid":{"rendered":"http:\/\/www.euroresidentes.com\/estilo-de-vida\/adolescentes\/psicologia"},"modified":"2016-02-16T08:27:18","modified_gmt":"2016-02-16T08:27:18","slug":"psicologia","status":"publish","type":"page","link":"https:\/\/www.euroresidentes.com\/estilo-de-vida\/adolescentes\/psicologia.html","title":{"rendered":"Psicolog\u00eda"},"content":{"rendered":"<p><a style=\"clear: right; float: right; margin-bottom: 1em; margin-left: 1em;\" href=\"http:\/\/www.euroresidentes.com\/estilo-de-vida\/adolescentes\/wp-content\/uploads\/sites\/13\/2015\/09\/inteligencia-emocional-por-que-es-importante.jpg\"><img loading=\"lazy\" decoding=\"async\" src=\"http:\/\/www.euroresidentes.com\/estilo-de-vida\/adolescentes\/wp-content\/uploads\/sites\/13\/2015\/09\/inteligencia-emocional-por-que-es-importante.jpg\" alt=\"\" width=\"200\" height=\"120\" border=\"0\" \/><\/a><\/p>\n<ul>\n<li><b><a href=\"http:\/\/adolescentes.euroresidentes.com\/2014\/10\/como-criar-hijos-felices-la-ciencia-nos.html\" target=\"_blank\">\u00bfC\u00f3mo criar hijos felices? La ciencia nos lo muestra<\/a><\/b><\/li>\n<li><b><a href=\"http:\/\/adolescentes.euroresidentes.com\/2015\/04\/7-formas-de-preparar-los-ninos-para-una.html\" target=\"_blank\">7 Formas de preparar a los ni\u00f1os para una buena adolescencia<\/a><\/b><\/li>\n<li><b><a href=\"http:\/\/adolescentes.euroresidentes.com\/2015\/05\/por-que-la-personalidad-es-mas.html\">Por qu\u00e9 la\u00a0personalidad\u00a0es m\u00e1s importante para el \u00e9xito que la inteligencia<\/a><\/b><\/li>\n<li><b><a href=\"http:\/\/adolescentes.euroresidentes.com\/2015\/05\/los-beneficios-de-ayudar-nuestros-hijos.html\">Los beneficios de ayudar a nuestros hijos a entender sus emociones<\/a><\/b><\/li>\n<li><a href=\"http:\/\/adolescentes.euroresidentes.com\/2015\/06\/mi-hijo-es-homosexual-que-debo-hacer.html\"><b>Mi hijo es homosexual, \u00bfqu\u00e9 debo hacer?<\/b><\/a><\/li>\n<li><b><a href=\"http:\/\/adolescentes.euroresidentes.com\/2015\/04\/1-de-cada-5-adolescentes-sufre.html\" target=\"_blank\">1 de cada 5 adolescente sufre problemas emocionales<\/a><\/b><\/li>\n<li><b><a href=\"http:\/\/adolescentes.euroresidentes.com\/2014\/03\/como-hago-para-no-malcriar-mi-hijo.html\" target=\"_blank\">C\u00f3mo hago para no malcriar a mi hijo<\/a><\/b><b><br \/>\n<\/b><\/li>\n<li><b><a href=\"http:\/\/adolescentes.euroresidentes.com\/2014\/02\/como-saber-si-mi-hijo-es-hiperactivo.html\" target=\"_blank\">C\u00f3mo saber si mi hijo es hiperactivo<\/a><\/b><\/li>\n<li><b><a href=\"http:\/\/adolescentes.euroresidentes.com\/2014\/04\/como-hablo-con-mi-hijo-de-sexualidad.html\" target=\"_blank\">C\u00f3mo hablo con mi hijo de sexualidad<\/a><\/b><\/li>\n<li><a href=\"http:\/\/adolescentes.euroresidentes.com\/2012\/10\/adolescentes-con-personalidad.html\" target=\"_blank\"><b>Adolescentes con personalidad<\/b><\/a><\/li>\n<li><a href=\"http:\/\/adolescentes.euroresidentes.com\/2012\/08\/adolescentes-asperger.html\" target=\"_blank\"><b>Adolescentes Asperger<\/b><\/a><\/li>\n<li><a href=\"http:\/\/adolescentes.euroresidentes.com\/2012\/07\/adolescentes-agresivos.html\" target=\"_blank\"><b>Adolescentes Agresivos<\/b><\/a><\/li>\n<li><b><a href=\"http:\/\/adolescentes.euroresidentes.com\/2012\/07\/adolescentes-rebeldes.html\" target=\"_blank\">Adolescentes Rebeldes\u00a0<\/a><\/b><\/li>\n<li><b><a href=\"http:\/\/adolescentes.euroresidentes.com\/2014\/11\/5-problemas-de-conducta-tipicos-en.html\" target=\"_blank\">5 Problemas de conducta t\u00edpicos en adolescentes<\/a><\/b><\/li>\n<li><a href=\"http:\/\/adolescentes.euroresidentes.com\/2015\/09\/la-importancia-de-que-los-ninos-hagan.html\"><b>La importancia de que los ni\u00f1os hagan las tareas del hogar<\/b><\/a><\/li>\n<li><a href=\"http:\/\/adolescentes.euroresidentes.com\/2012\/07\/adolescentes-que-roban.html\" target=\"_blank\"><b>Adolescentes que roban<\/b><\/a><\/li>\n<li><b><a href=\"http:\/\/adolescentes.euroresidentes.com\/2012\/07\/adolescentes-que-se-autolesionan.html\" target=\"_blank\">Adolescentes que se cortan<\/a><\/b><\/li>\n<li><b><a href=\"http:\/\/adolescentes.euroresidentes.com\/2012\/04\/diagnostica-depresion-en-adolescentes.html\" target=\"_blank\">Diagnostica Depresi\u00f3n en adolescentes\u00a0<\/a><\/b><\/li>\n<li><b><a href=\"http:\/\/adolescentes.euroresidentes.com\/2014\/07\/5-cosas-que-debes-saber-de-la-depresion.html\" target=\"_blank\">5 cosas que debes saber de la Depresi\u00f3n Infantil<\/a><\/b><\/li>\n<li><b><a href=\"http:\/\/adolescentes.euroresidentes.com\/2007\/10\/el-estrs-adolescente.html\" target=\"_blank\">El estr\u00e9s adolescente<\/a><\/b><\/li>\n<li><b><a href=\"http:\/\/adolescentes.euroresidentes.com\/2015\/06\/estres-en-los-jovenes-lo-que-los-padres.html\" target=\"_blank\">Estr\u00e9s en j\u00f3venes: Lo que los padres necesitan saber<\/a><\/b><\/li>\n<li><a href=\"http:\/\/adolescentes.euroresidentes.com\/2015\/07\/ansiedad-en-ninos-como-transformarla-y.html\" target=\"_blank\"><b>Ansiedad en ni\u00f1os: C\u00f3mo transformarla y protegerlos de por vida<\/b><\/a><\/li>\n<li><a href=\"http:\/\/adolescentes.euroresidentes.com\/2015\/06\/asi-es-como-los-ninos-reaccionan-cuando.html\"><b>As\u00ed es como los ni\u00f1os reaccionan cuando un extra\u00f1o intenta raptarlos<\/b><\/a><\/li>\n<li><b><a href=\"http:\/\/adolescentes.euroresidentes.com\/2010\/04\/adolescentes-y-amistad.html\" target=\"_blank\">Adolescentes y amistad<\/a><\/b><\/li>\n<li><a href=\"http:\/\/adolescentes.euroresidentes.com\/2007\/10\/mi-hijo-es-un-vago.html\" target=\"_blank\"><b>Mi hijo es un vago<\/b><\/a><\/li>\n<li><a href=\"http:\/\/adolescentes.euroresidentes.com\/2011\/01\/como-motivar-los-adolescentes.html\" target=\"_blank\"><b>C\u00f3mo motivar a los adolescentes<\/b><\/a><\/li>\n<\/ul>\n","protected":false},"excerpt":{"rendered":"<p>\u00bfC\u00f3mo criar hijos felices? La ciencia nos lo muestra 7 Formas de preparar a los ni\u00f1os para una buena adolescencia Por qu\u00e9 la\u00a0personalidad\u00a0es m\u00e1s importante para el \u00e9xito que la inteligencia Los beneficios de ayudar a nuestros hijos a entender sus emociones Mi hijo es homosexual, \u00bfqu\u00e9 debo hacer? 1 de cada 5 adolescente sufre problemas emocionales C\u00f3mo hago para no malcriar a mi hijo C\u00f3mo saber si mi hijo es hiperactivo C\u00f3mo hablo con mi hijo de sexualidad Adolescentes con personalidad Adolescentes Asperger Adolescentes Agresivos Adolescentes Rebeldes\u00a0 5 Problemas de conducta t\u00edpicos en adolescentes La importancia de que los <\/p>\n","protected":false},"author":11,"featured_media":0,"parent":0,"menu_order":0,"comment_status":"closed","ping_status":"closed","template":"","meta":{"footnotes":""},"class_list":["post-390","page","type-page","status-publish","hentry"],"yoast_head":"<!-- This site is optimized with the Yoast SEO plugin v24.1 - https:\/\/yoast.com\/wordpress\/plugins\/seo\/ -->\n<title>Psicolog\u00eda - Adolescentes<\/title>\n<meta name=\"robots\" content=\"index, follow, max-snippet:-1, max-image-preview:large, max-video-preview:-1\" \/>\n<link rel=\"canonical\" href=\"https:\/\/www.euroresidentes.com\/estilo-de-vida\/adolescentes\/psicologia.html\" \/>\n<meta property=\"og:locale\" content=\"es_ES\" \/>\n<meta property=\"og:type\" content=\"article\" \/>\n<meta property=\"og:title\" content=\"Psicolog\u00eda - Adolescentes\" \/>\n<meta property=\"og:description\" content=\"\u00bfC\u00f3mo criar hijos felices? La ciencia nos lo muestra 7 Formas de preparar a los ni\u00f1os para una buena adolescencia Por qu\u00e9 la\u00a0personalidad\u00a0es m\u00e1s importante para el \u00e9xito que la inteligencia Los beneficios de ayudar a nuestros hijos a entender sus emociones Mi hijo es homosexual, \u00bfqu\u00e9 debo hacer? 1 de cada 5 adolescente sufre problemas emocionales C\u00f3mo hago para no malcriar a mi hijo C\u00f3mo saber si mi hijo es hiperactivo C\u00f3mo hablo con mi hijo de sexualidad Adolescentes con personalidad Adolescentes Asperger Adolescentes Agresivos Adolescentes Rebeldes\u00a0 5 Problemas de conducta t\u00edpicos en adolescentes La importancia de que los\" \/>\n<meta property=\"og:url\" content=\"https:\/\/www.euroresidentes.com\/estilo-de-vida\/adolescentes\/psicologia.html\" \/>\n<meta property=\"og:site_name\" content=\"Adolescentes\" \/>\n<meta property=\"article:publisher\" content=\"https:\/\/www.facebook.com\/sentir.bien.euroresidentes\/\" \/>\n<meta property=\"article:modified_time\" content=\"2016-02-16T08:27:18+00:00\" \/>\n<meta property=\"og:image\" content=\"http:\/\/www.euroresidentes.com\/estilo-de-vida\/adolescentes\/wp-content\/uploads\/sites\/13\/2015\/09\/inteligencia-emocional-por-que-es-importante.jpg\" \/>\n<meta name=\"twitter:card\" content=\"summary_large_image\" \/>\n<meta name=\"twitter:label1\" content=\"Est. reading time\" \/>\n\t<meta name=\"twitter:data1\" content=\"1 minuto\" \/>\n<script type=\"application\/ld+json\" class=\"yoast-schema-graph\">{\"@context\":\"https:\/\/schema.org\",\"@graph\":[{\"@type\":\"WebPage\",\"@id\":\"https:\/\/www.euroresidentes.com\/estilo-de-vida\/adolescentes\/psicologia.html\",\"url\":\"https:\/\/www.euroresidentes.com\/estilo-de-vida\/adolescentes\/psicologia.html\",\"name\":\"Psicolog\u00eda - Adolescentes\",\"isPartOf\":{\"@id\":\"https:\/\/www.euroresidentes.com\/estilo-de-vida\/adolescentes\/#website\"},\"primaryImageOfPage\":{\"@id\":\"https:\/\/www.euroresidentes.com\/estilo-de-vida\/adolescentes\/psicologia.html#primaryimage\"},\"image\":{\"@id\":\"https:\/\/www.euroresidentes.com\/estilo-de-vida\/adolescentes\/psicologia.html#primaryimage\"},\"thumbnailUrl\":\"http:\/\/www.euroresidentes.com\/estilo-de-vida\/adolescentes\/wp-content\/uploads\/sites\/13\/2015\/09\/inteligencia-emocional-por-que-es-importante.jpg\",\"datePublished\":\"2015-09-28T12:57:00+00:00\",\"dateModified\":\"2016-02-16T08:27:18+00:00\",\"breadcrumb\":{\"@id\":\"https:\/\/www.euroresidentes.com\/estilo-de-vida\/adolescentes\/psicologia.html#breadcrumb\"},\"inLanguage\":\"es\",\"potentialAction\":[{\"@type\":\"ReadAction\",\"target\":[\"https:\/\/www.euroresidentes.com\/estilo-de-vida\/adolescentes\/psicologia.html\"]}]},{\"@type\":\"ImageObject\",\"inLanguage\":\"es\",\"@id\":\"https:\/\/www.euroresidentes.com\/estilo-de-vida\/adolescentes\/psicologia.html#primaryimage\",\"url\":\"http:\/\/www.euroresidentes.com\/estilo-de-vida\/adolescentes\/wp-content\/uploads\/sites\/13\/2015\/09\/inteligencia-emocional-por-que-es-importante.jpg\",\"contentUrl\":\"http:\/\/www.euroresidentes.com\/estilo-de-vida\/adolescentes\/wp-content\/uploads\/sites\/13\/2015\/09\/inteligencia-emocional-por-que-es-importante.jpg\"},{\"@type\":\"BreadcrumbList\",\"@id\":\"https:\/\/www.euroresidentes.com\/estilo-de-vida\/adolescentes\/psicologia.html#breadcrumb\",\"itemListElement\":[{\"@type\":\"ListItem\",\"position\":1,\"name\":\"Portada\",\"item\":\"https:\/\/www.euroresidentes.com\/estilo-de-vida\/adolescentes\/\"},{\"@type\":\"ListItem\",\"position\":2,\"name\":\"Psicolog\u00eda\"}]},{\"@type\":\"WebSite\",\"@id\":\"https:\/\/www.euroresidentes.com\/estilo-de-vida\/adolescentes\/#website\",\"url\":\"https:\/\/www.euroresidentes.com\/estilo-de-vida\/adolescentes\/\",\"name\":\"Adolescentes\",\"description\":\"Blog sobre la etapa de la adolescencia\",\"potentialAction\":[{\"@type\":\"SearchAction\",\"target\":{\"@type\":\"EntryPoint\",\"urlTemplate\":\"https:\/\/www.euroresidentes.com\/estilo-de-vida\/adolescentes\/?s={search_term_string}\"},\"query-input\":{\"@type\":\"PropertyValueSpecification\",\"valueRequired\":true,\"valueName\":\"search_term_string\"}}],\"inLanguage\":\"es\"}]}<\/script>\n<!-- \/ Yoast SEO plugin. -->","yoast_head_json":{"title":"Psicolog\u00eda - Adolescentes","robots":{"index":"index","follow":"follow","max-snippet":"max-snippet:-1","max-image-preview":"max-image-preview:large","max-video-preview":"max-video-preview:-1"},"canonical":"https:\/\/www.euroresidentes.com\/estilo-de-vida\/adolescentes\/psicologia.html","og_locale":"es_ES","og_type":"article","og_title":"Psicolog\u00eda - Adolescentes","og_description":"\u00bfC\u00f3mo criar hijos felices? La ciencia nos lo muestra 7 Formas de preparar a los ni\u00f1os para una buena adolescencia Por qu\u00e9 la\u00a0personalidad\u00a0es m\u00e1s importante para el \u00e9xito que la inteligencia Los beneficios de ayudar a nuestros hijos a entender sus emociones Mi hijo es homosexual, \u00bfqu\u00e9 debo hacer? 1 de cada 5 adolescente sufre problemas emocionales C\u00f3mo hago para no malcriar a mi hijo C\u00f3mo saber si mi hijo es hiperactivo C\u00f3mo hablo con mi hijo de sexualidad Adolescentes con personalidad Adolescentes Asperger Adolescentes Agresivos Adolescentes Rebeldes\u00a0 5 Problemas de conducta t\u00edpicos en adolescentes La importancia de que los","og_url":"https:\/\/www.euroresidentes.com\/estilo-de-vida\/adolescentes\/psicologia.html","og_site_name":"Adolescentes","article_publisher":"https:\/\/www.facebook.com\/sentir.bien.euroresidentes\/","article_modified_time":"2016-02-16T08:27:18+00:00","og_image":[{"url":"http:\/\/www.euroresidentes.com\/estilo-de-vida\/adolescentes\/wp-content\/uploads\/sites\/13\/2015\/09\/inteligencia-emocional-por-que-es-importante.jpg","type":"","width":"","height":""}],"twitter_card":"summary_large_image","twitter_misc":{"Est. reading time":"1 minuto"},"schema":{"@context":"https:\/\/schema.org","@graph":[{"@type":"WebPage","@id":"https:\/\/www.euroresidentes.com\/estilo-de-vida\/adolescentes\/psicologia.html","url":"https:\/\/www.euroresidentes.com\/estilo-de-vida\/adolescentes\/psicologia.html","name":"Psicolog\u00eda - Adolescentes","isPartOf":{"@id":"https:\/\/www.euroresidentes.com\/estilo-de-vida\/adolescentes\/#website"},"primaryImageOfPage":{"@id":"https:\/\/www.euroresidentes.com\/estilo-de-vida\/adolescentes\/psicologia.html#primaryimage"},"image":{"@id":"https:\/\/www.euroresidentes.com\/estilo-de-vida\/adolescentes\/psicologia.html#primaryimage"},"thumbnailUrl":"http:\/\/www.euroresidentes.com\/estilo-de-vida\/adolescentes\/wp-content\/uploads\/sites\/13\/2015\/09\/inteligencia-emocional-por-que-es-importante.jpg","datePublished":"2015-09-28T12:57:00+00:00","dateModified":"2016-02-16T08:27:18+00:00","breadcrumb":{"@id":"https:\/\/www.euroresidentes.com\/estilo-de-vida\/adolescentes\/psicologia.html#breadcrumb"},"inLanguage":"es","potentialAction":[{"@type":"ReadAction","target":["https:\/\/www.euroresidentes.com\/estilo-de-vida\/adolescentes\/psicologia.html"]}]},{"@type":"ImageObject","inLanguage":"es","@id":"https:\/\/www.euroresidentes.com\/estilo-de-vida\/adolescentes\/psicologia.html#primaryimage","url":"http:\/\/www.euroresidentes.com\/estilo-de-vida\/adolescentes\/wp-content\/uploads\/sites\/13\/2015\/09\/inteligencia-emocional-por-que-es-importante.jpg","contentUrl":"http:\/\/www.euroresidentes.com\/estilo-de-vida\/adolescentes\/wp-content\/uploads\/sites\/13\/2015\/09\/inteligencia-emocional-por-que-es-importante.jpg"},{"@type":"BreadcrumbList","@id":"https:\/\/www.euroresidentes.com\/estilo-de-vida\/adolescentes\/psicologia.html#breadcrumb","itemListElement":[{"@type":"ListItem","position":1,"name":"Portada","item":"https:\/\/www.euroresidentes.com\/estilo-de-vida\/adolescentes\/"},{"@type":"ListItem","position":2,"name":"Psicolog\u00eda"}]},{"@type":"WebSite","@id":"https:\/\/www.euroresidentes.com\/estilo-de-vida\/adolescentes\/#website","url":"https:\/\/www.euroresidentes.com\/estilo-de-vida\/adolescentes\/","name":"Adolescentes","description":"Blog sobre la etapa de la adolescencia","potentialAction":[{"@type":"SearchAction","target":{"@type":"EntryPoint","urlTemplate":"https:\/\/www.euroresidentes.com\/estilo-de-vida\/adolescentes\/?s={search_term_string}"},"query-input":{"@type":"PropertyValueSpecification","valueRequired":true,"valueName":"search_term_string"}}],"inLanguage":"es"}]}},"_links":{"self":[{"href":"https:\/\/www.euroresidentes.com\/estilo-de-vida\/adolescentes\/wp-json\/wp\/v2\/pages\/390","targetHints":{"allow":["GET"]}}],"collection":[{"href":"https:\/\/www.euroresidentes.com\/estilo-de-vida\/adolescentes\/wp-json\/wp\/v2\/pages"}],"about":[{"href":"https:\/\/www.euroresidentes.com\/estilo-de-vida\/adolescentes\/wp-json\/wp\/v2\/types\/page"}],"author":[{"embeddable":true,"href":"https:\/\/www.euroresidentes.com\/estilo-de-vida\/adolescentes\/wp-json\/wp\/v2\/users\/11"}],"replies":[{"embeddable":true,"href":"https:\/\/www.euroresidentes.com\/estilo-de-vida\/adolescentes\/wp-json\/wp\/v2\/comments?post=390"}],"version-history":[{"count":2,"href":"https:\/\/www.euroresidentes.com\/estilo-de-vida\/adolescentes\/wp-json\/wp\/v2\/pages\/390\/revisions"}],"predecessor-version":[{"id":4629,"href":"https:\/\/www.euroresidentes.com\/estilo-de-vida\/adolescentes\/wp-json\/wp\/v2\/pages\/390\/revisions\/4629"}],"wp:attachment":[{"href":"https:\/\/www.euroresidentes.com\/estilo-de-vida\/adolescentes\/wp-json\/wp\/v2\/media?parent=390"}],"curies":[{"name":"wp","href":"https:\/\/api.w.org\/{rel}","templated":true}]}}