{"id":750,"date":"2014-09-08T13:53:00","date_gmt":"2014-09-08T11:53:00","guid":{"rendered":"https:\/\/www.euroresidentes.com\/entretenimiento\/actualidad\/julia-garcia.html"},"modified":"2017-12-07T11:45:36","modified_gmt":"2017-12-07T10:45:36","slug":"julia-garcia","status":"publish","type":"page","link":"https:\/\/www.euroresidentes.com\/entretenimiento\/julia-garcia\/","title":{"rendered":"Julia Garc\u00eda"},"content":{"rendered":"<p style=\"text-align: center;\"><img loading=\"lazy\" decoding=\"async\" class=\"aligncenter size-full wp-image-3749\" src=\"https:\/\/www.euroresidentes.com\/entretenimiento\/wp-content\/uploads\/2014\/09\/Yus-RM.jpg\" alt=\"Julia Garc\u00eda\" width=\"700\" height=\"525\" srcset=\"https:\/\/www.euroresidentes.com\/entretenimiento\/wp-content\/uploads\/2014\/09\/Yus-RM.jpg 700w, https:\/\/www.euroresidentes.com\/entretenimiento\/wp-content\/uploads\/2014\/09\/Yus-RM-300x225.jpg 300w, https:\/\/www.euroresidentes.com\/entretenimiento\/wp-content\/uploads\/2014\/09\/Yus-RM-396x297.jpg 396w\" sizes=\"auto, (max-width: 700px) 100vw, 700px\" \/><\/p>\n<h2 style=\"text-align: center;\">10 cosas sobre mi<\/h2>\n<p>&nbsp;<\/p>\n<p class=\"p1\"><span class=\"s1\" style=\"color: #000000;\"><strong>1.<\/strong> <\/span><span class=\"s1\"><strong>Soy muy de contacto<\/strong>, siempre tengo la necesidad de tocar (sin sobrepasarme claro!!) pero jam\u00e1s rechazo un beso o un abrazo.<\/p>\n<p><\/span><\/p>\n<p class=\"p1\"><span style=\"color: #000000;\"><strong>2.<\/strong><\/span> Soy <strong>excesivamente positiva<\/strong> ante cualquier situaci\u00f3n,\u00a0\u270c no me permito pensar de otra manera porque no ayuda ni beneficia absolutamente en nada, me cuesta entender a los pesimistas, aunque lo respeto evidentemente.<\/p>\n<p class=\"p1\"><span class=\"s1\"><span style=\"color: #000000;\"><strong>3.<\/strong> <\/span>Mi <strong>ciudad preferida es Nueva York<\/strong> y no me importar\u00eda pasar una temporada corta o larga all\u00ed, cada vez que he tenido la suerte de pisar su asfalto me he sentido como en casa \u00abser\u00e1 por lo que me gusta\u00bb.\u00a0I\u00a0\u2764\u00a0New York<\/p>\n<p><\/span><\/p>\n<p class=\"p1\"><span class=\"s1\"><span style=\"color: #000000;\"><strong>4.<\/strong><\/span> Me considero \u00ab<strong><span style=\"color: #000000;\"><em>Hija del Mundo<\/em><\/span><\/strong>\u00bb ya que <strong>viajar es mi gran vicio<\/strong> (confesable\u00a0\u30c4) soy consciente que el mundo tiene lugares, personas y rincones realmente espectaculares de los cuales algunos he podido conocer, sentir, palpar, disfrutar y memorizar no solo en mi cabeza, sino tambi\u00e9n en mi retina. Es una de las cosas que m\u00e1s feliz me hace.\u00a0<\/span><span style=\"color: #003366;\"><em><span class=\"s1\">\u00a1Que me quiten lo bailao, tirori, tirori&#8230;! \u00a0???<\/p>\n<p><\/span><\/em><\/span><\/p>\n<p class=\"p1\"><span class=\"s1\"><span style=\"color: #000000;\"><strong>5.<\/strong><\/span> Confieso que <b>Ricky Martin<\/b>\u00a0es mi debilidad y aunque he tenido la ocasi\u00f3n de verlo varias veces, todav\u00eda no he tenido la suerte de tener ese <strong>cara a cara<\/strong>\u00a0que llevo tanto, tanto, pero que tanto tiempo esperando, aunque s\u00e9 que llegara\u263a.<br \/><span style=\"color: #000000;\"><strong>\uff5e<\/strong><\/span> En el ultimo concierto en Murcia, me vest\u00ed de rojo pasi\u00f3n para ser vista y capte su atenci\u00f3n, si, si&#8230; o eso quiero pensar \ud83d\ude42 porque env\u00edo un beso y la \u00fanica que estaba en ese momento con la mano levantada y dentro de su \u00e1ngulo de visi\u00f3n\u00a0era YO, as\u00ed que iba pa&#8217; mi\u00a0\u2661<br \/><em>\u275d <strong>Curiosidad<\/strong><\/em>: Mi hija naci\u00f3 el mismo d\u00eda que sus hijos \u00bfcasualidad&#8230;.?\u00a0<strong>El hilo rojo del destino<\/strong>\u275e<\/p>\n<p><\/span><\/p>\n<p class=\"p1\"><span class=\"s1\"><span style=\"color: #000000;\"><strong>6.<\/strong><\/span> Aunque me considero \u00abhija del mundo\u00bb como buena\u00a0<b>Alicantina<\/b>, me encantan las <strong>Hogueras de San Juan<\/strong> las cuales vivo desde dentro con mi princesita, y lo que m\u00e1s me gusta y disfruto son\u00a0las masclet\u00e1s, el ambiente de luceros y el olor a p\u00f3lvora me priva, no me gusta perderme ninguna, probablemente me encuentres all\u00ed \ud83d\ude42<\/p>\n<p><\/span><\/p>\n<p class=\"p1\"><span class=\"s1\"><strong><span style=\"color: #000000;\">7.<\/span>\u00a0<\/strong>En<b> IT&amp;IS<\/b>\u00a0(<a href=\"https:\/\/www.euroresidentes.com\/\" target=\"_blank\">Euroresidentes<\/a>) he aprendido m\u00e1s sobre <strong>Internet<\/strong> que si hubiera ido al <strong><em>MIT<\/em><\/strong>. Me fascina\u00a0el mundo de la <strong>Tecnolog\u00eda, <\/strong>y me encanta lo que hago y <strong>sobre todo con quienes lo hago<\/strong>.<\/p>\n<p><\/span><\/p>\n<p class=\"p1\"><span class=\"s1\"><span style=\"color: #000000;\"><strong>8.<\/strong><\/span> No soporto, de hecho me irritan las <strong>desigualdades sociales<\/strong>\u00a0\u00ab<em>Quien dice lo que esta bien, lo que esta mal, tu si \u00f3 tu no<\/em>\u00bb de ah\u00ed mi vena <strong>altruista. <\/strong>La\u00a0suerte o el\u00a0destino, hizo que me topara con una <strong>familia<\/strong>, muy pero que muy altruista que cada d\u00eda me ense\u00f1an algo nuevo y <strong>me han marcado de por vida, los adoro<\/strong>. Si siempre me he considerado una persona con pocos prejuicios a d\u00eda de hoy puedo decir\u00a0que soy FELIZ porque pocos me quedan.<\/p>\n<p><\/span><\/p>\n<p class=\"p1\"><span class=\"s1\"><span style=\"color: #000000;\"><strong>9.<\/strong><\/span> La <b>m\u00fasica \u266b\u00a0<\/b>es mi fuente de inspiraci\u00f3n, dicen que amansa a las fieras y yo dir\u00eda que eso y algo m\u00e1s, muchas veces es la respuesta que necesitamos seg\u00fan\u00a0nuestro estado de animo. Siempre tengo la m\u00fasica encendida desde casi que pongo un pie en el suelo y bueno he de decir que floja lo que se dice floja como que no!!! casi siempre me oyen llegar all\u00e1 donde voy y los vecinos tambien\u00a0<strong>\u30c4<\/p>\n<p><\/strong><\/span><\/p>\n<p class=\"p1\"><span class=\"s1\"><span style=\"color: #000000;\"><strong>10.<\/strong><\/span> Encontr\u00e9 la <strong>pasi\u00f3n por la lectura<\/strong> m\u00e1s tarde de lo que me hubiese gustado (cada uno tiene su momento, que le vamos hacer&#8230;) la cuesti\u00f3n es que desde entonces mi <strong>ebook<\/strong> \u2766 y yo vamos juntos de la mano y nos hemos vuelto inseparables. <br \/> <em>Si alg\u00fan d\u00eda me ves mala cara por la ma\u00f1ana, casi seguro que no sea porque haya pasado mala noche, sino, porque estoy tan enganchada que me he pasado la noche leyendo<\/em>, soy una devora libros\u00a0\u263a<\/span><\/p>\n<p class=\"p1\">\u00a0<\/p>\n<p class=\"p1\"><span style=\"color: #ff6600;\"><strong>*<\/strong><\/span> Mi lema en esta vida y en la siguiente (porque he descubierto como estar siempre viva y no estoy loca<strong>\u30c4<\/strong>) siempre ser\u00e1: <strong><em>Carpe Diem<br \/> <\/em><\/strong><em>Debemos hacer lo que nos haga felices y he aprendido con el tiempo que en muchas ocasiones\u00a0<strong>menos es m\u00e1s<\/strong>.<\/em><\/p>\n<p class=\"p1\">\u00a0<\/p>\n<p class=\"p1\">&#8211; Podr\u00eda seguir diciendo que adoro<strong>\u00a0el mar<\/strong>, que <strong>odio <\/strong>(bueno&#8230;, que me gusta muy poco)<strong> el invierno, <\/strong>que me encanta ir de<strong>\u00a0conciertos \u00a0<\/strong>(al a\u00f1o caen unos cuantos, jajajaja&#8230;), que muero por los\u00a0<strong>cocidos de mi madre<\/strong>, que tengo im\u00e1n con los <strong>ni\u00f1os y me encantan<\/strong> , bla, bla, bla&#8230; pero si quieres saber m\u00e1s de m\u00ed, ya sabes s\u00edgueme porque siempre lo mejor esta por llegar!!\u00a0<strong>\u30c4<\/strong><\/p>\n<p class=\"p1\">\u00a0<\/p>\n<p class=\"p1\">\u00a0<a href=\"https:\/\/twitter.com\/Julia_Garcia_30\" target=\"_blank\"><img decoding=\"async\" src=\"http:\/\/www.euroresidentes.com\/img\/icos_b_n\/ico_twitter_bin.png\" alt=\"\" border=\"0\" \/><\/a>\u00a0<a href=\"https:\/\/plus.google.com\/107058549486269808911\/posts\" target=\"_blank\"><img decoding=\"async\" src=\"http:\/\/www.euroresidentes.com\/img\/icos_b_n\/ico_g+_bin.png\" alt=\"\" border=\"0\" \/><\/a>\u00a0\u00a0<\/p>\n<p class=\"p1\">\u00a0<\/p>\n","protected":false},"excerpt":{"rendered":"<p>10 cosas sobre mi &nbsp; 1. Soy muy de contacto, siempre tengo la necesidad de tocar (sin sobrepasarme claro!!) pero jam\u00e1s rechazo un beso o un abrazo. 2. Soy excesivamente positiva ante cualquier situaci\u00f3n,\u00a0\u270c no me permito pensar de otra manera porque no ayuda ni beneficia absolutamente en nada, me cuesta entender a los pesimistas, aunque lo respeto evidentemente. 3. Mi ciudad preferida es Nueva York y no me importar\u00eda pasar una temporada corta o larga all\u00ed, cada vez que he tenido la suerte de pisar su asfalto me he sentido como en casa \u00abser\u00e1 por lo que me gusta\u00bb.\u00a0I\u00a0\u2764\u00a0New <\/p>\n","protected":false},"author":1,"featured_media":3749,"parent":0,"menu_order":0,"comment_status":"closed","ping_status":"closed","template":"page-author.php","meta":{"footnotes":""},"class_list":["post-750","page","type-page","status-publish","has-post-thumbnail","hentry","has_thumb"],"yoast_head":"<!-- This site is optimized with the Yoast SEO plugin v24.1 - https:\/\/yoast.com\/wordpress\/plugins\/seo\/ -->\n<title>Julia Garc\u00eda - Entretenimiento<\/title>\n<meta name=\"description\" content=\"\u00bfComo es Julia Garcia? lee mi perfil y podr\u00e1s conocerme un poquito y ponerme cara a la hora de seguir mis post en Euroresidentes.\" \/>\n<meta name=\"robots\" content=\"index, follow, max-snippet:-1, max-image-preview:large, max-video-preview:-1\" \/>\n<link rel=\"canonical\" href=\"https:\/\/www.euroresidentes.com\/entretenimiento\/julia-garcia\/\" \/>\n<meta property=\"og:locale\" content=\"es_ES\" \/>\n<meta property=\"og:type\" content=\"article\" \/>\n<meta property=\"og:title\" content=\"Julia Garc\u00eda - Entretenimiento\" \/>\n<meta property=\"og:description\" content=\"\u00bfComo es Julia Garcia? lee mi perfil y podr\u00e1s conocerme un poquito y ponerme cara a la hora de seguir mis post en Euroresidentes.\" \/>\n<meta property=\"og:url\" content=\"https:\/\/www.euroresidentes.com\/entretenimiento\/julia-garcia\/\" \/>\n<meta property=\"og:site_name\" content=\"Entretenimiento\" \/>\n<meta property=\"article:modified_time\" content=\"2017-12-07T10:45:36+00:00\" \/>\n<meta property=\"og:image\" content=\"https:\/\/www.euroresidentes.com\/entretenimiento\/wp-content\/uploads\/2014\/09\/Yus-RM.jpg\" \/>\n\t<meta property=\"og:image:width\" content=\"700\" \/>\n\t<meta property=\"og:image:height\" content=\"525\" \/>\n\t<meta property=\"og:image:type\" content=\"image\/jpeg\" \/>\n<meta name=\"twitter:card\" content=\"summary_large_image\" \/>\n<meta name=\"twitter:label1\" content=\"Est. reading time\" \/>\n\t<meta name=\"twitter:data1\" content=\"4 minutos\" \/>\n<script type=\"application\/ld+json\" class=\"yoast-schema-graph\">{\"@context\":\"https:\/\/schema.org\",\"@graph\":[{\"@type\":\"WebPage\",\"@id\":\"https:\/\/www.euroresidentes.com\/entretenimiento\/julia-garcia\/\",\"url\":\"https:\/\/www.euroresidentes.com\/entretenimiento\/julia-garcia\/\",\"name\":\"Julia Garc\u00eda - Entretenimiento\",\"isPartOf\":{\"@id\":\"https:\/\/www.euroresidentes.com\/entretenimiento\/#website\"},\"primaryImageOfPage\":{\"@id\":\"https:\/\/www.euroresidentes.com\/entretenimiento\/julia-garcia\/#primaryimage\"},\"image\":{\"@id\":\"https:\/\/www.euroresidentes.com\/entretenimiento\/julia-garcia\/#primaryimage\"},\"thumbnailUrl\":\"https:\/\/www.euroresidentes.com\/entretenimiento\/wp-content\/uploads\/2014\/09\/Yus-RM.jpg\",\"datePublished\":\"2014-09-08T11:53:00+00:00\",\"dateModified\":\"2017-12-07T10:45:36+00:00\",\"description\":\"\u00bfComo es Julia Garcia? lee mi perfil y podr\u00e1s conocerme un poquito y ponerme cara a la hora de seguir mis post en Euroresidentes.\",\"breadcrumb\":{\"@id\":\"https:\/\/www.euroresidentes.com\/entretenimiento\/julia-garcia\/#breadcrumb\"},\"inLanguage\":\"es\",\"potentialAction\":[{\"@type\":\"ReadAction\",\"target\":[\"https:\/\/www.euroresidentes.com\/entretenimiento\/julia-garcia\/\"]}]},{\"@type\":\"ImageObject\",\"inLanguage\":\"es\",\"@id\":\"https:\/\/www.euroresidentes.com\/entretenimiento\/julia-garcia\/#primaryimage\",\"url\":\"https:\/\/www.euroresidentes.com\/entretenimiento\/wp-content\/uploads\/2014\/09\/Yus-RM.jpg\",\"contentUrl\":\"https:\/\/www.euroresidentes.com\/entretenimiento\/wp-content\/uploads\/2014\/09\/Yus-RM.jpg\",\"width\":700,\"height\":525},{\"@type\":\"BreadcrumbList\",\"@id\":\"https:\/\/www.euroresidentes.com\/entretenimiento\/julia-garcia\/#breadcrumb\",\"itemListElement\":[{\"@type\":\"ListItem\",\"position\":1,\"name\":\"Portada\",\"item\":\"https:\/\/www.euroresidentes.com\/entretenimiento\/\"},{\"@type\":\"ListItem\",\"position\":2,\"name\":\"Julia Garc\u00eda\"}]},{\"@type\":\"WebSite\",\"@id\":\"https:\/\/www.euroresidentes.com\/entretenimiento\/#website\",\"url\":\"https:\/\/www.euroresidentes.com\/entretenimiento\/\",\"name\":\"Entretenimiento\",\"description\":\"Entrenenimiento - Euroresidentes\",\"potentialAction\":[{\"@type\":\"SearchAction\",\"target\":{\"@type\":\"EntryPoint\",\"urlTemplate\":\"https:\/\/www.euroresidentes.com\/entretenimiento\/?s={search_term_string}\"},\"query-input\":{\"@type\":\"PropertyValueSpecification\",\"valueRequired\":true,\"valueName\":\"search_term_string\"}}],\"inLanguage\":\"es\"}]}<\/script>\n<!-- \/ Yoast SEO plugin. -->","yoast_head_json":{"title":"Julia Garc\u00eda - Entretenimiento","description":"\u00bfComo es Julia Garcia? lee mi perfil y podr\u00e1s conocerme un poquito y ponerme cara a la hora de seguir mis post en Euroresidentes.","robots":{"index":"index","follow":"follow","max-snippet":"max-snippet:-1","max-image-preview":"max-image-preview:large","max-video-preview":"max-video-preview:-1"},"canonical":"https:\/\/www.euroresidentes.com\/entretenimiento\/julia-garcia\/","og_locale":"es_ES","og_type":"article","og_title":"Julia Garc\u00eda - Entretenimiento","og_description":"\u00bfComo es Julia Garcia? lee mi perfil y podr\u00e1s conocerme un poquito y ponerme cara a la hora de seguir mis post en Euroresidentes.","og_url":"https:\/\/www.euroresidentes.com\/entretenimiento\/julia-garcia\/","og_site_name":"Entretenimiento","article_modified_time":"2017-12-07T10:45:36+00:00","og_image":[{"width":700,"height":525,"url":"https:\/\/www.euroresidentes.com\/entretenimiento\/wp-content\/uploads\/2014\/09\/Yus-RM.jpg","type":"image\/jpeg"}],"twitter_card":"summary_large_image","twitter_misc":{"Est. reading time":"4 minutos"},"schema":{"@context":"https:\/\/schema.org","@graph":[{"@type":"WebPage","@id":"https:\/\/www.euroresidentes.com\/entretenimiento\/julia-garcia\/","url":"https:\/\/www.euroresidentes.com\/entretenimiento\/julia-garcia\/","name":"Julia Garc\u00eda - Entretenimiento","isPartOf":{"@id":"https:\/\/www.euroresidentes.com\/entretenimiento\/#website"},"primaryImageOfPage":{"@id":"https:\/\/www.euroresidentes.com\/entretenimiento\/julia-garcia\/#primaryimage"},"image":{"@id":"https:\/\/www.euroresidentes.com\/entretenimiento\/julia-garcia\/#primaryimage"},"thumbnailUrl":"https:\/\/www.euroresidentes.com\/entretenimiento\/wp-content\/uploads\/2014\/09\/Yus-RM.jpg","datePublished":"2014-09-08T11:53:00+00:00","dateModified":"2017-12-07T10:45:36+00:00","description":"\u00bfComo es Julia Garcia? lee mi perfil y podr\u00e1s conocerme un poquito y ponerme cara a la hora de seguir mis post en Euroresidentes.","breadcrumb":{"@id":"https:\/\/www.euroresidentes.com\/entretenimiento\/julia-garcia\/#breadcrumb"},"inLanguage":"es","potentialAction":[{"@type":"ReadAction","target":["https:\/\/www.euroresidentes.com\/entretenimiento\/julia-garcia\/"]}]},{"@type":"ImageObject","inLanguage":"es","@id":"https:\/\/www.euroresidentes.com\/entretenimiento\/julia-garcia\/#primaryimage","url":"https:\/\/www.euroresidentes.com\/entretenimiento\/wp-content\/uploads\/2014\/09\/Yus-RM.jpg","contentUrl":"https:\/\/www.euroresidentes.com\/entretenimiento\/wp-content\/uploads\/2014\/09\/Yus-RM.jpg","width":700,"height":525},{"@type":"BreadcrumbList","@id":"https:\/\/www.euroresidentes.com\/entretenimiento\/julia-garcia\/#breadcrumb","itemListElement":[{"@type":"ListItem","position":1,"name":"Portada","item":"https:\/\/www.euroresidentes.com\/entretenimiento\/"},{"@type":"ListItem","position":2,"name":"Julia Garc\u00eda"}]},{"@type":"WebSite","@id":"https:\/\/www.euroresidentes.com\/entretenimiento\/#website","url":"https:\/\/www.euroresidentes.com\/entretenimiento\/","name":"Entretenimiento","description":"Entrenenimiento - Euroresidentes","potentialAction":[{"@type":"SearchAction","target":{"@type":"EntryPoint","urlTemplate":"https:\/\/www.euroresidentes.com\/entretenimiento\/?s={search_term_string}"},"query-input":{"@type":"PropertyValueSpecification","valueRequired":true,"valueName":"search_term_string"}}],"inLanguage":"es"}]}},"_links":{"self":[{"href":"https:\/\/www.euroresidentes.com\/entretenimiento\/wp-json\/wp\/v2\/pages\/750","targetHints":{"allow":["GET"]}}],"collection":[{"href":"https:\/\/www.euroresidentes.com\/entretenimiento\/wp-json\/wp\/v2\/pages"}],"about":[{"href":"https:\/\/www.euroresidentes.com\/entretenimiento\/wp-json\/wp\/v2\/types\/page"}],"author":[{"embeddable":true,"href":"https:\/\/www.euroresidentes.com\/entretenimiento\/wp-json\/wp\/v2\/users\/1"}],"replies":[{"embeddable":true,"href":"https:\/\/www.euroresidentes.com\/entretenimiento\/wp-json\/wp\/v2\/comments?post=750"}],"version-history":[{"count":15,"href":"https:\/\/www.euroresidentes.com\/entretenimiento\/wp-json\/wp\/v2\/pages\/750\/revisions"}],"predecessor-version":[{"id":3800,"href":"https:\/\/www.euroresidentes.com\/entretenimiento\/wp-json\/wp\/v2\/pages\/750\/revisions\/3800"}],"wp:featuredmedia":[{"embeddable":true,"href":"https:\/\/www.euroresidentes.com\/entretenimiento\/wp-json\/wp\/v2\/media\/3749"}],"wp:attachment":[{"href":"https:\/\/www.euroresidentes.com\/entretenimiento\/wp-json\/wp\/v2\/media?parent=750"}],"curies":[{"name":"wp","href":"https:\/\/api.w.org\/{rel}","templated":true}]}}