{"id":67,"date":"2016-02-26T10:32:35","date_gmt":"2016-02-26T10:32:35","guid":{"rendered":"https:\/\/www.euroresidentes.com\/entretenimiento\/?page_id=67"},"modified":"2016-09-01T13:27:33","modified_gmt":"2016-09-01T11:27:33","slug":"trini-mora","status":"publish","type":"page","link":"https:\/\/www.euroresidentes.com\/entretenimiento\/trini-mora\/","title":{"rendered":"Trini Mora"},"content":{"rendered":"<div class=\"separator\" style=\"clear: both; text-align: center;\"><a style=\"margin-left: 1em; margin-right: 1em;\" href=\"https:\/\/www.euroresidentes.com\/entretenimiento\/manualidades\/wp-content\/uploads\/sites\/17\/2015\/07\/trini.jpg\"><img decoding=\"async\" src=\"https:\/\/www.euroresidentes.com\/entretenimiento\/manualidades\/wp-content\/uploads\/sites\/17\/2015\/07\/trini.jpg\" alt=\"\" border=\"0\" \/><\/a><\/div>\n<div class=\"separator\" style=\"clear: both; text-align: center;\"><u>\u00a0<\/u><\/div>\n<h3 style=\"clear: both; text-align: center;\"><b>10 cosas sobre m\u00ed:<\/b><\/h3>\n<p style=\"text-align: center;\">\u00a0<strong>Hola, soy Trini<\/strong><\/p>\n<div class=\"separator\" style=\"clear: both; text-align: left;\">\u00a0<\/div>\n<div class=\"separator\" style=\"clear: both; text-align: left;\"><strong>1.<\/strong> Dise\u00f1adora gr\u00e1fica, editora de contenidos, cocinera aficionada y madre de 3 ni\u00f1os.<\/div>\n<div class=\"separator\" style=\"clear: both; text-align: left;\">\u00a0<\/div>\n<div class=\"separator\" style=\"clear: both; text-align: left;\"><strong>2.<\/strong> Vivo al sur de Alicante (cerca de Murcia).<\/div>\n<div class=\"separator\" style=\"clear: both; text-align: left;\">\u00a0<\/div>\n<div class=\"separator\" style=\"clear: both; text-align: left;\"><strong>3.<\/strong> Me gusta cantar mientras conduzco.<\/div>\n<div class=\"separator\" style=\"clear: both; text-align: left;\">\u00a0<\/div>\n<div class=\"separator\" style=\"clear: both; text-align: left;\"><strong>4.<\/strong> Me gustan las tartas de chocolate, el caf\u00e9, los desayunos de los hoteles y la sopa de cocido de mi madre<\/div>\n<div class=\"separator\" style=\"clear: both; text-align: left;\">\u00a0<\/div>\n<div class=\"separator\" style=\"clear: both; text-align: left;\"><strong>5.<\/strong> Soy capaz de montar un armario de Ikea. Yo sola.<\/div>\n<div class=\"separator\" style=\"clear: both; text-align: left;\">\u00a0<\/div>\n<div class=\"separator\" style=\"clear: both; text-align: left;\"><strong>6.<\/strong> Me gusta la ilustraci\u00f3n y aprender cosas nuevas.<\/div>\n<div class=\"separator\" style=\"clear: both; text-align: left;\">\u00a0<\/div>\n<div class=\"separator\" style=\"clear: both; text-align: left;\"><strong>7.<\/strong>\u00a0Me gusta conocer gente, descubrir nuevos sitios y probar comidas nuevas&#8230;<\/div>\n<div class=\"separator\" style=\"clear: both; text-align: left;\">\u00a0<\/div>\n<div class=\"separator\" style=\"clear: both; text-align: left;\"><strong>8.<\/strong> Tengo por costumbre acostarme tarde y me gusta mucho el cine y las series de televisi\u00f3n.<\/div>\n<div class=\"separator\" style=\"clear: both; text-align: left;\">\u00a0<\/div>\n<div class=\"separator\" style=\"clear: both; text-align: left;\"><strong>9.<\/strong> Creo que me vendr\u00eda bien hacer algo de deporte y comer mejor, estoy en ello.<\/div>\n<div class=\"separator\" style=\"clear: both; text-align: left;\">\u00a0<\/div>\n<div class=\"separator\" style=\"clear: both; text-align: left;\"><strong>10.<\/strong> De mayor, quiero ser extranjera. \ud83d\ude42<\/div>\n<div class=\"separator\" style=\"clear: both; text-align: left;\">\u00a0<\/div>\n<div class=\"separator\" style=\"clear: both; text-align: left;\">Puedes encontrarme en las siguiente redes sociales:<\/div>\n<p><a href=\"https:\/\/www.facebook.com\/manualidades.euroresidentes\" target=\"_blank\"><img loading=\"lazy\" decoding=\"async\" class=\"alignnone\" src=\"http:\/\/www.euroresidentes.com\/img\/icos_b_n\/ico_facebook_bin.png\" alt=\"\" width=\"30\" height=\"30\" border=\"0\" \/><\/a>\u00a0<a href=\"https:\/\/plus.google.com\/communities\/109494209338036633526\" target=\"_blank\"><img loading=\"lazy\" decoding=\"async\" class=\"alignnone\" src=\"http:\/\/www.euroresidentes.com\/img\/icos_b_n\/ico_g+_bin.png\" alt=\"\" width=\"30\" height=\"30\" border=\"0\" \/><\/a>\u00a0<a href=\"https:\/\/twitter.com\/trinimora\" target=\"_blank\"><img loading=\"lazy\" decoding=\"async\" class=\"alignnone\" src=\"http:\/\/www.euroresidentes.com\/img\/icos_b_n\/ico_twitter_bin.png\" alt=\"\" width=\"30\" height=\"30\" border=\"0\" \/><\/a>\u00a0<a href=\"https:\/\/www.youtube.com\/playlist?list=PL72uVxapk7jas-3JIxouEx894yQ74LEYh\" target=\"_blank\"><img loading=\"lazy\" decoding=\"async\" class=\"alignnone\" src=\"http:\/\/www.euroresidentes.com\/img\/icos_b_n\/ico_youtube_bin.png\" alt=\"\" width=\"30\" height=\"30\" border=\"0\" \/><\/a> \u00a0<\/p>\n<p>&nbsp;<\/p>\n","protected":false},"excerpt":{"rendered":"<p>\u00a0 10 cosas sobre m\u00ed: \u00a0Hola, soy Trini \u00a0 1. Dise\u00f1adora gr\u00e1fica, editora de contenidos, cocinera aficionada y madre de 3 ni\u00f1os. \u00a0 2. Vivo al sur de Alicante (cerca de Murcia). \u00a0 3. Me gusta cantar mientras conduzco. \u00a0 4. Me gustan las tartas de chocolate, el caf\u00e9, los desayunos de los hoteles y la sopa de cocido de mi madre \u00a0 5. Soy capaz de montar un armario de Ikea. Yo sola. \u00a0 6. Me gusta la ilustraci\u00f3n y aprender cosas nuevas. \u00a0 7.\u00a0Me gusta conocer gente, descubrir nuevos sitios y probar comidas nuevas&#8230; \u00a0 8. Tengo por <\/p>\n","protected":false},"author":1,"featured_media":3658,"parent":0,"menu_order":0,"comment_status":"closed","ping_status":"closed","template":"page-author.php","meta":{"footnotes":""},"class_list":["post-67","page","type-page","status-publish","has-post-thumbnail","hentry","has_thumb"],"yoast_head":"<!-- This site is optimized with the Yoast SEO plugin v24.1 - https:\/\/yoast.com\/wordpress\/plugins\/seo\/ -->\n<title>Trini Mora - Entretenimiento<\/title>\n<meta name=\"description\" content=\"Dise\u00f1adora gr\u00e1fica, editora de contenidos, cocinera aficionada y madre de 3 ni\u00f1os. Me gusta la ilustraci\u00f3n y aprender cosas nuevas.\" \/>\n<meta name=\"robots\" content=\"index, follow, max-snippet:-1, max-image-preview:large, max-video-preview:-1\" \/>\n<link rel=\"canonical\" href=\"https:\/\/www.euroresidentes.com\/entretenimiento\/trini-mora\/\" \/>\n<meta property=\"og:locale\" content=\"es_ES\" \/>\n<meta property=\"og:type\" content=\"article\" \/>\n<meta property=\"og:title\" content=\"Trini Mora - Entretenimiento\" \/>\n<meta property=\"og:description\" content=\"Dise\u00f1adora gr\u00e1fica, editora de contenidos, cocinera aficionada y madre de 3 ni\u00f1os. Me gusta la ilustraci\u00f3n y aprender cosas nuevas.\" \/>\n<meta property=\"og:url\" content=\"https:\/\/www.euroresidentes.com\/entretenimiento\/trini-mora\/\" \/>\n<meta property=\"og:site_name\" content=\"Entretenimiento\" \/>\n<meta property=\"article:modified_time\" content=\"2016-09-01T11:27:33+00:00\" \/>\n<meta property=\"og:image\" content=\"https:\/\/www.euroresidentes.com\/entretenimiento\/wp-content\/uploads\/2016\/02\/trini-mora.jpg\" \/>\n\t<meta property=\"og:image:width\" content=\"400\" \/>\n\t<meta property=\"og:image:height\" content=\"459\" \/>\n\t<meta property=\"og:image:type\" content=\"image\/jpeg\" \/>\n<meta name=\"twitter:card\" content=\"summary_large_image\" \/>\n<meta name=\"twitter:label1\" content=\"Est. reading time\" \/>\n\t<meta name=\"twitter:data1\" content=\"1 minuto\" \/>\n<script type=\"application\/ld+json\" class=\"yoast-schema-graph\">{\"@context\":\"https:\/\/schema.org\",\"@graph\":[{\"@type\":\"WebPage\",\"@id\":\"https:\/\/www.euroresidentes.com\/entretenimiento\/trini-mora\/\",\"url\":\"https:\/\/www.euroresidentes.com\/entretenimiento\/trini-mora\/\",\"name\":\"Trini Mora - Entretenimiento\",\"isPartOf\":{\"@id\":\"https:\/\/www.euroresidentes.com\/entretenimiento\/#website\"},\"primaryImageOfPage\":{\"@id\":\"https:\/\/www.euroresidentes.com\/entretenimiento\/trini-mora\/#primaryimage\"},\"image\":{\"@id\":\"https:\/\/www.euroresidentes.com\/entretenimiento\/trini-mora\/#primaryimage\"},\"thumbnailUrl\":\"https:\/\/www.euroresidentes.com\/entretenimiento\/wp-content\/uploads\/2016\/02\/trini-mora.jpg\",\"datePublished\":\"2016-02-26T10:32:35+00:00\",\"dateModified\":\"2016-09-01T11:27:33+00:00\",\"description\":\"Dise\u00f1adora gr\u00e1fica, editora de contenidos, cocinera aficionada y madre de 3 ni\u00f1os. Me gusta la ilustraci\u00f3n y aprender cosas nuevas.\",\"breadcrumb\":{\"@id\":\"https:\/\/www.euroresidentes.com\/entretenimiento\/trini-mora\/#breadcrumb\"},\"inLanguage\":\"es\",\"potentialAction\":[{\"@type\":\"ReadAction\",\"target\":[\"https:\/\/www.euroresidentes.com\/entretenimiento\/trini-mora\/\"]}]},{\"@type\":\"ImageObject\",\"inLanguage\":\"es\",\"@id\":\"https:\/\/www.euroresidentes.com\/entretenimiento\/trini-mora\/#primaryimage\",\"url\":\"https:\/\/www.euroresidentes.com\/entretenimiento\/wp-content\/uploads\/2016\/02\/trini-mora.jpg\",\"contentUrl\":\"https:\/\/www.euroresidentes.com\/entretenimiento\/wp-content\/uploads\/2016\/02\/trini-mora.jpg\",\"width\":400,\"height\":459,\"caption\":\"Trini Mora\"},{\"@type\":\"BreadcrumbList\",\"@id\":\"https:\/\/www.euroresidentes.com\/entretenimiento\/trini-mora\/#breadcrumb\",\"itemListElement\":[{\"@type\":\"ListItem\",\"position\":1,\"name\":\"Portada\",\"item\":\"https:\/\/www.euroresidentes.com\/entretenimiento\/\"},{\"@type\":\"ListItem\",\"position\":2,\"name\":\"Trini Mora\"}]},{\"@type\":\"WebSite\",\"@id\":\"https:\/\/www.euroresidentes.com\/entretenimiento\/#website\",\"url\":\"https:\/\/www.euroresidentes.com\/entretenimiento\/\",\"name\":\"Entretenimiento\",\"description\":\"Entrenenimiento - Euroresidentes\",\"potentialAction\":[{\"@type\":\"SearchAction\",\"target\":{\"@type\":\"EntryPoint\",\"urlTemplate\":\"https:\/\/www.euroresidentes.com\/entretenimiento\/?s={search_term_string}\"},\"query-input\":{\"@type\":\"PropertyValueSpecification\",\"valueRequired\":true,\"valueName\":\"search_term_string\"}}],\"inLanguage\":\"es\"}]}<\/script>\n<!-- \/ Yoast SEO plugin. -->","yoast_head_json":{"title":"Trini Mora - Entretenimiento","description":"Dise\u00f1adora gr\u00e1fica, editora de contenidos, cocinera aficionada y madre de 3 ni\u00f1os. Me gusta la ilustraci\u00f3n y aprender cosas nuevas.","robots":{"index":"index","follow":"follow","max-snippet":"max-snippet:-1","max-image-preview":"max-image-preview:large","max-video-preview":"max-video-preview:-1"},"canonical":"https:\/\/www.euroresidentes.com\/entretenimiento\/trini-mora\/","og_locale":"es_ES","og_type":"article","og_title":"Trini Mora - Entretenimiento","og_description":"Dise\u00f1adora gr\u00e1fica, editora de contenidos, cocinera aficionada y madre de 3 ni\u00f1os. Me gusta la ilustraci\u00f3n y aprender cosas nuevas.","og_url":"https:\/\/www.euroresidentes.com\/entretenimiento\/trini-mora\/","og_site_name":"Entretenimiento","article_modified_time":"2016-09-01T11:27:33+00:00","og_image":[{"width":400,"height":459,"url":"https:\/\/www.euroresidentes.com\/entretenimiento\/wp-content\/uploads\/2016\/02\/trini-mora.jpg","type":"image\/jpeg"}],"twitter_card":"summary_large_image","twitter_misc":{"Est. reading time":"1 minuto"},"schema":{"@context":"https:\/\/schema.org","@graph":[{"@type":"WebPage","@id":"https:\/\/www.euroresidentes.com\/entretenimiento\/trini-mora\/","url":"https:\/\/www.euroresidentes.com\/entretenimiento\/trini-mora\/","name":"Trini Mora - Entretenimiento","isPartOf":{"@id":"https:\/\/www.euroresidentes.com\/entretenimiento\/#website"},"primaryImageOfPage":{"@id":"https:\/\/www.euroresidentes.com\/entretenimiento\/trini-mora\/#primaryimage"},"image":{"@id":"https:\/\/www.euroresidentes.com\/entretenimiento\/trini-mora\/#primaryimage"},"thumbnailUrl":"https:\/\/www.euroresidentes.com\/entretenimiento\/wp-content\/uploads\/2016\/02\/trini-mora.jpg","datePublished":"2016-02-26T10:32:35+00:00","dateModified":"2016-09-01T11:27:33+00:00","description":"Dise\u00f1adora gr\u00e1fica, editora de contenidos, cocinera aficionada y madre de 3 ni\u00f1os. Me gusta la ilustraci\u00f3n y aprender cosas nuevas.","breadcrumb":{"@id":"https:\/\/www.euroresidentes.com\/entretenimiento\/trini-mora\/#breadcrumb"},"inLanguage":"es","potentialAction":[{"@type":"ReadAction","target":["https:\/\/www.euroresidentes.com\/entretenimiento\/trini-mora\/"]}]},{"@type":"ImageObject","inLanguage":"es","@id":"https:\/\/www.euroresidentes.com\/entretenimiento\/trini-mora\/#primaryimage","url":"https:\/\/www.euroresidentes.com\/entretenimiento\/wp-content\/uploads\/2016\/02\/trini-mora.jpg","contentUrl":"https:\/\/www.euroresidentes.com\/entretenimiento\/wp-content\/uploads\/2016\/02\/trini-mora.jpg","width":400,"height":459,"caption":"Trini Mora"},{"@type":"BreadcrumbList","@id":"https:\/\/www.euroresidentes.com\/entretenimiento\/trini-mora\/#breadcrumb","itemListElement":[{"@type":"ListItem","position":1,"name":"Portada","item":"https:\/\/www.euroresidentes.com\/entretenimiento\/"},{"@type":"ListItem","position":2,"name":"Trini Mora"}]},{"@type":"WebSite","@id":"https:\/\/www.euroresidentes.com\/entretenimiento\/#website","url":"https:\/\/www.euroresidentes.com\/entretenimiento\/","name":"Entretenimiento","description":"Entrenenimiento - Euroresidentes","potentialAction":[{"@type":"SearchAction","target":{"@type":"EntryPoint","urlTemplate":"https:\/\/www.euroresidentes.com\/entretenimiento\/?s={search_term_string}"},"query-input":{"@type":"PropertyValueSpecification","valueRequired":true,"valueName":"search_term_string"}}],"inLanguage":"es"}]}},"_links":{"self":[{"href":"https:\/\/www.euroresidentes.com\/entretenimiento\/wp-json\/wp\/v2\/pages\/67","targetHints":{"allow":["GET"]}}],"collection":[{"href":"https:\/\/www.euroresidentes.com\/entretenimiento\/wp-json\/wp\/v2\/pages"}],"about":[{"href":"https:\/\/www.euroresidentes.com\/entretenimiento\/wp-json\/wp\/v2\/types\/page"}],"author":[{"embeddable":true,"href":"https:\/\/www.euroresidentes.com\/entretenimiento\/wp-json\/wp\/v2\/users\/1"}],"replies":[{"embeddable":true,"href":"https:\/\/www.euroresidentes.com\/entretenimiento\/wp-json\/wp\/v2\/comments?post=67"}],"version-history":[{"count":12,"href":"https:\/\/www.euroresidentes.com\/entretenimiento\/wp-json\/wp\/v2\/pages\/67\/revisions"}],"predecessor-version":[{"id":3659,"href":"https:\/\/www.euroresidentes.com\/entretenimiento\/wp-json\/wp\/v2\/pages\/67\/revisions\/3659"}],"wp:featuredmedia":[{"embeddable":true,"href":"https:\/\/www.euroresidentes.com\/entretenimiento\/wp-json\/wp\/v2\/media\/3658"}],"wp:attachment":[{"href":"https:\/\/www.euroresidentes.com\/entretenimiento\/wp-json\/wp\/v2\/media?parent=67"}],"curies":[{"name":"wp","href":"https:\/\/api.w.org\/{rel}","templated":true}]}}