{"id":65,"date":"2016-02-26T10:30:01","date_gmt":"2016-02-26T10:30:01","guid":{"rendered":"https:\/\/www.euroresidentes.com\/entretenimiento\/?page_id=65"},"modified":"2016-09-01T13:12:23","modified_gmt":"2016-09-01T11:12:23","slug":"david-esquivel","status":"publish","type":"page","link":"https:\/\/www.euroresidentes.com\/entretenimiento\/david-esquivel\/","title":{"rendered":"David Esquivel"},"content":{"rendered":"<div><img loading=\"lazy\" decoding=\"async\" class=\"aligncenter wp-image-3599 size-full\" src=\"https:\/\/www.euroresidentes.com\/entretenimiento\/wp-content\/uploads\/2016\/02\/Foto_David.jpg\" alt=\"david-esquivel\" width=\"1086\" height=\"724\" srcset=\"https:\/\/www.euroresidentes.com\/entretenimiento\/wp-content\/uploads\/2016\/02\/Foto_David.jpg 1086w, https:\/\/www.euroresidentes.com\/entretenimiento\/wp-content\/uploads\/2016\/02\/Foto_David-300x200.jpg 300w, https:\/\/www.euroresidentes.com\/entretenimiento\/wp-content\/uploads\/2016\/02\/Foto_David-1024x683.jpg 1024w, https:\/\/www.euroresidentes.com\/entretenimiento\/wp-content\/uploads\/2016\/02\/Foto_David-768x512.jpg 768w, https:\/\/www.euroresidentes.com\/entretenimiento\/wp-content\/uploads\/2016\/02\/Foto_David-446x297.jpg 446w\" sizes=\"auto, (max-width: 1086px) 100vw, 1086px\" \/>\u00a0<\/div>\n<h3 style=\"text-align: center;\">10\u00a0cosas sobre m\u00ed (quiz\u00e1 sean demasiadas):\u00a0<\/h3>\n<p><strong>1.<\/strong> Me siento fundamentalmente alicantino, pero tambi\u00e9n sevillano y pucelano. Y, si me apuras, de Lavapi\u00e9s.<\/p>\n<p> <strong>2.<\/strong> Mi pr\u00e1ctica de los deportes es inversamente proporcional a mi edad. No me siento orgulloso.<\/p>\n<p> <strong>3.<\/strong> Me gusta el cine desde los 14 a\u00f1os, cuando vi como se hund\u00eda el Titanic desde la primera fila (no del barco, sino de la sala de cine).<\/p>\n<p> <strong>4.<\/strong> Estudi\u00e9 Publicidad y Relaciones P\u00fablicas porque me gustaba el cine. De l\u00f3gica aplastante\u2026<\/p>\n<p> <strong>5.<\/strong> A los 25 a\u00f1os dej\u00e9 un trabajo estable en Marketing para probar suerte en el mundo del cine.<\/p>\n<p> <strong>6.<\/strong> He participados en cerca de 50 cortometrajes. \u00bfA cu\u00e1nto est\u00e1 el largometraje? \u00bf100 cortos es un largo?<\/p>\n<p> <strong>7.<\/strong> Me gusta el cine, la m\u00fasica y estar con los amigos. Soy un t\u00edo original, \u00bfeh?<\/p>\n<p> <strong>8.<\/strong> Si tengo que elegir tres pel\u00edculas, ahora dir\u00eda: El secreto de tus ojos, En la ciudad sin l\u00edmites y El Apartamento. Pero quiz\u00e1 en una hora las cambiar\u00eda todas.<\/p>\n<p> <strong>9.<\/strong> Si tengo que elegir tres directores, ahora dir\u00eda: David Trueba, Alfonso Cuar\u00f3n y David Fincher. Pero quiz\u00e1 en una hora los cambiar\u00eda a los tres.<\/p>\n<p> <strong>10.<\/strong> Me he quedado sin ideas.<\/p>\n","protected":false},"excerpt":{"rendered":"<p>\u00a0 10\u00a0cosas sobre m\u00ed (quiz\u00e1 sean demasiadas):\u00a0 1. Me siento fundamentalmente alicantino, pero tambi\u00e9n sevillano y pucelano. Y, si me apuras, de Lavapi\u00e9s. 2. Mi pr\u00e1ctica de los deportes es inversamente proporcional a mi edad. No me siento orgulloso. 3. Me gusta el cine desde los 14 a\u00f1os, cuando vi como se hund\u00eda el Titanic desde la primera fila (no del barco, sino de la sala de cine). 4. Estudi\u00e9 Publicidad y Relaciones P\u00fablicas porque me gustaba el cine. De l\u00f3gica aplastante\u2026 5. A los 25 a\u00f1os dej\u00e9 un trabajo estable en Marketing para probar suerte en el mundo del <\/p>\n","protected":false},"author":1,"featured_media":3655,"parent":0,"menu_order":0,"comment_status":"closed","ping_status":"closed","template":"page-author.php","meta":{"footnotes":""},"class_list":["post-65","page","type-page","status-publish","has-post-thumbnail","hentry","has_thumb"],"yoast_head":"<!-- This site is optimized with the Yoast SEO plugin v24.1 - https:\/\/yoast.com\/wordpress\/plugins\/seo\/ -->\n<title>David Esquivel - Entretenimiento<\/title>\n<meta name=\"robots\" content=\"index, follow, max-snippet:-1, max-image-preview:large, max-video-preview:-1\" \/>\n<link rel=\"canonical\" href=\"https:\/\/www.euroresidentes.com\/entretenimiento\/david-esquivel\/\" \/>\n<meta property=\"og:locale\" content=\"es_ES\" \/>\n<meta property=\"og:type\" content=\"article\" \/>\n<meta property=\"og:title\" content=\"David Esquivel - Entretenimiento\" \/>\n<meta property=\"og:description\" content=\"\u00a0 10\u00a0cosas sobre m\u00ed (quiz\u00e1 sean demasiadas):\u00a0 1. Me siento fundamentalmente alicantino, pero tambi\u00e9n sevillano y pucelano. Y, si me apuras, de Lavapi\u00e9s. 2. Mi pr\u00e1ctica de los deportes es inversamente proporcional a mi edad. No me siento orgulloso. 3. Me gusta el cine desde los 14 a\u00f1os, cuando vi como se hund\u00eda el Titanic desde la primera fila (no del barco, sino de la sala de cine). 4. Estudi\u00e9 Publicidad y Relaciones P\u00fablicas porque me gustaba el cine. De l\u00f3gica aplastante\u2026 5. A los 25 a\u00f1os dej\u00e9 un trabajo estable en Marketing para probar suerte en el mundo del\" \/>\n<meta property=\"og:url\" content=\"https:\/\/www.euroresidentes.com\/entretenimiento\/david-esquivel\/\" \/>\n<meta property=\"og:site_name\" content=\"Entretenimiento\" \/>\n<meta property=\"article:modified_time\" content=\"2016-09-01T11:12:23+00:00\" \/>\n<meta property=\"og:image\" content=\"https:\/\/www.euroresidentes.com\/entretenimiento\/wp-content\/uploads\/2016\/02\/david-esquivel.jpg\" \/>\n\t<meta property=\"og:image:width\" content=\"1086\" \/>\n\t<meta property=\"og:image:height\" content=\"724\" \/>\n\t<meta property=\"og:image:type\" content=\"image\/jpeg\" \/>\n<meta name=\"twitter:card\" content=\"summary_large_image\" \/>\n<meta name=\"twitter:label1\" content=\"Est. reading time\" \/>\n\t<meta name=\"twitter:data1\" content=\"1 minuto\" \/>\n<script type=\"application\/ld+json\" class=\"yoast-schema-graph\">{\"@context\":\"https:\/\/schema.org\",\"@graph\":[{\"@type\":\"WebPage\",\"@id\":\"https:\/\/www.euroresidentes.com\/entretenimiento\/david-esquivel\/\",\"url\":\"https:\/\/www.euroresidentes.com\/entretenimiento\/david-esquivel\/\",\"name\":\"David Esquivel - Entretenimiento\",\"isPartOf\":{\"@id\":\"https:\/\/www.euroresidentes.com\/entretenimiento\/#website\"},\"primaryImageOfPage\":{\"@id\":\"https:\/\/www.euroresidentes.com\/entretenimiento\/david-esquivel\/#primaryimage\"},\"image\":{\"@id\":\"https:\/\/www.euroresidentes.com\/entretenimiento\/david-esquivel\/#primaryimage\"},\"thumbnailUrl\":\"https:\/\/www.euroresidentes.com\/entretenimiento\/wp-content\/uploads\/2016\/02\/david-esquivel.jpg\",\"datePublished\":\"2016-02-26T10:30:01+00:00\",\"dateModified\":\"2016-09-01T11:12:23+00:00\",\"breadcrumb\":{\"@id\":\"https:\/\/www.euroresidentes.com\/entretenimiento\/david-esquivel\/#breadcrumb\"},\"inLanguage\":\"es\",\"potentialAction\":[{\"@type\":\"ReadAction\",\"target\":[\"https:\/\/www.euroresidentes.com\/entretenimiento\/david-esquivel\/\"]}]},{\"@type\":\"ImageObject\",\"inLanguage\":\"es\",\"@id\":\"https:\/\/www.euroresidentes.com\/entretenimiento\/david-esquivel\/#primaryimage\",\"url\":\"https:\/\/www.euroresidentes.com\/entretenimiento\/wp-content\/uploads\/2016\/02\/david-esquivel.jpg\",\"contentUrl\":\"https:\/\/www.euroresidentes.com\/entretenimiento\/wp-content\/uploads\/2016\/02\/david-esquivel.jpg\",\"width\":1086,\"height\":724},{\"@type\":\"BreadcrumbList\",\"@id\":\"https:\/\/www.euroresidentes.com\/entretenimiento\/david-esquivel\/#breadcrumb\",\"itemListElement\":[{\"@type\":\"ListItem\",\"position\":1,\"name\":\"Portada\",\"item\":\"https:\/\/www.euroresidentes.com\/entretenimiento\/\"},{\"@type\":\"ListItem\",\"position\":2,\"name\":\"David Esquivel\"}]},{\"@type\":\"WebSite\",\"@id\":\"https:\/\/www.euroresidentes.com\/entretenimiento\/#website\",\"url\":\"https:\/\/www.euroresidentes.com\/entretenimiento\/\",\"name\":\"Entretenimiento\",\"description\":\"Entrenenimiento - Euroresidentes\",\"potentialAction\":[{\"@type\":\"SearchAction\",\"target\":{\"@type\":\"EntryPoint\",\"urlTemplate\":\"https:\/\/www.euroresidentes.com\/entretenimiento\/?s={search_term_string}\"},\"query-input\":{\"@type\":\"PropertyValueSpecification\",\"valueRequired\":true,\"valueName\":\"search_term_string\"}}],\"inLanguage\":\"es\"}]}<\/script>\n<!-- \/ Yoast SEO plugin. -->","yoast_head_json":{"title":"David Esquivel - Entretenimiento","robots":{"index":"index","follow":"follow","max-snippet":"max-snippet:-1","max-image-preview":"max-image-preview:large","max-video-preview":"max-video-preview:-1"},"canonical":"https:\/\/www.euroresidentes.com\/entretenimiento\/david-esquivel\/","og_locale":"es_ES","og_type":"article","og_title":"David Esquivel - Entretenimiento","og_description":"\u00a0 10\u00a0cosas sobre m\u00ed (quiz\u00e1 sean demasiadas):\u00a0 1. Me siento fundamentalmente alicantino, pero tambi\u00e9n sevillano y pucelano. Y, si me apuras, de Lavapi\u00e9s. 2. Mi pr\u00e1ctica de los deportes es inversamente proporcional a mi edad. No me siento orgulloso. 3. Me gusta el cine desde los 14 a\u00f1os, cuando vi como se hund\u00eda el Titanic desde la primera fila (no del barco, sino de la sala de cine). 4. Estudi\u00e9 Publicidad y Relaciones P\u00fablicas porque me gustaba el cine. De l\u00f3gica aplastante\u2026 5. A los 25 a\u00f1os dej\u00e9 un trabajo estable en Marketing para probar suerte en el mundo del","og_url":"https:\/\/www.euroresidentes.com\/entretenimiento\/david-esquivel\/","og_site_name":"Entretenimiento","article_modified_time":"2016-09-01T11:12:23+00:00","og_image":[{"width":1086,"height":724,"url":"https:\/\/www.euroresidentes.com\/entretenimiento\/wp-content\/uploads\/2016\/02\/david-esquivel.jpg","type":"image\/jpeg"}],"twitter_card":"summary_large_image","twitter_misc":{"Est. reading time":"1 minuto"},"schema":{"@context":"https:\/\/schema.org","@graph":[{"@type":"WebPage","@id":"https:\/\/www.euroresidentes.com\/entretenimiento\/david-esquivel\/","url":"https:\/\/www.euroresidentes.com\/entretenimiento\/david-esquivel\/","name":"David Esquivel - Entretenimiento","isPartOf":{"@id":"https:\/\/www.euroresidentes.com\/entretenimiento\/#website"},"primaryImageOfPage":{"@id":"https:\/\/www.euroresidentes.com\/entretenimiento\/david-esquivel\/#primaryimage"},"image":{"@id":"https:\/\/www.euroresidentes.com\/entretenimiento\/david-esquivel\/#primaryimage"},"thumbnailUrl":"https:\/\/www.euroresidentes.com\/entretenimiento\/wp-content\/uploads\/2016\/02\/david-esquivel.jpg","datePublished":"2016-02-26T10:30:01+00:00","dateModified":"2016-09-01T11:12:23+00:00","breadcrumb":{"@id":"https:\/\/www.euroresidentes.com\/entretenimiento\/david-esquivel\/#breadcrumb"},"inLanguage":"es","potentialAction":[{"@type":"ReadAction","target":["https:\/\/www.euroresidentes.com\/entretenimiento\/david-esquivel\/"]}]},{"@type":"ImageObject","inLanguage":"es","@id":"https:\/\/www.euroresidentes.com\/entretenimiento\/david-esquivel\/#primaryimage","url":"https:\/\/www.euroresidentes.com\/entretenimiento\/wp-content\/uploads\/2016\/02\/david-esquivel.jpg","contentUrl":"https:\/\/www.euroresidentes.com\/entretenimiento\/wp-content\/uploads\/2016\/02\/david-esquivel.jpg","width":1086,"height":724},{"@type":"BreadcrumbList","@id":"https:\/\/www.euroresidentes.com\/entretenimiento\/david-esquivel\/#breadcrumb","itemListElement":[{"@type":"ListItem","position":1,"name":"Portada","item":"https:\/\/www.euroresidentes.com\/entretenimiento\/"},{"@type":"ListItem","position":2,"name":"David Esquivel"}]},{"@type":"WebSite","@id":"https:\/\/www.euroresidentes.com\/entretenimiento\/#website","url":"https:\/\/www.euroresidentes.com\/entretenimiento\/","name":"Entretenimiento","description":"Entrenenimiento - Euroresidentes","potentialAction":[{"@type":"SearchAction","target":{"@type":"EntryPoint","urlTemplate":"https:\/\/www.euroresidentes.com\/entretenimiento\/?s={search_term_string}"},"query-input":{"@type":"PropertyValueSpecification","valueRequired":true,"valueName":"search_term_string"}}],"inLanguage":"es"}]}},"_links":{"self":[{"href":"https:\/\/www.euroresidentes.com\/entretenimiento\/wp-json\/wp\/v2\/pages\/65","targetHints":{"allow":["GET"]}}],"collection":[{"href":"https:\/\/www.euroresidentes.com\/entretenimiento\/wp-json\/wp\/v2\/pages"}],"about":[{"href":"https:\/\/www.euroresidentes.com\/entretenimiento\/wp-json\/wp\/v2\/types\/page"}],"author":[{"embeddable":true,"href":"https:\/\/www.euroresidentes.com\/entretenimiento\/wp-json\/wp\/v2\/users\/1"}],"replies":[{"embeddable":true,"href":"https:\/\/www.euroresidentes.com\/entretenimiento\/wp-json\/wp\/v2\/comments?post=65"}],"version-history":[{"count":6,"href":"https:\/\/www.euroresidentes.com\/entretenimiento\/wp-json\/wp\/v2\/pages\/65\/revisions"}],"predecessor-version":[{"id":3656,"href":"https:\/\/www.euroresidentes.com\/entretenimiento\/wp-json\/wp\/v2\/pages\/65\/revisions\/3656"}],"wp:featuredmedia":[{"embeddable":true,"href":"https:\/\/www.euroresidentes.com\/entretenimiento\/wp-json\/wp\/v2\/media\/3655"}],"wp:attachment":[{"href":"https:\/\/www.euroresidentes.com\/entretenimiento\/wp-json\/wp\/v2\/media?parent=65"}],"curies":[{"name":"wp","href":"https:\/\/api.w.org\/{rel}","templated":true}]}}