{"id":619,"date":"2015-07-13T11:30:00","date_gmt":"2015-07-13T11:30:00","guid":{"rendered":"https:\/\/www.euroresidentes.com\/entretenimiento\/ocio-y-tiempo-libre\/cine.html"},"modified":"2016-02-26T09:51:37","modified_gmt":"2016-02-26T09:51:37","slug":"cine","status":"publish","type":"page","link":"https:\/\/www.euroresidentes.com\/entretenimiento\/ocio-y-tiempo-libre\/cine\/","title":{"rendered":"Cine, libros y m\u00fasica"},"content":{"rendered":"<p><b>Cine<\/b><\/p>\n<ul>\n<li><a href=\"http:\/\/ocio-y-tiempo-libre.euroresidentes.com\/2015\/01\/lista-de-nominados-los-oscars-2015.html\" target=\"_blank\">Lista de nominados a los Oscars 2015<\/a>&nbsp;<\/li>\n<li><a href=\"http:\/\/ocio-y-tiempo-libre.euroresidentes.com\/2015\/01\/5-peliculas-de-cine-independiente-que.html\" target=\"_blank\">5 Pel\u00edculas de cine independiente que tienes que ver<\/a>&nbsp;<\/li>\n<li><a href=\"http:\/\/ocio-y-tiempo-libre.euroresidentes.com\/2015\/01\/7-peliculas-que-sufrieron-una-maldicion.html\" target=\"_blank\">7 Pel\u00edculas que sufrieron una maldici\u00f3n&nbsp;<\/a><\/li>\n<li><a href=\"http:\/\/ocio-y-tiempo-libre.euroresidentes.com\/2015\/01\/las-mejores-peliculas-para-ver-en.html\" target=\"_blank\">Las mejores pel\u00edculas para ver en familia el d\u00eda de Reyes&nbsp;<\/a><\/li>\n<li><a href=\"http:\/\/ocio-y-tiempo-libre.euroresidentes.com\/2014\/04\/5-peliculas-para-ver-con-tu-pareja.html\" target=\"_blank\">5 Pel\u00edculas para ver con tu pareja&nbsp;<\/a><\/li>\n<li><a href=\"http:\/\/ocio-y-tiempo-libre.euroresidentes.com\/2014\/04\/5-peliculas-de-humor-que-ver-este-fin.html\" target=\"_blank\">5 Pel\u00edculas de humor que ver este fin de semana&nbsp;<\/a><\/li>\n<li><a href=\"http:\/\/ocio-y-tiempo-libre.euroresidentes.com\/2014\/04\/por-que-ver-ocho-apellidos-vascos-5.html\" target=\"_blank\">Por qu\u00e9 ver \u00abOcho apellidos vascos\u00bb. 5 motivos<\/a>&nbsp;<\/li>\n<li><a href=\"http:\/\/ocio-y-tiempo-libre.euroresidentes.com\/2014\/09\/cameos-en-las-peliculas-de-dibujos.html\" target=\"_blank\">\u00a1Cameos en las pel\u00edculas de dibujos animados!&nbsp;<\/a><\/li>\n<li><a href=\"http:\/\/ocio-y-tiempo-libre.euroresidentes.com\/2014\/12\/cine-flotante-en-tailandia-unico-en-el.html\" target=\"_blank\">Cine flotante en Tailandia, \u00fanico en el mundo&nbsp;<\/a><\/li>\n<\/ul>\n<p><b>Libros<\/b><\/p>\n<ul>\n<li><a href=\"http:\/\/ocio-y-tiempo-libre.euroresidentes.com\/2014\/10\/la-nueva-historia-de-j-k-rowling-sobre.html\" target=\"_blank\">La nueva historia de J. K. Rowling sobre Dolores Umbridge&nbsp;<\/a><\/li>\n<li><a href=\"http:\/\/ocio-y-tiempo-libre.euroresidentes.com\/2014\/08\/jk-rowling-escribe-un-nuevo-relato.html\" target=\"_blank\">J.K. Rowling escribe un nuevo relato sobre personaje de Harry Potter&nbsp;<\/a><\/li>\n<li><a href=\"http:\/\/ocio-y-tiempo-libre.euroresidentes.com\/2014\/07\/la-vuelta-de-harry-potter.html\" target=\"_blank\">\u00bfLa cicatriz de Harry Potter vuelve a doler?&nbsp;<\/a><\/li>\n<li><a href=\"http:\/\/ocio-y-tiempo-libre.euroresidentes.com\/2014\/09\/los-comics-mas-caros-de-la-historia.html\" target=\"_blank\">Los c\u00f3mics m\u00e1s caros de la historia&nbsp;<\/a><\/li>\n<li><a href=\"http:\/\/ocio-y-tiempo-libre.euroresidentes.com\/2014\/04\/que-leer-esta-semana-santa.html\" target=\"_blank\">Qu\u00e9 leer esta Semana Santa&nbsp;<\/a><\/li>\n<li><a href=\"http:\/\/ocio-y-tiempo-libre.euroresidentes.com\/2014\/09\/8-curiosidades-sobre-josh-hutcherson.html\" target=\"_blank\">8 Curiosidades sobre Josh Hutcherson&nbsp;<\/a><\/li>\n<li><a href=\"http:\/\/ocio-y-tiempo-libre.euroresidentes.com\/2014\/09\/25-cosas-que-quizas-no-sabias-de-50.html\" target=\"_blank\">25 cosas que quiz\u00e1s no sab\u00edas de 50 sombras de Grey&nbsp;<\/a><\/li>\n<li><a href=\"http:\/\/ocio-y-tiempo-libre.euroresidentes.com\/2014\/05\/el-viento-se-levanta-la-despedida-del.html\" target=\"_blank\">El viento se levanta: la despedida del maestro Miyazaki&nbsp;<\/a><\/li>\n<\/ul>\n<p><b>M\u00fasica<\/b><\/p>\n<ul>\n<li><a href=\"http:\/\/ocio-y-tiempo-libre.euroresidentes.com\/2014\/04\/festivales-de-musica-en-espana-que-no.html\" target=\"_blank\">Festivales de m\u00fasica en Espa\u00f1a que no puedes perderte&nbsp;<\/a><\/li>\n<li><a href=\"http:\/\/ocio-y-tiempo-libre.euroresidentes.com\/2014\/04\/west-coast-nuevo-sencillo-de-lana-del.html\" target=\"_blank\">\u00abWest Coast\u00bb, nuevo sencillo de Lana del Rey<\/a><\/li>\n<\/ul>\n","protected":false},"excerpt":{"rendered":"<p>Cine Lista de nominados a los Oscars 2015&nbsp; 5 Pel\u00edculas de cine independiente que tienes que ver&nbsp; 7 Pel\u00edculas que sufrieron una maldici\u00f3n&nbsp; Las mejores pel\u00edculas para ver en familia el d\u00eda de Reyes&nbsp; 5 Pel\u00edculas para ver con tu pareja&nbsp; 5 Pel\u00edculas de humor que ver este fin de semana&nbsp; Por qu\u00e9 ver \u00abOcho apellidos vascos\u00bb. 5 motivos&nbsp; \u00a1Cameos en las pel\u00edculas de dibujos animados!&nbsp; Cine flotante en Tailandia, \u00fanico en el mundo&nbsp; Libros La nueva historia de J. K. Rowling sobre Dolores Umbridge&nbsp; J.K. Rowling escribe un nuevo relato sobre personaje de Harry Potter&nbsp; \u00bfLa cicatriz de Harry <\/p>\n","protected":false},"author":12,"featured_media":0,"parent":0,"menu_order":0,"comment_status":"closed","ping_status":"closed","template":"","meta":{"footnotes":""},"class_list":["post-619","page","type-page","status-publish","hentry"],"yoast_head":"<!-- This site is optimized with the Yoast SEO plugin v24.1 - https:\/\/yoast.com\/wordpress\/plugins\/seo\/ -->\n<title>Cine, libros y m\u00fasica - Ocio y tiempo libre<\/title>\n<meta name=\"robots\" content=\"index, follow, max-snippet:-1, max-image-preview:large, max-video-preview:-1\" \/>\n<link rel=\"canonical\" href=\"https:\/\/www.euroresidentes.com\/entretenimiento\/ocio-y-tiempo-libre\/cine\/\" \/>\n<meta property=\"og:locale\" content=\"es_ES\" \/>\n<meta property=\"og:type\" content=\"article\" \/>\n<meta property=\"og:title\" content=\"Cine, libros y m\u00fasica - Ocio y tiempo libre\" \/>\n<meta property=\"og:description\" content=\"Cine Lista de nominados a los Oscars 2015&nbsp; 5 Pel\u00edculas de cine independiente que tienes que ver&nbsp; 7 Pel\u00edculas que sufrieron una maldici\u00f3n&nbsp; Las mejores pel\u00edculas para ver en familia el d\u00eda de Reyes&nbsp; 5 Pel\u00edculas para ver con tu pareja&nbsp; 5 Pel\u00edculas de humor que ver este fin de semana&nbsp; Por qu\u00e9 ver \u00abOcho apellidos vascos\u00bb. 5 motivos&nbsp; \u00a1Cameos en las pel\u00edculas de dibujos animados!&nbsp; Cine flotante en Tailandia, \u00fanico en el mundo&nbsp; Libros La nueva historia de J. K. Rowling sobre Dolores Umbridge&nbsp; J.K. Rowling escribe un nuevo relato sobre personaje de Harry Potter&nbsp; \u00bfLa cicatriz de Harry\" \/>\n<meta property=\"og:url\" content=\"https:\/\/www.euroresidentes.com\/entretenimiento\/ocio-y-tiempo-libre\/cine\/\" \/>\n<meta property=\"og:site_name\" content=\"Ocio y tiempo libre\" \/>\n<meta property=\"article:publisher\" content=\"https:\/\/www.facebook.com\/euroresidentes\/\" \/>\n<meta property=\"article:modified_time\" content=\"2016-02-26T09:51:37+00:00\" \/>\n<meta name=\"twitter:card\" content=\"summary_large_image\" \/>\n<meta name=\"twitter:label1\" content=\"Est. reading time\" \/>\n\t<meta name=\"twitter:data1\" content=\"1 minuto\" \/>\n<script type=\"application\/ld+json\" class=\"yoast-schema-graph\">{\"@context\":\"https:\/\/schema.org\",\"@graph\":[{\"@type\":\"WebPage\",\"@id\":\"https:\/\/www.euroresidentes.com\/entretenimiento\/ocio-y-tiempo-libre\/cine\/\",\"url\":\"https:\/\/www.euroresidentes.com\/entretenimiento\/ocio-y-tiempo-libre\/cine\/\",\"name\":\"Cine, libros y m\u00fasica - Ocio y tiempo libre\",\"isPartOf\":{\"@id\":\"https:\/\/www.euroresidentes.com\/entretenimiento\/ocio-y-tiempo-libre\/#website\"},\"datePublished\":\"2015-07-13T11:30:00+00:00\",\"dateModified\":\"2016-02-26T09:51:37+00:00\",\"breadcrumb\":{\"@id\":\"https:\/\/www.euroresidentes.com\/entretenimiento\/ocio-y-tiempo-libre\/cine\/#breadcrumb\"},\"inLanguage\":\"es\",\"potentialAction\":[{\"@type\":\"ReadAction\",\"target\":[\"https:\/\/www.euroresidentes.com\/entretenimiento\/ocio-y-tiempo-libre\/cine\/\"]}]},{\"@type\":\"BreadcrumbList\",\"@id\":\"https:\/\/www.euroresidentes.com\/entretenimiento\/ocio-y-tiempo-libre\/cine\/#breadcrumb\",\"itemListElement\":[{\"@type\":\"ListItem\",\"position\":1,\"name\":\"Portada\",\"item\":\"https:\/\/www.euroresidentes.com\/entretenimiento\/ocio-y-tiempo-libre\/\"},{\"@type\":\"ListItem\",\"position\":2,\"name\":\"Cine, libros y m\u00fasica\"}]},{\"@type\":\"WebSite\",\"@id\":\"https:\/\/www.euroresidentes.com\/entretenimiento\/ocio-y-tiempo-libre\/#website\",\"url\":\"https:\/\/www.euroresidentes.com\/entretenimiento\/ocio-y-tiempo-libre\/\",\"name\":\"Ocio y tiempo libre\",\"description\":\"Euroresidentes\",\"potentialAction\":[{\"@type\":\"SearchAction\",\"target\":{\"@type\":\"EntryPoint\",\"urlTemplate\":\"https:\/\/www.euroresidentes.com\/entretenimiento\/ocio-y-tiempo-libre\/?s={search_term_string}\"},\"query-input\":{\"@type\":\"PropertyValueSpecification\",\"valueRequired\":true,\"valueName\":\"search_term_string\"}}],\"inLanguage\":\"es\"}]}<\/script>\n<!-- \/ Yoast SEO plugin. -->","yoast_head_json":{"title":"Cine, libros y m\u00fasica - Ocio y tiempo libre","robots":{"index":"index","follow":"follow","max-snippet":"max-snippet:-1","max-image-preview":"max-image-preview:large","max-video-preview":"max-video-preview:-1"},"canonical":"https:\/\/www.euroresidentes.com\/entretenimiento\/ocio-y-tiempo-libre\/cine\/","og_locale":"es_ES","og_type":"article","og_title":"Cine, libros y m\u00fasica - Ocio y tiempo libre","og_description":"Cine Lista de nominados a los Oscars 2015&nbsp; 5 Pel\u00edculas de cine independiente que tienes que ver&nbsp; 7 Pel\u00edculas que sufrieron una maldici\u00f3n&nbsp; Las mejores pel\u00edculas para ver en familia el d\u00eda de Reyes&nbsp; 5 Pel\u00edculas para ver con tu pareja&nbsp; 5 Pel\u00edculas de humor que ver este fin de semana&nbsp; Por qu\u00e9 ver \u00abOcho apellidos vascos\u00bb. 5 motivos&nbsp; \u00a1Cameos en las pel\u00edculas de dibujos animados!&nbsp; Cine flotante en Tailandia, \u00fanico en el mundo&nbsp; Libros La nueva historia de J. K. Rowling sobre Dolores Umbridge&nbsp; J.K. Rowling escribe un nuevo relato sobre personaje de Harry Potter&nbsp; \u00bfLa cicatriz de Harry","og_url":"https:\/\/www.euroresidentes.com\/entretenimiento\/ocio-y-tiempo-libre\/cine\/","og_site_name":"Ocio y tiempo libre","article_publisher":"https:\/\/www.facebook.com\/euroresidentes\/","article_modified_time":"2016-02-26T09:51:37+00:00","twitter_card":"summary_large_image","twitter_misc":{"Est. reading time":"1 minuto"},"schema":{"@context":"https:\/\/schema.org","@graph":[{"@type":"WebPage","@id":"https:\/\/www.euroresidentes.com\/entretenimiento\/ocio-y-tiempo-libre\/cine\/","url":"https:\/\/www.euroresidentes.com\/entretenimiento\/ocio-y-tiempo-libre\/cine\/","name":"Cine, libros y m\u00fasica - Ocio y tiempo libre","isPartOf":{"@id":"https:\/\/www.euroresidentes.com\/entretenimiento\/ocio-y-tiempo-libre\/#website"},"datePublished":"2015-07-13T11:30:00+00:00","dateModified":"2016-02-26T09:51:37+00:00","breadcrumb":{"@id":"https:\/\/www.euroresidentes.com\/entretenimiento\/ocio-y-tiempo-libre\/cine\/#breadcrumb"},"inLanguage":"es","potentialAction":[{"@type":"ReadAction","target":["https:\/\/www.euroresidentes.com\/entretenimiento\/ocio-y-tiempo-libre\/cine\/"]}]},{"@type":"BreadcrumbList","@id":"https:\/\/www.euroresidentes.com\/entretenimiento\/ocio-y-tiempo-libre\/cine\/#breadcrumb","itemListElement":[{"@type":"ListItem","position":1,"name":"Portada","item":"https:\/\/www.euroresidentes.com\/entretenimiento\/ocio-y-tiempo-libre\/"},{"@type":"ListItem","position":2,"name":"Cine, libros y m\u00fasica"}]},{"@type":"WebSite","@id":"https:\/\/www.euroresidentes.com\/entretenimiento\/ocio-y-tiempo-libre\/#website","url":"https:\/\/www.euroresidentes.com\/entretenimiento\/ocio-y-tiempo-libre\/","name":"Ocio y tiempo libre","description":"Euroresidentes","potentialAction":[{"@type":"SearchAction","target":{"@type":"EntryPoint","urlTemplate":"https:\/\/www.euroresidentes.com\/entretenimiento\/ocio-y-tiempo-libre\/?s={search_term_string}"},"query-input":{"@type":"PropertyValueSpecification","valueRequired":true,"valueName":"search_term_string"}}],"inLanguage":"es"}]}},"_links":{"self":[{"href":"https:\/\/www.euroresidentes.com\/entretenimiento\/ocio-y-tiempo-libre\/wp-json\/wp\/v2\/pages\/619","targetHints":{"allow":["GET"]}}],"collection":[{"href":"https:\/\/www.euroresidentes.com\/entretenimiento\/ocio-y-tiempo-libre\/wp-json\/wp\/v2\/pages"}],"about":[{"href":"https:\/\/www.euroresidentes.com\/entretenimiento\/ocio-y-tiempo-libre\/wp-json\/wp\/v2\/types\/page"}],"author":[{"embeddable":true,"href":"https:\/\/www.euroresidentes.com\/entretenimiento\/ocio-y-tiempo-libre\/wp-json\/wp\/v2\/users\/12"}],"replies":[{"embeddable":true,"href":"https:\/\/www.euroresidentes.com\/entretenimiento\/ocio-y-tiempo-libre\/wp-json\/wp\/v2\/comments?post=619"}],"version-history":[{"count":1,"href":"https:\/\/www.euroresidentes.com\/entretenimiento\/ocio-y-tiempo-libre\/wp-json\/wp\/v2\/pages\/619\/revisions"}],"predecessor-version":[{"id":1023,"href":"https:\/\/www.euroresidentes.com\/entretenimiento\/ocio-y-tiempo-libre\/wp-json\/wp\/v2\/pages\/619\/revisions\/1023"}],"wp:attachment":[{"href":"https:\/\/www.euroresidentes.com\/entretenimiento\/ocio-y-tiempo-libre\/wp-json\/wp\/v2\/media?parent=619"}],"curies":[{"name":"wp","href":"https:\/\/api.w.org\/{rel}","templated":true}]}}