{"id":616,"date":"2015-08-04T15:24:00","date_gmt":"2015-08-04T15:24:00","guid":{"rendered":"https:\/\/www.euroresidentes.com\/entretenimiento\/ocio-y-tiempo-libre\/divertido.html"},"modified":"2016-02-26T09:51:56","modified_gmt":"2016-02-26T09:51:56","slug":"divertido","status":"publish","type":"page","link":"https:\/\/www.euroresidentes.com\/entretenimiento\/ocio-y-tiempo-libre\/divertido\/","title":{"rendered":"Divertido"},"content":{"rendered":"<ul>\n<li><a href=\"http:\/\/ocio-y-tiempo-libre.euroresidentes.com\/2015\/08\/mentiras-ridiculas-que-los-padres-dicen.html\">Mentiras (rid\u00edculas) que los padres dicen a sus hijos<\/a><\/li>\n<li><a href=\"http:\/\/ocio-y-tiempo-libre.euroresidentes.com\/2015\/07\/draft-nba-2015-todo-lo-que-necesitas.html\" target=\"_blank\">Draft NBA: Todo lo que necesitas saber<\/a><\/li>\n<li><a href=\"http:\/\/ocio-y-tiempo-libre.euroresidentes.com\/2015\/05\/como-ligar-en-menos-de-1-minutoo-no.html\" target=\"_blank\">C\u00f3mo ligar en menos de 1 minuto&#8230;o no&nbsp;<\/a><\/li>\n<li><a href=\"http:\/\/ocio-y-tiempo-libre.euroresidentes.com\/2014\/12\/sigue-papa-noel-con-google.html\" target=\"_blank\">Sigue a Pap\u00e1 Noel con Google<\/a>&nbsp;<\/li>\n<li><a href=\"http:\/\/ocio-y-tiempo-libre.euroresidentes.com\/2014\/11\/7-consejos-para-sacar-el-mayor-partido.html\" target=\"_blank\">7 Consejos para sacar el mayor partido al Black Friday<\/a>&nbsp;<\/li>\n<li><a href=\"http:\/\/ocio-y-tiempo-libre.euroresidentes.com\/2014\/07\/los-mejores-diy-que-han-salido-mal.html\" target=\"_blank\">Los mejores DIY que han salido mal&nbsp;<\/a><\/li>\n<li><a href=\"http:\/\/ocio-y-tiempo-libre.euroresidentes.com\/2014\/09\/imagenes-comicas-los-antes-y-despues.html\" target=\"_blank\">Im\u00e1genes c\u00f3micas: los antes y despu\u00e9s&nbsp;<\/a><\/li>\n<li><a href=\"http:\/\/ocio-y-tiempo-libre.euroresidentes.com\/2014\/05\/los-5-videojuegos-mas-divertidos-para.html\" target=\"_blank\">Los 5 videojuegos m\u00e1s divertidos para mujeres&nbsp;<\/a><\/li>\n<li><a href=\"http:\/\/ocio-y-tiempo-libre.euroresidentes.com\/2014\/08\/los-10-mejores-selfies-en-museos.html\" target=\"_blank\">Las 10 mejores selfies en Museos<\/a>&nbsp;<\/li>\n<li><a href=\"http:\/\/ocio-y-tiempo-libre.euroresidentes.com\/2014\/08\/10-selfies-que-nunca-debieron-suceder.html\" target=\"_blank\">10 Selfies que nunca debieron suceder&nbsp;<\/a><\/li>\n<li><a href=\"http:\/\/ocio-y-tiempo-libre.euroresidentes.com\/2014\/07\/adios-selfie-hola-facepalming-y.html\" target=\"_blank\">Adi\u00f3s selfie, hola facepalming y photobombing&nbsp;<\/a><\/li>\n<li><a href=\"http:\/\/ocio-y-tiempo-libre.euroresidentes.com\/2014\/07\/cuando-veas-estas-originales-fotos-tu.html\" target=\"_blank\">Cuando veas estas originales fotos t\u00fa tambi\u00e9n querr\u00e1s volver al pasado&nbsp;<\/a><\/li>\n<li><a href=\"http:\/\/ocio-y-tiempo-libre.euroresidentes.com\/2014\/09\/20-cosas-que-nunca-admitirias.html\" target=\"_blank\">20 Cosas que nunca admitir\u00edas&nbsp;<\/a><\/li>\n<li><a href=\"http:\/\/ocio-y-tiempo-libre.euroresidentes.com\/2014\/09\/25-imagenes-que-demuestran-el-poder-del.html\" target=\"_blank\">25 Im\u00e1genes que demuestran el poder del maquillaje&nbsp;<\/a><\/li>\n<li><a href=\"http:\/\/ocio-y-tiempo-libre.euroresidentes.com\/2014\/08\/los-famosos-en-la-infancia-cuanto-han.html\" target=\"_blank\">Los famosos en la infancia \u00bfcu\u00e1nto han cambiado?<\/a><\/li>\n<li><a href=\"http:\/\/ocio-y-tiempo-libre.euroresidentes.com\/2014\/08\/amigos-en-la-infancia-celebrities-hoy.html\" target=\"_blank\">Amigos en la infancia, celebrities hoy&nbsp;<\/a><\/li>\n<li><a href=\"http:\/\/ocio-y-tiempo-libre.euroresidentes.com\/2014\/08\/celebrities-que-se-hicieron-veganos.html\" target=\"_blank\">Celebrities que se hicieron veganos para adelgazar&nbsp;<\/a><\/li>\n<li><a href=\"http:\/\/ocio-y-tiempo-libre.euroresidentes.com\/2014\/05\/juegos-tradicionales-mexicanos-vuelve.html\" target=\"_blank\">Juegos tradicionales mexicanos. Vuelve a disfrutarlos.&nbsp;<\/a><\/li>\n<li><a href=\"http:\/\/ocio-y-tiempo-libre.euroresidentes.com\/2014\/08\/los-looks-mas-arrebatadores-de-shakira.html\" target=\"_blank\">Los looks m\u00e1s arrebatadores de Shakira<\/a><\/li>\n<\/ul>\n<p>\n<b>Mundial&nbsp;<\/b><\/p>\n<ul>\n<li><a href=\"http:\/\/ocio-y-tiempo-libre.euroresidentes.com\/2014\/06\/10-consejos-para-disfrutar-el-mundial.html\" target=\"_blank\">10 Consejos para disfrutar el mundial de Brasil a lo grande<\/a><\/li>\n<li><a href=\"http:\/\/ocio-y-tiempo-libre.euroresidentes.com\/2014\/07\/los-memes-de-james-rodriguez.html\" target=\"_blank\">Los memes de James Rodr\u00edguez&nbsp;<\/a><\/li>\n<li><a href=\"http:\/\/ocio-y-tiempo-libre.euroresidentes.com\/2014\/07\/la-final-de-un-mundial-del-futbol-sin.html\" target=\"_blank\">\u00bfLa final de un Mundial de F\u00fatbol sin memes? \u00a1Misi\u00f3n imposible!<\/a><\/li>\n<li><a href=\"http:\/\/ocio-y-tiempo-libre.euroresidentes.com\/2014\/07\/los-memes-atacan-la-seleccion-brasilena.html\" target=\"_blank\">Los memes atacan a la selecci\u00f3n brasile\u00f1a&nbsp;<\/a><\/li>\n<li><a href=\"http:\/\/ocio-y-tiempo-libre.euroresidentes.com\/2014\/06\/los-dibujos-de-la-seleccion-mexicana-de.html\" target=\"_blank\">Los dibujos de la selecci\u00f3n mexicana de f\u00fatbol&nbsp;<\/a><\/li>\n<li><a href=\"http:\/\/ocio-y-tiempo-libre.euroresidentes.com\/2014\/06\/los-grandes-partidos-de-los-mundiales.html\" target=\"_blank\">Los grandes partidos de los Mundiales: Brasil Vs Uruguay (1950)<\/a><\/li>\n<\/ul>\n","protected":false},"excerpt":{"rendered":"<p>Mentiras (rid\u00edculas) que los padres dicen a sus hijos Draft NBA: Todo lo que necesitas saber C\u00f3mo ligar en menos de 1 minuto&#8230;o no&nbsp; Sigue a Pap\u00e1 Noel con Google&nbsp; 7 Consejos para sacar el mayor partido al Black Friday&nbsp; Los mejores DIY que han salido mal&nbsp; Im\u00e1genes c\u00f3micas: los antes y despu\u00e9s&nbsp; Los 5 videojuegos m\u00e1s divertidos para mujeres&nbsp; Las 10 mejores selfies en Museos&nbsp; 10 Selfies que nunca debieron suceder&nbsp; Adi\u00f3s selfie, hola facepalming y photobombing&nbsp; Cuando veas estas originales fotos t\u00fa tambi\u00e9n querr\u00e1s volver al pasado&nbsp; 20 Cosas que nunca admitir\u00edas&nbsp; 25 Im\u00e1genes que demuestran el poder <\/p>\n","protected":false},"author":12,"featured_media":0,"parent":0,"menu_order":0,"comment_status":"closed","ping_status":"closed","template":"","meta":{"footnotes":""},"class_list":["post-616","page","type-page","status-publish","hentry"],"yoast_head":"<!-- This site is optimized with the Yoast SEO plugin v24.1 - https:\/\/yoast.com\/wordpress\/plugins\/seo\/ -->\n<title>Divertido - Ocio y tiempo libre<\/title>\n<meta name=\"robots\" content=\"index, follow, max-snippet:-1, max-image-preview:large, max-video-preview:-1\" \/>\n<link rel=\"canonical\" href=\"https:\/\/www.euroresidentes.com\/entretenimiento\/ocio-y-tiempo-libre\/divertido\/\" \/>\n<meta property=\"og:locale\" content=\"es_ES\" \/>\n<meta property=\"og:type\" content=\"article\" \/>\n<meta property=\"og:title\" content=\"Divertido - Ocio y tiempo libre\" \/>\n<meta property=\"og:description\" content=\"Mentiras (rid\u00edculas) que los padres dicen a sus hijos Draft NBA: Todo lo que necesitas saber C\u00f3mo ligar en menos de 1 minuto&#8230;o no&nbsp; Sigue a Pap\u00e1 Noel con Google&nbsp; 7 Consejos para sacar el mayor partido al Black Friday&nbsp; Los mejores DIY que han salido mal&nbsp; Im\u00e1genes c\u00f3micas: los antes y despu\u00e9s&nbsp; Los 5 videojuegos m\u00e1s divertidos para mujeres&nbsp; Las 10 mejores selfies en Museos&nbsp; 10 Selfies que nunca debieron suceder&nbsp; Adi\u00f3s selfie, hola facepalming y photobombing&nbsp; Cuando veas estas originales fotos t\u00fa tambi\u00e9n querr\u00e1s volver al pasado&nbsp; 20 Cosas que nunca admitir\u00edas&nbsp; 25 Im\u00e1genes que demuestran el poder\" \/>\n<meta property=\"og:url\" content=\"https:\/\/www.euroresidentes.com\/entretenimiento\/ocio-y-tiempo-libre\/divertido\/\" \/>\n<meta property=\"og:site_name\" content=\"Ocio y tiempo libre\" \/>\n<meta property=\"article:publisher\" content=\"https:\/\/www.facebook.com\/euroresidentes\/\" \/>\n<meta property=\"article:modified_time\" content=\"2016-02-26T09:51:56+00:00\" \/>\n<meta name=\"twitter:card\" content=\"summary_large_image\" \/>\n<meta name=\"twitter:label1\" content=\"Est. reading time\" \/>\n\t<meta name=\"twitter:data1\" content=\"1 minuto\" \/>\n<script type=\"application\/ld+json\" class=\"yoast-schema-graph\">{\"@context\":\"https:\/\/schema.org\",\"@graph\":[{\"@type\":\"WebPage\",\"@id\":\"https:\/\/www.euroresidentes.com\/entretenimiento\/ocio-y-tiempo-libre\/divertido\/\",\"url\":\"https:\/\/www.euroresidentes.com\/entretenimiento\/ocio-y-tiempo-libre\/divertido\/\",\"name\":\"Divertido - Ocio y tiempo libre\",\"isPartOf\":{\"@id\":\"https:\/\/www.euroresidentes.com\/entretenimiento\/ocio-y-tiempo-libre\/#website\"},\"datePublished\":\"2015-08-04T15:24:00+00:00\",\"dateModified\":\"2016-02-26T09:51:56+00:00\",\"breadcrumb\":{\"@id\":\"https:\/\/www.euroresidentes.com\/entretenimiento\/ocio-y-tiempo-libre\/divertido\/#breadcrumb\"},\"inLanguage\":\"es\",\"potentialAction\":[{\"@type\":\"ReadAction\",\"target\":[\"https:\/\/www.euroresidentes.com\/entretenimiento\/ocio-y-tiempo-libre\/divertido\/\"]}]},{\"@type\":\"BreadcrumbList\",\"@id\":\"https:\/\/www.euroresidentes.com\/entretenimiento\/ocio-y-tiempo-libre\/divertido\/#breadcrumb\",\"itemListElement\":[{\"@type\":\"ListItem\",\"position\":1,\"name\":\"Portada\",\"item\":\"https:\/\/www.euroresidentes.com\/entretenimiento\/ocio-y-tiempo-libre\/\"},{\"@type\":\"ListItem\",\"position\":2,\"name\":\"Divertido\"}]},{\"@type\":\"WebSite\",\"@id\":\"https:\/\/www.euroresidentes.com\/entretenimiento\/ocio-y-tiempo-libre\/#website\",\"url\":\"https:\/\/www.euroresidentes.com\/entretenimiento\/ocio-y-tiempo-libre\/\",\"name\":\"Ocio y tiempo libre\",\"description\":\"Euroresidentes\",\"potentialAction\":[{\"@type\":\"SearchAction\",\"target\":{\"@type\":\"EntryPoint\",\"urlTemplate\":\"https:\/\/www.euroresidentes.com\/entretenimiento\/ocio-y-tiempo-libre\/?s={search_term_string}\"},\"query-input\":{\"@type\":\"PropertyValueSpecification\",\"valueRequired\":true,\"valueName\":\"search_term_string\"}}],\"inLanguage\":\"es\"}]}<\/script>\n<!-- \/ Yoast SEO plugin. -->","yoast_head_json":{"title":"Divertido - Ocio y tiempo libre","robots":{"index":"index","follow":"follow","max-snippet":"max-snippet:-1","max-image-preview":"max-image-preview:large","max-video-preview":"max-video-preview:-1"},"canonical":"https:\/\/www.euroresidentes.com\/entretenimiento\/ocio-y-tiempo-libre\/divertido\/","og_locale":"es_ES","og_type":"article","og_title":"Divertido - Ocio y tiempo libre","og_description":"Mentiras (rid\u00edculas) que los padres dicen a sus hijos Draft NBA: Todo lo que necesitas saber C\u00f3mo ligar en menos de 1 minuto&#8230;o no&nbsp; Sigue a Pap\u00e1 Noel con Google&nbsp; 7 Consejos para sacar el mayor partido al Black Friday&nbsp; Los mejores DIY que han salido mal&nbsp; Im\u00e1genes c\u00f3micas: los antes y despu\u00e9s&nbsp; Los 5 videojuegos m\u00e1s divertidos para mujeres&nbsp; Las 10 mejores selfies en Museos&nbsp; 10 Selfies que nunca debieron suceder&nbsp; Adi\u00f3s selfie, hola facepalming y photobombing&nbsp; Cuando veas estas originales fotos t\u00fa tambi\u00e9n querr\u00e1s volver al pasado&nbsp; 20 Cosas que nunca admitir\u00edas&nbsp; 25 Im\u00e1genes que demuestran el poder","og_url":"https:\/\/www.euroresidentes.com\/entretenimiento\/ocio-y-tiempo-libre\/divertido\/","og_site_name":"Ocio y tiempo libre","article_publisher":"https:\/\/www.facebook.com\/euroresidentes\/","article_modified_time":"2016-02-26T09:51:56+00:00","twitter_card":"summary_large_image","twitter_misc":{"Est. reading time":"1 minuto"},"schema":{"@context":"https:\/\/schema.org","@graph":[{"@type":"WebPage","@id":"https:\/\/www.euroresidentes.com\/entretenimiento\/ocio-y-tiempo-libre\/divertido\/","url":"https:\/\/www.euroresidentes.com\/entretenimiento\/ocio-y-tiempo-libre\/divertido\/","name":"Divertido - Ocio y tiempo libre","isPartOf":{"@id":"https:\/\/www.euroresidentes.com\/entretenimiento\/ocio-y-tiempo-libre\/#website"},"datePublished":"2015-08-04T15:24:00+00:00","dateModified":"2016-02-26T09:51:56+00:00","breadcrumb":{"@id":"https:\/\/www.euroresidentes.com\/entretenimiento\/ocio-y-tiempo-libre\/divertido\/#breadcrumb"},"inLanguage":"es","potentialAction":[{"@type":"ReadAction","target":["https:\/\/www.euroresidentes.com\/entretenimiento\/ocio-y-tiempo-libre\/divertido\/"]}]},{"@type":"BreadcrumbList","@id":"https:\/\/www.euroresidentes.com\/entretenimiento\/ocio-y-tiempo-libre\/divertido\/#breadcrumb","itemListElement":[{"@type":"ListItem","position":1,"name":"Portada","item":"https:\/\/www.euroresidentes.com\/entretenimiento\/ocio-y-tiempo-libre\/"},{"@type":"ListItem","position":2,"name":"Divertido"}]},{"@type":"WebSite","@id":"https:\/\/www.euroresidentes.com\/entretenimiento\/ocio-y-tiempo-libre\/#website","url":"https:\/\/www.euroresidentes.com\/entretenimiento\/ocio-y-tiempo-libre\/","name":"Ocio y tiempo libre","description":"Euroresidentes","potentialAction":[{"@type":"SearchAction","target":{"@type":"EntryPoint","urlTemplate":"https:\/\/www.euroresidentes.com\/entretenimiento\/ocio-y-tiempo-libre\/?s={search_term_string}"},"query-input":{"@type":"PropertyValueSpecification","valueRequired":true,"valueName":"search_term_string"}}],"inLanguage":"es"}]}},"_links":{"self":[{"href":"https:\/\/www.euroresidentes.com\/entretenimiento\/ocio-y-tiempo-libre\/wp-json\/wp\/v2\/pages\/616","targetHints":{"allow":["GET"]}}],"collection":[{"href":"https:\/\/www.euroresidentes.com\/entretenimiento\/ocio-y-tiempo-libre\/wp-json\/wp\/v2\/pages"}],"about":[{"href":"https:\/\/www.euroresidentes.com\/entretenimiento\/ocio-y-tiempo-libre\/wp-json\/wp\/v2\/types\/page"}],"author":[{"embeddable":true,"href":"https:\/\/www.euroresidentes.com\/entretenimiento\/ocio-y-tiempo-libre\/wp-json\/wp\/v2\/users\/12"}],"replies":[{"embeddable":true,"href":"https:\/\/www.euroresidentes.com\/entretenimiento\/ocio-y-tiempo-libre\/wp-json\/wp\/v2\/comments?post=616"}],"version-history":[{"count":1,"href":"https:\/\/www.euroresidentes.com\/entretenimiento\/ocio-y-tiempo-libre\/wp-json\/wp\/v2\/pages\/616\/revisions"}],"predecessor-version":[{"id":871,"href":"https:\/\/www.euroresidentes.com\/entretenimiento\/ocio-y-tiempo-libre\/wp-json\/wp\/v2\/pages\/616\/revisions\/871"}],"wp:attachment":[{"href":"https:\/\/www.euroresidentes.com\/entretenimiento\/ocio-y-tiempo-libre\/wp-json\/wp\/v2\/media?parent=616"}],"curies":[{"name":"wp","href":"https:\/\/api.w.org\/{rel}","templated":true}]}}