{"id":4936,"date":"2015-02-27T10:39:00","date_gmt":"2015-02-27T09:39:00","guid":{"rendered":"https:\/\/www.euroresidentes.com\/entretenimiento\/ocio-y-tiempo-libre\/trailers-de-peliculas.html"},"modified":"2016-12-20T11:09:19","modified_gmt":"2016-12-20T10:09:19","slug":"trailers-de-peliculas","status":"publish","type":"page","link":"https:\/\/www.euroresidentes.com\/entretenimiento\/ocio-y-tiempo-libre\/trailers-de-peliculas\/","title":{"rendered":"Trailers de pel\u00edculas"},"content":{"rendered":"<p>Encontrar\u00e1s los estrenos m\u00e1s esperados del cine<\/p>\n<p><\/p>\n<ul>\n<li><a href=\"http:\/\/trailers-peliculas.estudiantes.info\/2014\/03\/trailer-y-frases-de-las-aventuras-de.html\" target=\"_blank\">\u00abLas aventuras de Peabody y Sherman\u00bb<\/a><\/li>\n<\/ul>\n<ul>\n<li><a href=\"http:\/\/trailers-peliculas.estudiantes.info\/2014\/03\/trailer-y-frases-de-ocho-apellidos.html\" target=\"_blank\">\u00abOcho apellidos Vascos\u00bb<\/a><\/li>\n<\/ul>\n<ul>\n<li><a href=\"http:\/\/trailers-peliculas.estudiantes.info\/2014\/03\/trailer-y-frases-de-300-el-origen-de-un.html\" target=\"_blank\">\u00ab300. El Origen de un Imperio\u00bb<\/a><\/li>\n<\/ul>\n<ul>\n<li><a href=\"http:\/\/trailers-peliculas.estudiantes.info\/2014\/03\/trailer-y-frases-de-no-hay-dos-sin-tres.html\" target=\"_blank\">\u00abNo hay dos sin tres\u00bb<\/a><\/li>\n<\/ul>\n<ul>\n<li><a href=\"http:\/\/trailers-peliculas.estudiantes.info\/2014\/03\/trailer-y-frases-de-el-tour-de-los.html\" target=\"_blank\">\u00abEl tour de los Muppets\u00bb<\/a><\/li>\n<\/ul>\n<ul>\n<li><a href=\"http:\/\/trailers-peliculas.estudiantes.info\/2014\/04\/trailer-y-frases-de-el-gran-hotel.html\" target=\"_blank\">\u00abEl gran hotel Budapest\u00bb<\/a><\/li>\n<\/ul>\n<ul>\n<li><a href=\"http:\/\/trailers-peliculas.estudiantes.info\/2014\/04\/trailer-y-frases-de-draft-day.html\" target=\"_blank\">\u00abDraft day\u00bb<\/a><\/li>\n<\/ul>\n<ul>\n<li><a href=\"http:\/\/trailers-peliculas.estudiantes.info\/2014\/04\/trailer-y-frases-de-el-lobo-de-wall.html\" target=\"_blank\">\u00abEl lobo de Wall Street\u00bb<\/a><\/li>\n<\/ul>\n<ul>\n<li><a href=\"http:\/\/trailers-peliculas.estudiantes.info\/2014\/07\/trailer-en-espanol-de-cincuenta-sombras.html\" target=\"_blank\">\u00abTrailer en espa\u00f1ol, 50 sombras de Grey\u00bb<\/a><\/li>\n<\/ul>\n<ul>\n<li><a href=\"http:\/\/trailers-peliculas.estudiantes.info\/2014\/09\/por-fin-el-trailer-de-la-proxima.html\" target=\"_blank\">\u00a1Por fin! El tr\u00e1iler de la pr\u00f3xima entrega de Los Juegos del Hambre<\/a><\/li>\n<\/ul>\n","protected":false},"excerpt":{"rendered":"<p>Encontrar\u00e1s los estrenos m\u00e1s esperados del cine \u00abLas aventuras de Peabody y Sherman\u00bb \u00abOcho apellidos Vascos\u00bb \u00ab300. El Origen de un Imperio\u00bb \u00abNo hay dos sin tres\u00bb \u00abEl tour de los Muppets\u00bb \u00abEl gran hotel Budapest\u00bb \u00abDraft day\u00bb \u00abEl lobo de Wall Street\u00bb \u00abTrailer en espa\u00f1ol, 50 sombras de Grey\u00bb \u00a1Por fin! El tr\u00e1iler de la pr\u00f3xima entrega de Los Juegos del Hambre<\/p>\n","protected":false},"author":11,"featured_media":0,"parent":0,"menu_order":0,"comment_status":"closed","ping_status":"closed","template":"","meta":{"footnotes":""},"class_list":["post-4936","page","type-page","status-publish","hentry"],"yoast_head":"<!-- This site is optimized with the Yoast SEO plugin v24.1 - https:\/\/yoast.com\/wordpress\/plugins\/seo\/ -->\n<title>Trailers de pel\u00edculas - Ocio y tiempo libre<\/title>\n<meta name=\"robots\" content=\"index, follow, max-snippet:-1, max-image-preview:large, max-video-preview:-1\" \/>\n<link rel=\"canonical\" href=\"https:\/\/www.euroresidentes.com\/entretenimiento\/ocio-y-tiempo-libre\/trailers-de-peliculas\/\" \/>\n<meta property=\"og:locale\" content=\"es_ES\" \/>\n<meta property=\"og:type\" content=\"article\" \/>\n<meta property=\"og:title\" content=\"Trailers de pel\u00edculas - Ocio y tiempo libre\" \/>\n<meta property=\"og:description\" content=\"Encontrar\u00e1s los estrenos m\u00e1s esperados del cine \u00abLas aventuras de Peabody y Sherman\u00bb \u00abOcho apellidos Vascos\u00bb \u00ab300. El Origen de un Imperio\u00bb \u00abNo hay dos sin tres\u00bb \u00abEl tour de los Muppets\u00bb \u00abEl gran hotel Budapest\u00bb \u00abDraft day\u00bb \u00abEl lobo de Wall Street\u00bb \u00abTrailer en espa\u00f1ol, 50 sombras de Grey\u00bb \u00a1Por fin! El tr\u00e1iler de la pr\u00f3xima entrega de Los Juegos del Hambre\" \/>\n<meta property=\"og:url\" content=\"https:\/\/www.euroresidentes.com\/entretenimiento\/ocio-y-tiempo-libre\/trailers-de-peliculas\/\" \/>\n<meta property=\"og:site_name\" content=\"Ocio y tiempo libre\" \/>\n<meta property=\"article:publisher\" content=\"https:\/\/www.facebook.com\/euroresidentes\/\" \/>\n<meta property=\"article:modified_time\" content=\"2016-12-20T10:09:19+00:00\" \/>\n<meta name=\"twitter:card\" content=\"summary_large_image\" \/>\n<script type=\"application\/ld+json\" class=\"yoast-schema-graph\">{\"@context\":\"https:\/\/schema.org\",\"@graph\":[{\"@type\":\"WebPage\",\"@id\":\"https:\/\/www.euroresidentes.com\/entretenimiento\/ocio-y-tiempo-libre\/trailers-de-peliculas\/\",\"url\":\"https:\/\/www.euroresidentes.com\/entretenimiento\/ocio-y-tiempo-libre\/trailers-de-peliculas\/\",\"name\":\"Trailers de pel\u00edculas - Ocio y tiempo libre\",\"isPartOf\":{\"@id\":\"https:\/\/www.euroresidentes.com\/entretenimiento\/ocio-y-tiempo-libre\/#website\"},\"datePublished\":\"2015-02-27T09:39:00+00:00\",\"dateModified\":\"2016-12-20T10:09:19+00:00\",\"breadcrumb\":{\"@id\":\"https:\/\/www.euroresidentes.com\/entretenimiento\/ocio-y-tiempo-libre\/trailers-de-peliculas\/#breadcrumb\"},\"inLanguage\":\"es\",\"potentialAction\":[{\"@type\":\"ReadAction\",\"target\":[\"https:\/\/www.euroresidentes.com\/entretenimiento\/ocio-y-tiempo-libre\/trailers-de-peliculas\/\"]}]},{\"@type\":\"BreadcrumbList\",\"@id\":\"https:\/\/www.euroresidentes.com\/entretenimiento\/ocio-y-tiempo-libre\/trailers-de-peliculas\/#breadcrumb\",\"itemListElement\":[{\"@type\":\"ListItem\",\"position\":1,\"name\":\"Portada\",\"item\":\"https:\/\/www.euroresidentes.com\/entretenimiento\/ocio-y-tiempo-libre\/\"},{\"@type\":\"ListItem\",\"position\":2,\"name\":\"Trailers de pel\u00edculas\"}]},{\"@type\":\"WebSite\",\"@id\":\"https:\/\/www.euroresidentes.com\/entretenimiento\/ocio-y-tiempo-libre\/#website\",\"url\":\"https:\/\/www.euroresidentes.com\/entretenimiento\/ocio-y-tiempo-libre\/\",\"name\":\"Ocio y tiempo libre\",\"description\":\"Euroresidentes\",\"potentialAction\":[{\"@type\":\"SearchAction\",\"target\":{\"@type\":\"EntryPoint\",\"urlTemplate\":\"https:\/\/www.euroresidentes.com\/entretenimiento\/ocio-y-tiempo-libre\/?s={search_term_string}\"},\"query-input\":{\"@type\":\"PropertyValueSpecification\",\"valueRequired\":true,\"valueName\":\"search_term_string\"}}],\"inLanguage\":\"es\"}]}<\/script>\n<!-- \/ Yoast SEO plugin. -->","yoast_head_json":{"title":"Trailers de pel\u00edculas - Ocio y tiempo libre","robots":{"index":"index","follow":"follow","max-snippet":"max-snippet:-1","max-image-preview":"max-image-preview:large","max-video-preview":"max-video-preview:-1"},"canonical":"https:\/\/www.euroresidentes.com\/entretenimiento\/ocio-y-tiempo-libre\/trailers-de-peliculas\/","og_locale":"es_ES","og_type":"article","og_title":"Trailers de pel\u00edculas - Ocio y tiempo libre","og_description":"Encontrar\u00e1s los estrenos m\u00e1s esperados del cine \u00abLas aventuras de Peabody y Sherman\u00bb \u00abOcho apellidos Vascos\u00bb \u00ab300. El Origen de un Imperio\u00bb \u00abNo hay dos sin tres\u00bb \u00abEl tour de los Muppets\u00bb \u00abEl gran hotel Budapest\u00bb \u00abDraft day\u00bb \u00abEl lobo de Wall Street\u00bb \u00abTrailer en espa\u00f1ol, 50 sombras de Grey\u00bb \u00a1Por fin! El tr\u00e1iler de la pr\u00f3xima entrega de Los Juegos del Hambre","og_url":"https:\/\/www.euroresidentes.com\/entretenimiento\/ocio-y-tiempo-libre\/trailers-de-peliculas\/","og_site_name":"Ocio y tiempo libre","article_publisher":"https:\/\/www.facebook.com\/euroresidentes\/","article_modified_time":"2016-12-20T10:09:19+00:00","twitter_card":"summary_large_image","schema":{"@context":"https:\/\/schema.org","@graph":[{"@type":"WebPage","@id":"https:\/\/www.euroresidentes.com\/entretenimiento\/ocio-y-tiempo-libre\/trailers-de-peliculas\/","url":"https:\/\/www.euroresidentes.com\/entretenimiento\/ocio-y-tiempo-libre\/trailers-de-peliculas\/","name":"Trailers de pel\u00edculas - Ocio y tiempo libre","isPartOf":{"@id":"https:\/\/www.euroresidentes.com\/entretenimiento\/ocio-y-tiempo-libre\/#website"},"datePublished":"2015-02-27T09:39:00+00:00","dateModified":"2016-12-20T10:09:19+00:00","breadcrumb":{"@id":"https:\/\/www.euroresidentes.com\/entretenimiento\/ocio-y-tiempo-libre\/trailers-de-peliculas\/#breadcrumb"},"inLanguage":"es","potentialAction":[{"@type":"ReadAction","target":["https:\/\/www.euroresidentes.com\/entretenimiento\/ocio-y-tiempo-libre\/trailers-de-peliculas\/"]}]},{"@type":"BreadcrumbList","@id":"https:\/\/www.euroresidentes.com\/entretenimiento\/ocio-y-tiempo-libre\/trailers-de-peliculas\/#breadcrumb","itemListElement":[{"@type":"ListItem","position":1,"name":"Portada","item":"https:\/\/www.euroresidentes.com\/entretenimiento\/ocio-y-tiempo-libre\/"},{"@type":"ListItem","position":2,"name":"Trailers de pel\u00edculas"}]},{"@type":"WebSite","@id":"https:\/\/www.euroresidentes.com\/entretenimiento\/ocio-y-tiempo-libre\/#website","url":"https:\/\/www.euroresidentes.com\/entretenimiento\/ocio-y-tiempo-libre\/","name":"Ocio y tiempo libre","description":"Euroresidentes","potentialAction":[{"@type":"SearchAction","target":{"@type":"EntryPoint","urlTemplate":"https:\/\/www.euroresidentes.com\/entretenimiento\/ocio-y-tiempo-libre\/?s={search_term_string}"},"query-input":{"@type":"PropertyValueSpecification","valueRequired":true,"valueName":"search_term_string"}}],"inLanguage":"es"}]}},"_links":{"self":[{"href":"https:\/\/www.euroresidentes.com\/entretenimiento\/ocio-y-tiempo-libre\/wp-json\/wp\/v2\/pages\/4936","targetHints":{"allow":["GET"]}}],"collection":[{"href":"https:\/\/www.euroresidentes.com\/entretenimiento\/ocio-y-tiempo-libre\/wp-json\/wp\/v2\/pages"}],"about":[{"href":"https:\/\/www.euroresidentes.com\/entretenimiento\/ocio-y-tiempo-libre\/wp-json\/wp\/v2\/types\/page"}],"author":[{"embeddable":true,"href":"https:\/\/www.euroresidentes.com\/entretenimiento\/ocio-y-tiempo-libre\/wp-json\/wp\/v2\/users\/11"}],"replies":[{"embeddable":true,"href":"https:\/\/www.euroresidentes.com\/entretenimiento\/ocio-y-tiempo-libre\/wp-json\/wp\/v2\/comments?post=4936"}],"version-history":[{"count":1,"href":"https:\/\/www.euroresidentes.com\/entretenimiento\/ocio-y-tiempo-libre\/wp-json\/wp\/v2\/pages\/4936\/revisions"}],"predecessor-version":[{"id":4962,"href":"https:\/\/www.euroresidentes.com\/entretenimiento\/ocio-y-tiempo-libre\/wp-json\/wp\/v2\/pages\/4936\/revisions\/4962"}],"wp:attachment":[{"href":"https:\/\/www.euroresidentes.com\/entretenimiento\/ocio-y-tiempo-libre\/wp-json\/wp\/v2\/media?parent=4936"}],"curies":[{"name":"wp","href":"https:\/\/api.w.org\/{rel}","templated":true}]}}