{"id":816,"date":"2014-10-15T13:47:00","date_gmt":"2014-10-15T13:47:00","guid":{"rendered":"https:\/\/www.euroresidentes.com\/entretenimiento\/horoscopos-de-famosos\/latinos.html"},"modified":"2016-02-26T09:46:35","modified_gmt":"2016-02-26T09:46:35","slug":"latinos","status":"publish","type":"page","link":"https:\/\/www.euroresidentes.com\/entretenimiento\/horoscopos-de-famosos\/latinos\/","title":{"rendered":"Latinos"},"content":{"rendered":"<p>\u00cdndice de los Hor\u00f3scopos de FAMOSOS LATINOS que aparecen en nuestro blog:<\/p>\n<p><\/p>\n<div class=\"separator\" style=\"clear: both; text-align: center;\">\n<\/div>\n<div class=\"separator\" style=\"clear: both; text-align: center;\">\n<a href=\"https:\/\/www.euroresidentes.com\/entretenimiento\/horoscopos-de-famosos\/wp-content\/uploads\/sites\/8\/2014\/10\/CANTANDO.jpg\" imageanchor=\"1\" style=\"margin-left: 1em; margin-right: 1em;\"><img loading=\"lazy\" decoding=\"async\" border=\"0\" src=\"https:\/\/www.euroresidentes.com\/entretenimiento\/horoscopos-de-famosos\/wp-content\/uploads\/sites\/8\/2014\/10\/CANTANDO.jpg\" height=\"182\" width=\"320\" \/><\/a><\/div>\n<ul>\n<li><b><a href=\"http:\/\/horoscopos-de-famosos.euroresidentes.com\/2014\/05\/horoscopo-de-alejandro-fernandez.html\" target=\"_blank\">Alejandro Fernandez<\/a><\/b><\/li>\n<li><b><a href=\"http:\/\/horoscopos-de-famosos.euroresidentes.com\/2014\/06\/horoscopo-de-alexis-sanchez-energico-y.html\" target=\"_blank\">Alexis S\u00e1nchez<\/a><\/b><\/li>\n<li><a href=\"http:\/\/horoscopos-de-famosos.euroresidentes.com\/2013\/07\/horoscopo-de-gael-garcia-bernal.html\" target=\"_blank\"><b>Gael Garc\u00eda Bernal<\/b><\/a><\/li>\n<li><a href=\"http:\/\/horoscopos-de-famosos.euroresidentes.com\/2013\/07\/horoscopo-de-juanes.html\" target=\"_blank\"><b>Juanes<\/b><\/a><\/li>\n<li><b><a href=\"http:\/\/horoscopos-de-famosos.euroresidentes.com\/2014\/05\/horoscopo-de-juan-gabriel.html\" target=\"_blank\">Juan Gabriel<\/a><\/b><\/li>\n<li><b><a href=\"http:\/\/horoscopos-de-famosos.euroresidentes.com\/2014\/06\/horoscopo-de-hulk-fuerte-y-aventurero.html\" target=\"_blank\">Hulk<\/a><\/b><\/li>\n<li class=\"MsoNormal\"><a href=\"http:\/\/horoscopos-de-famosos.euroresidentes.com\/2014\/04\/horoscopo-de-marc-anthony.html\" target=\"_blank\">Mark Anthony<\/a><\/li>\n<li><a href=\"http:\/\/horoscopos-de-famosos.euroresidentes.com\/2013\/08\/horoscopo-de-neymar.html\" target=\"_blank\"><b>Neymar<\/b><\/a><\/li>\n<li><b><a href=\"http:\/\/horoscopos-de-famosos.euroresidentes.com\/2012\/11\/horoscopo-de-leo-messi.html\" target=\"_blank\">Leo Messi<\/a><\/b><\/li>\n<li><b><a href=\"http:\/\/horoscopos-de-famosos.euroresidentes.com\/2014\/05\/horoscopo-de-luis-fonsi.html\" target=\"_blank\">Luis Fonsi<\/a><\/b><\/li>\n<li><b><a href=\"http:\/\/horoscopos-de-famosos.euroresidentes.com\/2014\/06\/horoscopo-de-oribe-peralta-cerebral-y.html\" target=\"_blank\">Oribe Peralta<\/a><\/b><\/li>\n<li><a href=\"http:\/\/horoscopos-de-famosos.euroresidentes.com\/2012\/08\/horoscopo-de-ricky-martin.html\" target=\"_blank\"><b>Ricky Martin<\/b><\/a><\/li>\n<li><a href=\"http:\/\/horoscopos-de-famosos.euroresidentes.com\/2014\/02\/horoscopo-de-ruben-cortada.html\" target=\"_blank\"><b>Rub\u00e9n Cortada<\/b><\/a><\/li>\n<li><a href=\"http:\/\/horoscopos-de-famosos.euroresidentes.com\/2012\/09\/horoscopo-de-shakira_12.html\" target=\"_blank\"><b>Shakira<\/b><\/a><\/li>\n<li><b><a href=\"http:\/\/horoscopos-de-famosos.euroresidentes.com\/2012\/09\/horoscopo-de-william-levy.html\" target=\"_blank\">William Levy<\/a><\/b><\/li>\n<li><a href=\"http:\/\/horoscopos-de-famosos.euroresidentes.com\/2014\/06\/horoscopo-de-alexis-sanchez-energico-y.html\" target=\"_blank\">Alexis Sanchez<\/a><\/li>\n<li><a href=\"http:\/\/horoscopos-de-famosos.euroresidentes.com\/2014\/06\/horoscopo-de-oribe-peralta-cerebral-y.html\" target=\"_blank\">Oribe Peralta<\/a><\/li>\n<li><a href=\"http:\/\/horoscopos-de-famosos.euroresidentes.com\/2014\/06\/horoscopo-de-hulk-fuerte-y-aventurero.html\" target=\"_blank\">Hulk<\/a><\/li>\n<li><a href=\"http:\/\/horoscopos-de-famosos.euroresidentes.com\/2014\/07\/horoscopo-de-james-rodriguez.html\" target=\"_blank\">James Rodr\u00edguez<\/a><\/li>\n<li><a href=\"http:\/\/horoscopos-de-famosos.euroresidentes.com\/2014\/09\/horoscopo-de-sofia-vergara.html\" target=\"_blank\">Sof\u00eda Vergara<\/a><\/li>\n<\/ul>\n<div class=\"separator\" style=\"clear: both; text-align: center;\">\n<a href=\"https:\/\/www.euroresidentes.com\/entretenimiento\/horoscopos-de-famosos\/wp-content\/uploads\/sites\/8\/2014\/10\/cortada5-SOLO.jpg\" imageanchor=\"1\" style=\"margin-left: 1em; margin-right: 1em;\"><img loading=\"lazy\" decoding=\"async\" border=\"0\" src=\"https:\/\/www.euroresidentes.com\/entretenimiento\/horoscopos-de-famosos\/wp-content\/uploads\/sites\/8\/2014\/10\/cortada5-SOLO.jpg\" height=\"320\" width=\"253\" \/><\/a><\/div>\n<div>\n<\/div>\n","protected":false},"excerpt":{"rendered":"<p>\u00cdndice de los Hor\u00f3scopos de FAMOSOS LATINOS que aparecen en nuestro blog: Alejandro Fernandez Alexis S\u00e1nchez Gael Garc\u00eda Bernal Juanes Juan Gabriel Hulk Mark Anthony Neymar Leo Messi Luis Fonsi Oribe Peralta Ricky Martin Rub\u00e9n Cortada Shakira William Levy Alexis Sanchez Oribe Peralta Hulk James Rodr\u00edguez Sof\u00eda Vergara<\/p>\n","protected":false},"author":23,"featured_media":0,"parent":0,"menu_order":0,"comment_status":"closed","ping_status":"closed","template":"","meta":{"footnotes":""},"class_list":["post-816","page","type-page","status-publish","hentry"],"yoast_head":"<!-- This site is optimized with the Yoast SEO plugin v24.1 - https:\/\/yoast.com\/wordpress\/plugins\/seo\/ -->\n<title>Latinos - Hor\u00f3scopos Famosos<\/title>\n<meta name=\"robots\" content=\"index, follow, max-snippet:-1, max-image-preview:large, max-video-preview:-1\" \/>\n<link rel=\"canonical\" href=\"https:\/\/www.euroresidentes.com\/entretenimiento\/horoscopos-de-famosos\/latinos\/\" \/>\n<meta property=\"og:locale\" content=\"es_ES\" \/>\n<meta property=\"og:type\" content=\"article\" \/>\n<meta property=\"og:title\" content=\"Latinos - Hor\u00f3scopos Famosos\" \/>\n<meta property=\"og:description\" content=\"\u00cdndice de los Hor\u00f3scopos de FAMOSOS LATINOS que aparecen en nuestro blog: Alejandro Fernandez Alexis S\u00e1nchez Gael Garc\u00eda Bernal Juanes Juan Gabriel Hulk Mark Anthony Neymar Leo Messi Luis Fonsi Oribe Peralta Ricky Martin Rub\u00e9n Cortada Shakira William Levy Alexis Sanchez Oribe Peralta Hulk James Rodr\u00edguez Sof\u00eda Vergara\" \/>\n<meta property=\"og:url\" content=\"https:\/\/www.euroresidentes.com\/entretenimiento\/horoscopos-de-famosos\/latinos\/\" \/>\n<meta property=\"og:site_name\" content=\"Hor\u00f3scopos Famosos\" \/>\n<meta property=\"article:publisher\" content=\"https:\/\/www.facebook.com\/horoscopos.euroresidentes\/\" \/>\n<meta property=\"article:modified_time\" content=\"2016-02-26T09:46:35+00:00\" \/>\n<meta property=\"og:image\" content=\"https:\/\/www.euroresidentes.com\/entretenimiento\/horoscopos-de-famosos\/wp-content\/uploads\/sites\/8\/2014\/10\/CANTANDO.jpg\" \/>\n<meta name=\"twitter:card\" content=\"summary_large_image\" \/>\n<script type=\"application\/ld+json\" class=\"yoast-schema-graph\">{\"@context\":\"https:\/\/schema.org\",\"@graph\":[{\"@type\":\"WebPage\",\"@id\":\"https:\/\/www.euroresidentes.com\/entretenimiento\/horoscopos-de-famosos\/latinos\/\",\"url\":\"https:\/\/www.euroresidentes.com\/entretenimiento\/horoscopos-de-famosos\/latinos\/\",\"name\":\"Latinos - Hor\u00f3scopos Famosos\",\"isPartOf\":{\"@id\":\"https:\/\/www.euroresidentes.com\/entretenimiento\/horoscopos-de-famosos\/#website\"},\"primaryImageOfPage\":{\"@id\":\"https:\/\/www.euroresidentes.com\/entretenimiento\/horoscopos-de-famosos\/latinos\/#primaryimage\"},\"image\":{\"@id\":\"https:\/\/www.euroresidentes.com\/entretenimiento\/horoscopos-de-famosos\/latinos\/#primaryimage\"},\"thumbnailUrl\":\"https:\/\/www.euroresidentes.com\/entretenimiento\/horoscopos-de-famosos\/wp-content\/uploads\/sites\/8\/2014\/10\/CANTANDO.jpg\",\"datePublished\":\"2014-10-15T13:47:00+00:00\",\"dateModified\":\"2016-02-26T09:46:35+00:00\",\"breadcrumb\":{\"@id\":\"https:\/\/www.euroresidentes.com\/entretenimiento\/horoscopos-de-famosos\/latinos\/#breadcrumb\"},\"inLanguage\":\"es\",\"potentialAction\":[{\"@type\":\"ReadAction\",\"target\":[\"https:\/\/www.euroresidentes.com\/entretenimiento\/horoscopos-de-famosos\/latinos\/\"]}]},{\"@type\":\"ImageObject\",\"inLanguage\":\"es\",\"@id\":\"https:\/\/www.euroresidentes.com\/entretenimiento\/horoscopos-de-famosos\/latinos\/#primaryimage\",\"url\":\"https:\/\/www.euroresidentes.com\/entretenimiento\/horoscopos-de-famosos\/wp-content\/uploads\/sites\/8\/2014\/10\/CANTANDO.jpg\",\"contentUrl\":\"https:\/\/www.euroresidentes.com\/entretenimiento\/horoscopos-de-famosos\/wp-content\/uploads\/sites\/8\/2014\/10\/CANTANDO.jpg\",\"width\":745,\"height\":425},{\"@type\":\"BreadcrumbList\",\"@id\":\"https:\/\/www.euroresidentes.com\/entretenimiento\/horoscopos-de-famosos\/latinos\/#breadcrumb\",\"itemListElement\":[{\"@type\":\"ListItem\",\"position\":1,\"name\":\"Portada\",\"item\":\"https:\/\/www.euroresidentes.com\/entretenimiento\/horoscopos-de-famosos\/\"},{\"@type\":\"ListItem\",\"position\":2,\"name\":\"Latinos\"}]},{\"@type\":\"WebSite\",\"@id\":\"https:\/\/www.euroresidentes.com\/entretenimiento\/horoscopos-de-famosos\/#website\",\"url\":\"https:\/\/www.euroresidentes.com\/entretenimiento\/horoscopos-de-famosos\/\",\"name\":\"Hor\u00f3scopos Famosos\",\"description\":\"Euroresidentes\",\"potentialAction\":[{\"@type\":\"SearchAction\",\"target\":{\"@type\":\"EntryPoint\",\"urlTemplate\":\"https:\/\/www.euroresidentes.com\/entretenimiento\/horoscopos-de-famosos\/?s={search_term_string}\"},\"query-input\":{\"@type\":\"PropertyValueSpecification\",\"valueRequired\":true,\"valueName\":\"search_term_string\"}}],\"inLanguage\":\"es\"}]}<\/script>\n<!-- \/ Yoast SEO plugin. -->","yoast_head_json":{"title":"Latinos - Hor\u00f3scopos Famosos","robots":{"index":"index","follow":"follow","max-snippet":"max-snippet:-1","max-image-preview":"max-image-preview:large","max-video-preview":"max-video-preview:-1"},"canonical":"https:\/\/www.euroresidentes.com\/entretenimiento\/horoscopos-de-famosos\/latinos\/","og_locale":"es_ES","og_type":"article","og_title":"Latinos - Hor\u00f3scopos Famosos","og_description":"\u00cdndice de los Hor\u00f3scopos de FAMOSOS LATINOS que aparecen en nuestro blog: Alejandro Fernandez Alexis S\u00e1nchez Gael Garc\u00eda Bernal Juanes Juan Gabriel Hulk Mark Anthony Neymar Leo Messi Luis Fonsi Oribe Peralta Ricky Martin Rub\u00e9n Cortada Shakira William Levy Alexis Sanchez Oribe Peralta Hulk James Rodr\u00edguez Sof\u00eda Vergara","og_url":"https:\/\/www.euroresidentes.com\/entretenimiento\/horoscopos-de-famosos\/latinos\/","og_site_name":"Hor\u00f3scopos Famosos","article_publisher":"https:\/\/www.facebook.com\/horoscopos.euroresidentes\/","article_modified_time":"2016-02-26T09:46:35+00:00","og_image":[{"url":"https:\/\/www.euroresidentes.com\/entretenimiento\/horoscopos-de-famosos\/wp-content\/uploads\/sites\/8\/2014\/10\/CANTANDO.jpg","type":"","width":"","height":""}],"twitter_card":"summary_large_image","schema":{"@context":"https:\/\/schema.org","@graph":[{"@type":"WebPage","@id":"https:\/\/www.euroresidentes.com\/entretenimiento\/horoscopos-de-famosos\/latinos\/","url":"https:\/\/www.euroresidentes.com\/entretenimiento\/horoscopos-de-famosos\/latinos\/","name":"Latinos - Hor\u00f3scopos Famosos","isPartOf":{"@id":"https:\/\/www.euroresidentes.com\/entretenimiento\/horoscopos-de-famosos\/#website"},"primaryImageOfPage":{"@id":"https:\/\/www.euroresidentes.com\/entretenimiento\/horoscopos-de-famosos\/latinos\/#primaryimage"},"image":{"@id":"https:\/\/www.euroresidentes.com\/entretenimiento\/horoscopos-de-famosos\/latinos\/#primaryimage"},"thumbnailUrl":"https:\/\/www.euroresidentes.com\/entretenimiento\/horoscopos-de-famosos\/wp-content\/uploads\/sites\/8\/2014\/10\/CANTANDO.jpg","datePublished":"2014-10-15T13:47:00+00:00","dateModified":"2016-02-26T09:46:35+00:00","breadcrumb":{"@id":"https:\/\/www.euroresidentes.com\/entretenimiento\/horoscopos-de-famosos\/latinos\/#breadcrumb"},"inLanguage":"es","potentialAction":[{"@type":"ReadAction","target":["https:\/\/www.euroresidentes.com\/entretenimiento\/horoscopos-de-famosos\/latinos\/"]}]},{"@type":"ImageObject","inLanguage":"es","@id":"https:\/\/www.euroresidentes.com\/entretenimiento\/horoscopos-de-famosos\/latinos\/#primaryimage","url":"https:\/\/www.euroresidentes.com\/entretenimiento\/horoscopos-de-famosos\/wp-content\/uploads\/sites\/8\/2014\/10\/CANTANDO.jpg","contentUrl":"https:\/\/www.euroresidentes.com\/entretenimiento\/horoscopos-de-famosos\/wp-content\/uploads\/sites\/8\/2014\/10\/CANTANDO.jpg","width":745,"height":425},{"@type":"BreadcrumbList","@id":"https:\/\/www.euroresidentes.com\/entretenimiento\/horoscopos-de-famosos\/latinos\/#breadcrumb","itemListElement":[{"@type":"ListItem","position":1,"name":"Portada","item":"https:\/\/www.euroresidentes.com\/entretenimiento\/horoscopos-de-famosos\/"},{"@type":"ListItem","position":2,"name":"Latinos"}]},{"@type":"WebSite","@id":"https:\/\/www.euroresidentes.com\/entretenimiento\/horoscopos-de-famosos\/#website","url":"https:\/\/www.euroresidentes.com\/entretenimiento\/horoscopos-de-famosos\/","name":"Hor\u00f3scopos Famosos","description":"Euroresidentes","potentialAction":[{"@type":"SearchAction","target":{"@type":"EntryPoint","urlTemplate":"https:\/\/www.euroresidentes.com\/entretenimiento\/horoscopos-de-famosos\/?s={search_term_string}"},"query-input":{"@type":"PropertyValueSpecification","valueRequired":true,"valueName":"search_term_string"}}],"inLanguage":"es"}]}},"_links":{"self":[{"href":"https:\/\/www.euroresidentes.com\/entretenimiento\/horoscopos-de-famosos\/wp-json\/wp\/v2\/pages\/816","targetHints":{"allow":["GET"]}}],"collection":[{"href":"https:\/\/www.euroresidentes.com\/entretenimiento\/horoscopos-de-famosos\/wp-json\/wp\/v2\/pages"}],"about":[{"href":"https:\/\/www.euroresidentes.com\/entretenimiento\/horoscopos-de-famosos\/wp-json\/wp\/v2\/types\/page"}],"author":[{"embeddable":true,"href":"https:\/\/www.euroresidentes.com\/entretenimiento\/horoscopos-de-famosos\/wp-json\/wp\/v2\/users\/23"}],"replies":[{"embeddable":true,"href":"https:\/\/www.euroresidentes.com\/entretenimiento\/horoscopos-de-famosos\/wp-json\/wp\/v2\/comments?post=816"}],"version-history":[{"count":1,"href":"https:\/\/www.euroresidentes.com\/entretenimiento\/horoscopos-de-famosos\/wp-json\/wp\/v2\/pages\/816\/revisions"}],"predecessor-version":[{"id":958,"href":"https:\/\/www.euroresidentes.com\/entretenimiento\/horoscopos-de-famosos\/wp-json\/wp\/v2\/pages\/816\/revisions\/958"}],"wp:attachment":[{"href":"https:\/\/www.euroresidentes.com\/entretenimiento\/horoscopos-de-famosos\/wp-json\/wp\/v2\/media?parent=816"}],"curies":[{"name":"wp","href":"https:\/\/api.w.org\/{rel}","templated":true}]}}