{"id":814,"date":"2015-05-11T13:58:00","date_gmt":"2015-05-11T13:58:00","guid":{"rendered":"https:\/\/www.euroresidentes.com\/entretenimiento\/horoscopos-de-famosos\/europeos.html"},"modified":"2016-02-26T09:46:13","modified_gmt":"2016-02-26T09:46:13","slug":"europeos","status":"publish","type":"page","link":"https:\/\/www.euroresidentes.com\/entretenimiento\/horoscopos-de-famosos\/europeos\/","title":{"rendered":"Europeos"},"content":{"rendered":"<p><\/p>\n<div>\n\u00cdndice de los Hor\u00f3scopos de FAMOSOS EUROPEOS que aparecen en nuestro blog:<\/div>\n<div>\n<\/div>\n<div class=\"separator\" style=\"clear: both; text-align: center;\">\n<a href=\"https:\/\/www.euroresidentes.com\/entretenimiento\/horoscopos-de-famosos\/wp-content\/uploads\/sites\/8\/2015\/05\/Michael-Schumacher-1.jpg\" imageanchor=\"1\" style=\"margin-left: 1em; margin-right: 1em;\"><img decoding=\"async\" border=\"0\" src=\"https:\/\/www.euroresidentes.com\/entretenimiento\/horoscopos-de-famosos\/wp-content\/uploads\/sites\/8\/2015\/05\/Michael-Schumacher-1.jpg\" \/><\/a><\/div>\n<div class=\"separator\" style=\"clear: both; text-align: center;\">\n<\/div>\n<div class=\"separator\" style=\"clear: both; text-align: left;\">\n<\/div>\n<div style=\"-webkit-text-stroke-width: 0px; color: black; font-family: 'Times New Roman'; font-size: medium; font-style: normal; font-variant: normal; font-weight: normal; letter-spacing: normal; line-height: normal; orphans: auto; text-align: start; text-indent: 0px; text-transform: none; white-space: normal; widows: auto; word-spacing: 0px;\">\n<\/div>\n<p><\/p>\n<ul style=\"-webkit-text-stroke-width: 0px; color: black; font-family: 'Times New Roman'; font-size: medium; font-style: normal; font-variant: normal; font-weight: normal; letter-spacing: normal; line-height: normal; orphans: auto; text-align: start; text-indent: 0px; text-transform: none; white-space: normal; widows: auto; word-spacing: 0px;\">\n<li>\n<ul type=\"disc\">\n<li class=\"MsoNormal\"><a href=\"http:\/\/horoscopos-de-famosos.euroresidentes.com\/2013\/05\/horoscopo-de-alex-pettyfer.html\" target=\"_blank\">Alex Pettyfer<\/a><\/li>\n<li class=\"MsoNormal\"><a href=\"http:\/\/horoscopos-de-famosos.euroresidentes.com\/2013\/09\/horoscopo-de-angela-merkel.html\">Angela Merkel<\/a><\/li>\n<li class=\"MsoNormal\"><a href=\"http:\/\/horoscopos-de-famosos.euroresidentes.com\/2013\/06\/horoscopo-de-carolina-de-monaco.html\">Carolina de M\u00f3naco<\/a><\/li>\n<li class=\"MsoNormal\"><a href=\"http:\/\/horoscopos-de-famosos.euroresidentes.com\/2013\/08\/horoscopo-de-catherine-middleton.html\">Catherine Middelton, duquesa de Cambridge<\/a><\/li>\n<li class=\"MsoNormal\"><a href=\"http:\/\/horoscopos-de-famosos.euroresidentes.com\/2012\/11\/cristiano-ronaldo-cuyo-nombre-completo.html\">Christiano Ronaldo<\/a><\/li>\n<li class=\"MsoNormal\"><a href=\"http:\/\/horoscopos-de-famosos.euroresidentes.com\/2013\/06\/horoscopo-de-diana-de-gales.html\">Diana de Gales<\/a><\/li>\n<li class=\"MsoNormal\" style=\"text-align: left;\"><a href=\"http:\/\/horoscopos-de-famosos.euroresidentes.com\/2013\/02\/horoscopo-de-ewan-mcgregor.html\">Ewan Mcgregor<\/a><\/li>\n<li class=\"MsoNormal\"><a href=\"http:\/\/horoscopos-de-famosos.euroresidentes.com\/2013\/09\/horoscopo-de-el-james.html\">E.L.James<\/a><\/li>\n<li class=\"MsoNormal\"><a href=\"http:\/\/horoscopos-de-famosos.euroresidentes.com\/2013\/06\/horoscopo-de-elton-john.html\">Elton John<\/a><\/li>\n<li class=\"MsoNormal\"><a href=\"http:\/\/horoscopos-de-famosos.euroresidentes.com\/2013\/10\/hooroscopo-de-enrique-de-gales.html\">Enrique de Gales<\/a><\/li>\n<li class=\"MsoNormal\"><a href=\"http:\/\/horoscopos-de-famosos.euroresidentes.com\/2013\/01\/horoscopo-de-jk-rowling.html\">J.K. Rowling<\/a><\/li>\n<li class=\"MsoNormal\"><a href=\"http:\/\/horoscopos-de-famosos.euroresidentes.com\/2012\/12\/horoscopo-de-jose-mourinho.html\">Jos\u00e9 Mourinho<\/a><\/li>\n<li class=\"MsoNormal\"><a href=\"http:\/\/horoscopos-de-famosos.euroresidentes.com\/2014\/06\/horoscopo-de-kit-harington.html\" target=\"_blank\">Kit Harington<\/a><\/li>\n<li class=\"MsoNormal\"><a href=\"http:\/\/horoscopos-de-famosos.euroresidentes.com\/2015\/05\/horoscopo-de-laura-pausini-simpatica-y.html\" target=\"_blank\">Laura Pausini<\/a><\/li>\n<li class=\"MsoNormal\"><a href=\"http:\/\/horoscopos-de-famosos.euroresidentes.com\/2014\/04\/horoscopo-de-michael-schumacher.html\">Michael Schumacher<\/a><\/li>\n<li class=\"MsoNormal\"><a href=\"http:\/\/horoscopos-de-famosos.euroresidentes.com\/2013\/01\/horoscopo-de-naomi-watts.html\">Naomi Wats<\/a><\/li>\n<li class=\"MsoNormal\"><a href=\"http:\/\/horoscopos-de-famosos.euroresidentes.com\/2013\/03\/horoscopo-de-novak-djokovic.html\">Novak Djokovic<\/a><\/li>\n<li class=\"MsoNormal\"><a href=\"http:\/\/horoscopos-de-famosos.euroresidentes.com\/2012\/11\/horoscopo-de-oscar-wilde.html\">Oscar Wilde<\/a><\/li>\n<li class=\"MsoNormal\"><a href=\"http:\/\/horoscopos-de-famosos.euroresidentes.com\/2013\/01\/horoscopo-de-pierce-brosnan.html\">Pierce Brosnan<\/a><\/li>\n<li class=\"MsoNormal\"><a href=\"http:\/\/horoscopos-de-famosos.euroresidentes.com\/2012\/08\/horoscopo-de-robert-pattison.html\">Robert Pattison<\/a><\/li>\n<li class=\"MsoNormal\"><a href=\"http:\/\/horoscopos-de-famosos.euroresidentes.com\/2013\/02\/horoscopo-de-roger-federer.html\">Roger Federer<\/a><\/li>\n<\/ul>\n<\/li>\n<\/ul>\n<div>\n<div>\n<div class=\"separator\" style=\"clear: both; text-align: center;\">\n<a href=\"https:\/\/www.euroresidentes.com\/entretenimiento\/horoscopos-de-famosos\/wp-content\/uploads\/sites\/8\/2015\/05\/ELTON-JOHN.jpg\" imageanchor=\"1\" style=\"margin-left: 1em; margin-right: 1em;\"><img loading=\"lazy\" decoding=\"async\" border=\"0\" height=\"285\" src=\"https:\/\/www.euroresidentes.com\/entretenimiento\/horoscopos-de-famosos\/wp-content\/uploads\/sites\/8\/2015\/05\/ELTON-JOHN.jpg\" width=\"400\" \/><\/a><\/div>\n<p><\/div>\n<\/div>\n","protected":false},"excerpt":{"rendered":"<p>\u00cdndice de los Hor\u00f3scopos de FAMOSOS EUROPEOS que aparecen en nuestro blog: Alex Pettyfer Angela Merkel Carolina de M\u00f3naco Catherine Middelton, duquesa de Cambridge Christiano Ronaldo Diana de Gales Ewan Mcgregor E.L.James Elton John Enrique de Gales J.K. Rowling Jos\u00e9 Mourinho Kit Harington Laura Pausini Michael Schumacher Naomi Wats Novak Djokovic Oscar Wilde Pierce Brosnan Robert Pattison Roger Federer<\/p>\n","protected":false},"author":23,"featured_media":0,"parent":0,"menu_order":0,"comment_status":"closed","ping_status":"closed","template":"","meta":{"footnotes":""},"class_list":["post-814","page","type-page","status-publish","hentry"],"yoast_head":"<!-- This site is optimized with the Yoast SEO plugin v24.1 - https:\/\/yoast.com\/wordpress\/plugins\/seo\/ -->\n<title>Europeos - Hor\u00f3scopos Famosos<\/title>\n<meta name=\"robots\" content=\"index, follow, max-snippet:-1, max-image-preview:large, max-video-preview:-1\" \/>\n<link rel=\"canonical\" href=\"https:\/\/www.euroresidentes.com\/entretenimiento\/horoscopos-de-famosos\/europeos\/\" \/>\n<meta property=\"og:locale\" content=\"es_ES\" \/>\n<meta property=\"og:type\" content=\"article\" \/>\n<meta property=\"og:title\" content=\"Europeos - Hor\u00f3scopos Famosos\" \/>\n<meta property=\"og:description\" content=\"\u00cdndice de los Hor\u00f3scopos de FAMOSOS EUROPEOS que aparecen en nuestro blog: Alex Pettyfer Angela Merkel Carolina de M\u00f3naco Catherine Middelton, duquesa de Cambridge Christiano Ronaldo Diana de Gales Ewan Mcgregor E.L.James Elton John Enrique de Gales J.K. Rowling Jos\u00e9 Mourinho Kit Harington Laura Pausini Michael Schumacher Naomi Wats Novak Djokovic Oscar Wilde Pierce Brosnan Robert Pattison Roger Federer\" \/>\n<meta property=\"og:url\" content=\"https:\/\/www.euroresidentes.com\/entretenimiento\/horoscopos-de-famosos\/europeos\/\" \/>\n<meta property=\"og:site_name\" content=\"Hor\u00f3scopos Famosos\" \/>\n<meta property=\"article:publisher\" content=\"https:\/\/www.facebook.com\/horoscopos.euroresidentes\/\" \/>\n<meta property=\"article:modified_time\" content=\"2016-02-26T09:46:13+00:00\" \/>\n<meta property=\"og:image\" content=\"https:\/\/www.euroresidentes.com\/entretenimiento\/horoscopos-de-famosos\/wp-content\/uploads\/sites\/8\/2015\/05\/Michael-Schumacher-1.jpg\" \/>\n<meta name=\"twitter:card\" content=\"summary_large_image\" \/>\n<script type=\"application\/ld+json\" class=\"yoast-schema-graph\">{\"@context\":\"https:\/\/schema.org\",\"@graph\":[{\"@type\":\"WebPage\",\"@id\":\"https:\/\/www.euroresidentes.com\/entretenimiento\/horoscopos-de-famosos\/europeos\/\",\"url\":\"https:\/\/www.euroresidentes.com\/entretenimiento\/horoscopos-de-famosos\/europeos\/\",\"name\":\"Europeos - Hor\u00f3scopos Famosos\",\"isPartOf\":{\"@id\":\"https:\/\/www.euroresidentes.com\/entretenimiento\/horoscopos-de-famosos\/#website\"},\"primaryImageOfPage\":{\"@id\":\"https:\/\/www.euroresidentes.com\/entretenimiento\/horoscopos-de-famosos\/europeos\/#primaryimage\"},\"image\":{\"@id\":\"https:\/\/www.euroresidentes.com\/entretenimiento\/horoscopos-de-famosos\/europeos\/#primaryimage\"},\"thumbnailUrl\":\"https:\/\/www.euroresidentes.com\/entretenimiento\/horoscopos-de-famosos\/wp-content\/uploads\/sites\/8\/2015\/05\/Michael-Schumacher-1.jpg\",\"datePublished\":\"2015-05-11T13:58:00+00:00\",\"dateModified\":\"2016-02-26T09:46:13+00:00\",\"breadcrumb\":{\"@id\":\"https:\/\/www.euroresidentes.com\/entretenimiento\/horoscopos-de-famosos\/europeos\/#breadcrumb\"},\"inLanguage\":\"es\",\"potentialAction\":[{\"@type\":\"ReadAction\",\"target\":[\"https:\/\/www.euroresidentes.com\/entretenimiento\/horoscopos-de-famosos\/europeos\/\"]}]},{\"@type\":\"ImageObject\",\"inLanguage\":\"es\",\"@id\":\"https:\/\/www.euroresidentes.com\/entretenimiento\/horoscopos-de-famosos\/europeos\/#primaryimage\",\"url\":\"https:\/\/www.euroresidentes.com\/entretenimiento\/horoscopos-de-famosos\/wp-content\/uploads\/sites\/8\/2015\/05\/Michael-Schumacher-1.jpg\",\"contentUrl\":\"https:\/\/www.euroresidentes.com\/entretenimiento\/horoscopos-de-famosos\/wp-content\/uploads\/sites\/8\/2015\/05\/Michael-Schumacher-1.jpg\",\"width\":259,\"height\":194},{\"@type\":\"BreadcrumbList\",\"@id\":\"https:\/\/www.euroresidentes.com\/entretenimiento\/horoscopos-de-famosos\/europeos\/#breadcrumb\",\"itemListElement\":[{\"@type\":\"ListItem\",\"position\":1,\"name\":\"Portada\",\"item\":\"https:\/\/www.euroresidentes.com\/entretenimiento\/horoscopos-de-famosos\/\"},{\"@type\":\"ListItem\",\"position\":2,\"name\":\"Europeos\"}]},{\"@type\":\"WebSite\",\"@id\":\"https:\/\/www.euroresidentes.com\/entretenimiento\/horoscopos-de-famosos\/#website\",\"url\":\"https:\/\/www.euroresidentes.com\/entretenimiento\/horoscopos-de-famosos\/\",\"name\":\"Hor\u00f3scopos Famosos\",\"description\":\"Euroresidentes\",\"potentialAction\":[{\"@type\":\"SearchAction\",\"target\":{\"@type\":\"EntryPoint\",\"urlTemplate\":\"https:\/\/www.euroresidentes.com\/entretenimiento\/horoscopos-de-famosos\/?s={search_term_string}\"},\"query-input\":{\"@type\":\"PropertyValueSpecification\",\"valueRequired\":true,\"valueName\":\"search_term_string\"}}],\"inLanguage\":\"es\"}]}<\/script>\n<!-- \/ Yoast SEO plugin. -->","yoast_head_json":{"title":"Europeos - Hor\u00f3scopos Famosos","robots":{"index":"index","follow":"follow","max-snippet":"max-snippet:-1","max-image-preview":"max-image-preview:large","max-video-preview":"max-video-preview:-1"},"canonical":"https:\/\/www.euroresidentes.com\/entretenimiento\/horoscopos-de-famosos\/europeos\/","og_locale":"es_ES","og_type":"article","og_title":"Europeos - Hor\u00f3scopos Famosos","og_description":"\u00cdndice de los Hor\u00f3scopos de FAMOSOS EUROPEOS que aparecen en nuestro blog: Alex Pettyfer Angela Merkel Carolina de M\u00f3naco Catherine Middelton, duquesa de Cambridge Christiano Ronaldo Diana de Gales Ewan Mcgregor E.L.James Elton John Enrique de Gales J.K. Rowling Jos\u00e9 Mourinho Kit Harington Laura Pausini Michael Schumacher Naomi Wats Novak Djokovic Oscar Wilde Pierce Brosnan Robert Pattison Roger Federer","og_url":"https:\/\/www.euroresidentes.com\/entretenimiento\/horoscopos-de-famosos\/europeos\/","og_site_name":"Hor\u00f3scopos Famosos","article_publisher":"https:\/\/www.facebook.com\/horoscopos.euroresidentes\/","article_modified_time":"2016-02-26T09:46:13+00:00","og_image":[{"url":"https:\/\/www.euroresidentes.com\/entretenimiento\/horoscopos-de-famosos\/wp-content\/uploads\/sites\/8\/2015\/05\/Michael-Schumacher-1.jpg","type":"","width":"","height":""}],"twitter_card":"summary_large_image","schema":{"@context":"https:\/\/schema.org","@graph":[{"@type":"WebPage","@id":"https:\/\/www.euroresidentes.com\/entretenimiento\/horoscopos-de-famosos\/europeos\/","url":"https:\/\/www.euroresidentes.com\/entretenimiento\/horoscopos-de-famosos\/europeos\/","name":"Europeos - Hor\u00f3scopos Famosos","isPartOf":{"@id":"https:\/\/www.euroresidentes.com\/entretenimiento\/horoscopos-de-famosos\/#website"},"primaryImageOfPage":{"@id":"https:\/\/www.euroresidentes.com\/entretenimiento\/horoscopos-de-famosos\/europeos\/#primaryimage"},"image":{"@id":"https:\/\/www.euroresidentes.com\/entretenimiento\/horoscopos-de-famosos\/europeos\/#primaryimage"},"thumbnailUrl":"https:\/\/www.euroresidentes.com\/entretenimiento\/horoscopos-de-famosos\/wp-content\/uploads\/sites\/8\/2015\/05\/Michael-Schumacher-1.jpg","datePublished":"2015-05-11T13:58:00+00:00","dateModified":"2016-02-26T09:46:13+00:00","breadcrumb":{"@id":"https:\/\/www.euroresidentes.com\/entretenimiento\/horoscopos-de-famosos\/europeos\/#breadcrumb"},"inLanguage":"es","potentialAction":[{"@type":"ReadAction","target":["https:\/\/www.euroresidentes.com\/entretenimiento\/horoscopos-de-famosos\/europeos\/"]}]},{"@type":"ImageObject","inLanguage":"es","@id":"https:\/\/www.euroresidentes.com\/entretenimiento\/horoscopos-de-famosos\/europeos\/#primaryimage","url":"https:\/\/www.euroresidentes.com\/entretenimiento\/horoscopos-de-famosos\/wp-content\/uploads\/sites\/8\/2015\/05\/Michael-Schumacher-1.jpg","contentUrl":"https:\/\/www.euroresidentes.com\/entretenimiento\/horoscopos-de-famosos\/wp-content\/uploads\/sites\/8\/2015\/05\/Michael-Schumacher-1.jpg","width":259,"height":194},{"@type":"BreadcrumbList","@id":"https:\/\/www.euroresidentes.com\/entretenimiento\/horoscopos-de-famosos\/europeos\/#breadcrumb","itemListElement":[{"@type":"ListItem","position":1,"name":"Portada","item":"https:\/\/www.euroresidentes.com\/entretenimiento\/horoscopos-de-famosos\/"},{"@type":"ListItem","position":2,"name":"Europeos"}]},{"@type":"WebSite","@id":"https:\/\/www.euroresidentes.com\/entretenimiento\/horoscopos-de-famosos\/#website","url":"https:\/\/www.euroresidentes.com\/entretenimiento\/horoscopos-de-famosos\/","name":"Hor\u00f3scopos Famosos","description":"Euroresidentes","potentialAction":[{"@type":"SearchAction","target":{"@type":"EntryPoint","urlTemplate":"https:\/\/www.euroresidentes.com\/entretenimiento\/horoscopos-de-famosos\/?s={search_term_string}"},"query-input":{"@type":"PropertyValueSpecification","valueRequired":true,"valueName":"search_term_string"}}],"inLanguage":"es"}]}},"_links":{"self":[{"href":"https:\/\/www.euroresidentes.com\/entretenimiento\/horoscopos-de-famosos\/wp-json\/wp\/v2\/pages\/814","targetHints":{"allow":["GET"]}}],"collection":[{"href":"https:\/\/www.euroresidentes.com\/entretenimiento\/horoscopos-de-famosos\/wp-json\/wp\/v2\/pages"}],"about":[{"href":"https:\/\/www.euroresidentes.com\/entretenimiento\/horoscopos-de-famosos\/wp-json\/wp\/v2\/types\/page"}],"author":[{"embeddable":true,"href":"https:\/\/www.euroresidentes.com\/entretenimiento\/horoscopos-de-famosos\/wp-json\/wp\/v2\/users\/23"}],"replies":[{"embeddable":true,"href":"https:\/\/www.euroresidentes.com\/entretenimiento\/horoscopos-de-famosos\/wp-json\/wp\/v2\/comments?post=814"}],"version-history":[{"count":1,"href":"https:\/\/www.euroresidentes.com\/entretenimiento\/horoscopos-de-famosos\/wp-json\/wp\/v2\/pages\/814\/revisions"}],"predecessor-version":[{"id":909,"href":"https:\/\/www.euroresidentes.com\/entretenimiento\/horoscopos-de-famosos\/wp-json\/wp\/v2\/pages\/814\/revisions\/909"}],"wp:attachment":[{"href":"https:\/\/www.euroresidentes.com\/entretenimiento\/horoscopos-de-famosos\/wp-json\/wp\/v2\/media?parent=814"}],"curies":[{"name":"wp","href":"https:\/\/api.w.org\/{rel}","templated":true}]}}