{"id":7187,"date":"2017-02-07T15:03:09","date_gmt":"2017-02-07T14:03:09","guid":{"rendered":"https:\/\/www.euroresidentes.com\/entretenimiento\/frases-citas-imagenes\/?page_id=7187"},"modified":"2017-02-08T09:52:07","modified_gmt":"2017-02-08T08:52:07","slug":"descargable-newsletter-frases","status":"publish","type":"page","link":"https:\/\/www.euroresidentes.com\/entretenimiento\/frases-citas-imagenes\/descargable-newsletter-frases\/","title":{"rendered":"Newsletter Euroresidentes"},"content":{"rendered":"<div class=\"col-md-6\"><img decoding=\"async\" class=\"img-responsive\" src=\"https:\/\/www.euroresidentes.com\/img\/newsletters\/suscribete-frases.gif\" alt=\"Calendario Euroresidentes 2017\" \/><\/div>\n<div style=\"padding: 25px 5px;\">\n<div id=\"mc_embed_signup\" class=\"col-md-6\" style=\"margin-top: -15px;\">\n<h4>Suscr\u00edbete al newsletter de Euroresidentes y desc\u00e1rgalo gratis\u00a0<\/h4>\n<p><em>Todas las frases de amor y amistad para esta ocasi\u00f3n tan especial<\/em><\/p>\n<form id=\"mc-embedded-subscribe-form\" class=\"validate\" action=\"\/\/euroresidentes.us9.list-manage.com\/subscribe\/post?u=2d6f7efcac3c72fb2fec4528b&amp;id=f4a3ac2f11\" method=\"post\" name=\"mc-embedded-subscribe-form\" target=\"_blank\">\n<div id=\"mc_embed_signup_scroll\">\n<div id=\"mc_embed_signup_scroll\" ><input id=\"mce-EMAIL\" class=\"email col-xs-12\" name=\"EMAIL\" required=\"\" type=\"email\" value=\"\" placeholder=\"Email\" \/><\/p>\n<div style=\"position: absolute; left: -5000px;\"><input tabindex=\"-1\" name=\"b_2d6f7efcac3c72fb2fec4528b_c8588616ac\" type=\"text\" value=\"\" \/><\/div>\n<div class=\"clear\"><input id=\"mc-embedded-subscribe\" class=\"btn btn-info col-xs-12\" name=\"subscribe\" type=\"submit\" value=\"Suscr\u00edbete\" \/><\/div>\n<\/div>\n<\/div>\n<\/form>\n<\/div>\n<\/div>\n","protected":false},"excerpt":{"rendered":"<p>Suscr\u00edbete al newsletter de Euroresidentes y desc\u00e1rgalo gratis\u00a0 Todas las frases de amor y amistad para esta ocasi\u00f3n tan especial<\/p>\n","protected":false},"author":1,"featured_media":0,"parent":0,"menu_order":0,"comment_status":"closed","ping_status":"closed","template":"page-author.php","meta":{"footnotes":""},"class_list":["post-7187","page","type-page","status-publish","hentry"],"yoast_head":"<!-- This site is optimized with the Yoast SEO plugin v24.1 - https:\/\/yoast.com\/wordpress\/plugins\/seo\/ -->\n<title>Newsletter Euroresidentes - Frases y Citas C\u00e9lebres<\/title>\n<meta name=\"robots\" content=\"index, follow, max-snippet:-1, max-image-preview:large, max-video-preview:-1\" \/>\n<link rel=\"canonical\" href=\"https:\/\/www.euroresidentes.com\/entretenimiento\/frases-citas-imagenes\/descargable-newsletter-frases\/\" \/>\n<meta property=\"og:locale\" content=\"es_ES\" \/>\n<meta property=\"og:type\" content=\"article\" \/>\n<meta property=\"og:title\" content=\"Newsletter Euroresidentes - Frases y Citas C\u00e9lebres\" \/>\n<meta property=\"og:description\" content=\"Suscr\u00edbete al newsletter de Euroresidentes y desc\u00e1rgalo gratis\u00a0 Todas las frases de amor y amistad para esta ocasi\u00f3n tan especial\" \/>\n<meta property=\"og:url\" content=\"https:\/\/www.euroresidentes.com\/entretenimiento\/frases-citas-imagenes\/descargable-newsletter-frases\/\" \/>\n<meta property=\"og:site_name\" content=\"Frases y Citas C\u00e9lebres\" \/>\n<meta property=\"article:publisher\" content=\"https:\/\/www.facebook.com\/frases.euroresidentes\/\" \/>\n<meta property=\"article:modified_time\" content=\"2017-02-08T08:52:07+00:00\" \/>\n<meta property=\"og:image\" content=\"https:\/\/www.euroresidentes.com\/img\/newsletters\/suscribete-frases.gif\" \/>\n<meta name=\"twitter:card\" content=\"summary_large_image\" \/>\n<script type=\"application\/ld+json\" class=\"yoast-schema-graph\">{\"@context\":\"https:\/\/schema.org\",\"@graph\":[{\"@type\":\"WebPage\",\"@id\":\"https:\/\/www.euroresidentes.com\/entretenimiento\/frases-citas-imagenes\/descargable-newsletter-frases\/\",\"url\":\"https:\/\/www.euroresidentes.com\/entretenimiento\/frases-citas-imagenes\/descargable-newsletter-frases\/\",\"name\":\"Newsletter Euroresidentes - Frases y Citas C\u00e9lebres\",\"isPartOf\":{\"@id\":\"https:\/\/www.euroresidentes.com\/entretenimiento\/frases-citas-imagenes\/#website\"},\"primaryImageOfPage\":{\"@id\":\"https:\/\/www.euroresidentes.com\/entretenimiento\/frases-citas-imagenes\/descargable-newsletter-frases\/#primaryimage\"},\"image\":{\"@id\":\"https:\/\/www.euroresidentes.com\/entretenimiento\/frases-citas-imagenes\/descargable-newsletter-frases\/#primaryimage\"},\"thumbnailUrl\":\"https:\/\/www.euroresidentes.com\/img\/newsletters\/suscribete-frases.gif\",\"datePublished\":\"2017-02-07T14:03:09+00:00\",\"dateModified\":\"2017-02-08T08:52:07+00:00\",\"breadcrumb\":{\"@id\":\"https:\/\/www.euroresidentes.com\/entretenimiento\/frases-citas-imagenes\/descargable-newsletter-frases\/#breadcrumb\"},\"inLanguage\":\"es\",\"potentialAction\":[{\"@type\":\"ReadAction\",\"target\":[\"https:\/\/www.euroresidentes.com\/entretenimiento\/frases-citas-imagenes\/descargable-newsletter-frases\/\"]}]},{\"@type\":\"ImageObject\",\"inLanguage\":\"es\",\"@id\":\"https:\/\/www.euroresidentes.com\/entretenimiento\/frases-citas-imagenes\/descargable-newsletter-frases\/#primaryimage\",\"url\":\"https:\/\/www.euroresidentes.com\/img\/newsletters\/suscribete-frases.gif\",\"contentUrl\":\"https:\/\/www.euroresidentes.com\/img\/newsletters\/suscribete-frases.gif\"},{\"@type\":\"BreadcrumbList\",\"@id\":\"https:\/\/www.euroresidentes.com\/entretenimiento\/frases-citas-imagenes\/descargable-newsletter-frases\/#breadcrumb\",\"itemListElement\":[{\"@type\":\"ListItem\",\"position\":1,\"name\":\"Portada\",\"item\":\"https:\/\/www.euroresidentes.com\/entretenimiento\/frases-citas-imagenes\/\"},{\"@type\":\"ListItem\",\"position\":2,\"name\":\"Newsletter Euroresidentes\"}]},{\"@type\":\"WebSite\",\"@id\":\"https:\/\/www.euroresidentes.com\/entretenimiento\/frases-citas-imagenes\/#website\",\"url\":\"https:\/\/www.euroresidentes.com\/entretenimiento\/frases-citas-imagenes\/\",\"name\":\"Frases y Citas C\u00e9lebres\",\"description\":\"Frases, citas c\u00e9lebres de autores, refranes, frases de figuras hist\u00f3ricas\",\"potentialAction\":[{\"@type\":\"SearchAction\",\"target\":{\"@type\":\"EntryPoint\",\"urlTemplate\":\"https:\/\/www.euroresidentes.com\/entretenimiento\/frases-citas-imagenes\/?s={search_term_string}\"},\"query-input\":{\"@type\":\"PropertyValueSpecification\",\"valueRequired\":true,\"valueName\":\"search_term_string\"}}],\"inLanguage\":\"es\"}]}<\/script>\n<!-- \/ Yoast SEO plugin. -->","yoast_head_json":{"title":"Newsletter Euroresidentes - Frases y Citas C\u00e9lebres","robots":{"index":"index","follow":"follow","max-snippet":"max-snippet:-1","max-image-preview":"max-image-preview:large","max-video-preview":"max-video-preview:-1"},"canonical":"https:\/\/www.euroresidentes.com\/entretenimiento\/frases-citas-imagenes\/descargable-newsletter-frases\/","og_locale":"es_ES","og_type":"article","og_title":"Newsletter Euroresidentes - Frases y Citas C\u00e9lebres","og_description":"Suscr\u00edbete al newsletter de Euroresidentes y desc\u00e1rgalo gratis\u00a0 Todas las frases de amor y amistad para esta ocasi\u00f3n tan especial","og_url":"https:\/\/www.euroresidentes.com\/entretenimiento\/frases-citas-imagenes\/descargable-newsletter-frases\/","og_site_name":"Frases y Citas C\u00e9lebres","article_publisher":"https:\/\/www.facebook.com\/frases.euroresidentes\/","article_modified_time":"2017-02-08T08:52:07+00:00","og_image":[{"url":"https:\/\/www.euroresidentes.com\/img\/newsletters\/suscribete-frases.gif","type":"","width":"","height":""}],"twitter_card":"summary_large_image","schema":{"@context":"https:\/\/schema.org","@graph":[{"@type":"WebPage","@id":"https:\/\/www.euroresidentes.com\/entretenimiento\/frases-citas-imagenes\/descargable-newsletter-frases\/","url":"https:\/\/www.euroresidentes.com\/entretenimiento\/frases-citas-imagenes\/descargable-newsletter-frases\/","name":"Newsletter Euroresidentes - Frases y Citas C\u00e9lebres","isPartOf":{"@id":"https:\/\/www.euroresidentes.com\/entretenimiento\/frases-citas-imagenes\/#website"},"primaryImageOfPage":{"@id":"https:\/\/www.euroresidentes.com\/entretenimiento\/frases-citas-imagenes\/descargable-newsletter-frases\/#primaryimage"},"image":{"@id":"https:\/\/www.euroresidentes.com\/entretenimiento\/frases-citas-imagenes\/descargable-newsletter-frases\/#primaryimage"},"thumbnailUrl":"https:\/\/www.euroresidentes.com\/img\/newsletters\/suscribete-frases.gif","datePublished":"2017-02-07T14:03:09+00:00","dateModified":"2017-02-08T08:52:07+00:00","breadcrumb":{"@id":"https:\/\/www.euroresidentes.com\/entretenimiento\/frases-citas-imagenes\/descargable-newsletter-frases\/#breadcrumb"},"inLanguage":"es","potentialAction":[{"@type":"ReadAction","target":["https:\/\/www.euroresidentes.com\/entretenimiento\/frases-citas-imagenes\/descargable-newsletter-frases\/"]}]},{"@type":"ImageObject","inLanguage":"es","@id":"https:\/\/www.euroresidentes.com\/entretenimiento\/frases-citas-imagenes\/descargable-newsletter-frases\/#primaryimage","url":"https:\/\/www.euroresidentes.com\/img\/newsletters\/suscribete-frases.gif","contentUrl":"https:\/\/www.euroresidentes.com\/img\/newsletters\/suscribete-frases.gif"},{"@type":"BreadcrumbList","@id":"https:\/\/www.euroresidentes.com\/entretenimiento\/frases-citas-imagenes\/descargable-newsletter-frases\/#breadcrumb","itemListElement":[{"@type":"ListItem","position":1,"name":"Portada","item":"https:\/\/www.euroresidentes.com\/entretenimiento\/frases-citas-imagenes\/"},{"@type":"ListItem","position":2,"name":"Newsletter Euroresidentes"}]},{"@type":"WebSite","@id":"https:\/\/www.euroresidentes.com\/entretenimiento\/frases-citas-imagenes\/#website","url":"https:\/\/www.euroresidentes.com\/entretenimiento\/frases-citas-imagenes\/","name":"Frases y Citas C\u00e9lebres","description":"Frases, citas c\u00e9lebres de autores, refranes, frases de figuras hist\u00f3ricas","potentialAction":[{"@type":"SearchAction","target":{"@type":"EntryPoint","urlTemplate":"https:\/\/www.euroresidentes.com\/entretenimiento\/frases-citas-imagenes\/?s={search_term_string}"},"query-input":{"@type":"PropertyValueSpecification","valueRequired":true,"valueName":"search_term_string"}}],"inLanguage":"es"}]}},"_links":{"self":[{"href":"https:\/\/www.euroresidentes.com\/entretenimiento\/frases-citas-imagenes\/wp-json\/wp\/v2\/pages\/7187","targetHints":{"allow":["GET"]}}],"collection":[{"href":"https:\/\/www.euroresidentes.com\/entretenimiento\/frases-citas-imagenes\/wp-json\/wp\/v2\/pages"}],"about":[{"href":"https:\/\/www.euroresidentes.com\/entretenimiento\/frases-citas-imagenes\/wp-json\/wp\/v2\/types\/page"}],"author":[{"embeddable":true,"href":"https:\/\/www.euroresidentes.com\/entretenimiento\/frases-citas-imagenes\/wp-json\/wp\/v2\/users\/1"}],"replies":[{"embeddable":true,"href":"https:\/\/www.euroresidentes.com\/entretenimiento\/frases-citas-imagenes\/wp-json\/wp\/v2\/comments?post=7187"}],"version-history":[{"count":10,"href":"https:\/\/www.euroresidentes.com\/entretenimiento\/frases-citas-imagenes\/wp-json\/wp\/v2\/pages\/7187\/revisions"}],"predecessor-version":[{"id":7197,"href":"https:\/\/www.euroresidentes.com\/entretenimiento\/frases-citas-imagenes\/wp-json\/wp\/v2\/pages\/7187\/revisions\/7197"}],"wp:attachment":[{"href":"https:\/\/www.euroresidentes.com\/entretenimiento\/frases-citas-imagenes\/wp-json\/wp\/v2\/media?parent=7187"}],"curies":[{"name":"wp","href":"https:\/\/api.w.org\/{rel}","templated":true}]}}