{"id":6609,"date":"2015-02-27T12:34:00","date_gmt":"2015-02-27T11:34:00","guid":{"rendered":"https:\/\/www.euroresidentes.com\/entretenimiento\/frases-citas-imagenes\/verdad-verdadera.html"},"modified":"2016-12-21T10:54:07","modified_gmt":"2016-12-21T09:54:07","slug":"verdad-verdadera","status":"publish","type":"page","link":"https:\/\/www.euroresidentes.com\/entretenimiento\/frases-citas-imagenes\/verdad-verdadera\/","title":{"rendered":"Verdad, verdadera"},"content":{"rendered":"<p><\/p>\n<ul>\n<li><a href=\"http:\/\/frasesqueinspirantudia.estudiantes.info\/2014\/11\/la-importancia-del-arte-en-un-claro.html\">La importancia del arte en un claro concepto<\/a><\/li>\n<\/ul>\n<ul>\n<li><a href=\"http:\/\/frasesqueinspirantudia.estudiantes.info\/2014\/11\/eres-joven.html\">Eres joven<\/a><\/li>\n<\/ul>\n<ul>\n<li><a href=\"http:\/\/frasesqueinspirantudia.estudiantes.info\/2014\/11\/nunca-pierdes-el-tiempo-si-aprendes-algo.html\">Nunca pierdes el tiempo si aprendes algo<\/a><\/li>\n<\/ul>\n<ul>\n<li><a href=\"http:\/\/frasesqueinspirantudia.estudiantes.info\/2014\/11\/disfruta-mas-de-la-compania-y-menos-del_17.html\">Disfruta m\u00e1s de la compa\u00f1\u00eda y menos del m\u00f3vil<\/a><\/li>\n<\/ul>\n<ul>\n<li><a href=\"http:\/\/frasesqueinspirantudia.estudiantes.info\/2014\/11\/el-paraiso-esta-donde-quieras-que-este.html\">El para\u00edso est\u00e1 d\u00f3nde quieras que este<\/a><\/li>\n<\/ul>\n<ul>\n<li><a href=\"http:\/\/frasesqueinspirantudia.estudiantes.info\/2014\/11\/cual-es-tu-limite.html\">\u00bfCu\u00e1l es tu l\u00edmite?<\/a><\/li>\n<\/ul>\n<ul>\n<li><a href=\"http:\/\/frasesqueinspirantudia.estudiantes.info\/2014\/11\/se-necesita-fuerza-para-ser-amable.html\">Se necesita fuerza para ser amable<\/a><\/li>\n<\/ul>\n<ul>\n<li><a href=\"http:\/\/frasesqueinspirantudia.estudiantes.info\/2014\/11\/una-flor-no-piensa-en-competir-piensa.html\">Una flor no piensa en competir, piensa en florecer<\/a><\/li>\n<\/ul>\n<ul>\n<li><a href=\"http:\/\/frasesqueinspirantudia.estudiantes.info\/2014\/11\/la-vida-es-corta_28.html\">La vida es corta<\/a><\/li>\n<\/ul>\n<ul>\n<li><a href=\"http:\/\/frasesqueinspirantudia.estudiantes.info\/2014\/11\/que-es-bello.html\">\u00bfQu\u00e9 es bello?<\/a><\/li>\n<\/ul>\n<ul>\n<li><a href=\"http:\/\/frasesqueinspirantudia.estudiantes.info\/2014\/12\/apreciar-la-felicidad.html\">Apreciar la felicidad<\/a><\/li>\n<\/ul>\n<ul>\n<li><a href=\"http:\/\/frasesqueinspirantudia.estudiantes.info\/2014\/12\/al-otro-lado-del-miedo.html\">Al otro lado del miedo<\/a><\/li>\n<\/ul>\n<ul>\n<li><a href=\"http:\/\/frasesqueinspirantudia.estudiantes.info\/2014\/12\/colecciona-momentos-especiales.html\">Colecciona momentos especiales<\/a><\/li>\n<\/ul>\n<ul>\n<li><a href=\"http:\/\/frasesqueinspirantudia.estudiantes.info\/2014\/12\/paz.html\">PAZ<\/a><\/li>\n<\/ul>\n<ul>\n<li><a href=\"http:\/\/frasesqueinspirantudia.estudiantes.info\/2015\/01\/menos-postureo.html\">Menos postureo<\/a><\/li>\n<\/ul>\n<ul>\n<li><a href=\"http:\/\/frasesqueinspirantudia.estudiantes.info\/2015\/01\/personas-que-dan-luz.html\">Personas que dan luz<\/a><\/li>\n<\/ul>\n<ul>\n<li><a href=\"http:\/\/frasesqueinspirantudia.estudiantes.info\/2015\/01\/si-todos-pueden-tenerlo-no-lo-quiero.html\">Si todos pueden tenerlo, no lo quiero<\/a><\/li>\n<\/ul>\n<ul>\n<li><a href=\"http:\/\/frasesqueinspirantudia.estudiantes.info\/2015\/01\/feliz-o-seguro-y-comodo.html\">\u00bfFeliz o seguro y c\u00f3modo?<\/a><\/li>\n<\/ul>\n<ul>\n<li><a href=\"http:\/\/frasesqueinspirantudia.estudiantes.info\/2015\/01\/definicion-de-hogar.html\">Definici\u00f3n de hogar<\/a><\/li>\n<\/ul>\n<ul>\n<li><a href=\"http:\/\/frasesqueinspirantudia.estudiantes.info\/2015\/01\/asesinos-de-magia.html\">Asesinos de m\u00e1gia<\/a><\/li>\n<\/ul>\n<ul>\n<li><a href=\"http:\/\/frasesqueinspirantudia.estudiantes.info\/2015\/01\/haz-lo-que-quieras-pero-bien-hecho.html\">Haz lo que quieras pero bien hecho<\/a><\/li>\n<\/ul>\n<ul>\n<li><a href=\"http:\/\/frasesqueinspirantudia.estudiantes.info\/2015\/01\/gente-con-magia.html\">Gente con m\u00e1gia<\/a><\/li>\n<\/ul>\n","protected":false},"excerpt":{"rendered":"<p>La importancia del arte en un claro concepto Eres joven Nunca pierdes el tiempo si aprendes algo Disfruta m\u00e1s de la compa\u00f1\u00eda y menos del m\u00f3vil El para\u00edso est\u00e1 d\u00f3nde quieras que este \u00bfCu\u00e1l es tu l\u00edmite? Se necesita fuerza para ser amable Una flor no piensa en competir, piensa en florecer La vida es corta \u00bfQu\u00e9 es bello? Apreciar la felicidad Al otro lado del miedo Colecciona momentos especiales PAZ Menos postureo Personas que dan luz Si todos pueden tenerlo, no lo quiero \u00bfFeliz o seguro y c\u00f3modo? Definici\u00f3n de hogar Asesinos de m\u00e1gia Haz lo que quieras pero <\/p>\n","protected":false},"author":11,"featured_media":0,"parent":0,"menu_order":0,"comment_status":"closed","ping_status":"closed","template":"","meta":{"footnotes":""},"class_list":["post-6609","page","type-page","status-publish","hentry"],"yoast_head":"<!-- This site is optimized with the Yoast SEO plugin v24.1 - https:\/\/yoast.com\/wordpress\/plugins\/seo\/ -->\n<title>Verdad, verdadera - Frases y Citas C\u00e9lebres<\/title>\n<meta name=\"robots\" content=\"index, follow, max-snippet:-1, max-image-preview:large, max-video-preview:-1\" \/>\n<link rel=\"canonical\" href=\"https:\/\/www.euroresidentes.com\/entretenimiento\/frases-citas-imagenes\/verdad-verdadera\/\" \/>\n<meta property=\"og:locale\" content=\"es_ES\" \/>\n<meta property=\"og:type\" content=\"article\" \/>\n<meta property=\"og:title\" content=\"Verdad, verdadera - Frases y Citas C\u00e9lebres\" \/>\n<meta property=\"og:description\" content=\"La importancia del arte en un claro concepto Eres joven Nunca pierdes el tiempo si aprendes algo Disfruta m\u00e1s de la compa\u00f1\u00eda y menos del m\u00f3vil El para\u00edso est\u00e1 d\u00f3nde quieras que este \u00bfCu\u00e1l es tu l\u00edmite? Se necesita fuerza para ser amable Una flor no piensa en competir, piensa en florecer La vida es corta \u00bfQu\u00e9 es bello? Apreciar la felicidad Al otro lado del miedo Colecciona momentos especiales PAZ Menos postureo Personas que dan luz Si todos pueden tenerlo, no lo quiero \u00bfFeliz o seguro y c\u00f3modo? Definici\u00f3n de hogar Asesinos de m\u00e1gia Haz lo que quieras pero\" \/>\n<meta property=\"og:url\" content=\"https:\/\/www.euroresidentes.com\/entretenimiento\/frases-citas-imagenes\/verdad-verdadera\/\" \/>\n<meta property=\"og:site_name\" content=\"Frases y Citas C\u00e9lebres\" \/>\n<meta property=\"article:publisher\" content=\"https:\/\/www.facebook.com\/frases.euroresidentes\/\" \/>\n<meta property=\"article:modified_time\" content=\"2016-12-21T09:54:07+00:00\" \/>\n<meta name=\"twitter:card\" content=\"summary_large_image\" \/>\n<meta name=\"twitter:label1\" content=\"Est. reading time\" \/>\n\t<meta name=\"twitter:data1\" content=\"1 minuto\" \/>\n<script type=\"application\/ld+json\" class=\"yoast-schema-graph\">{\"@context\":\"https:\/\/schema.org\",\"@graph\":[{\"@type\":\"WebPage\",\"@id\":\"https:\/\/www.euroresidentes.com\/entretenimiento\/frases-citas-imagenes\/verdad-verdadera\/\",\"url\":\"https:\/\/www.euroresidentes.com\/entretenimiento\/frases-citas-imagenes\/verdad-verdadera\/\",\"name\":\"Verdad, verdadera - Frases y Citas C\u00e9lebres\",\"isPartOf\":{\"@id\":\"https:\/\/www.euroresidentes.com\/entretenimiento\/frases-citas-imagenes\/#website\"},\"datePublished\":\"2015-02-27T11:34:00+00:00\",\"dateModified\":\"2016-12-21T09:54:07+00:00\",\"breadcrumb\":{\"@id\":\"https:\/\/www.euroresidentes.com\/entretenimiento\/frases-citas-imagenes\/verdad-verdadera\/#breadcrumb\"},\"inLanguage\":\"es\",\"potentialAction\":[{\"@type\":\"ReadAction\",\"target\":[\"https:\/\/www.euroresidentes.com\/entretenimiento\/frases-citas-imagenes\/verdad-verdadera\/\"]}]},{\"@type\":\"BreadcrumbList\",\"@id\":\"https:\/\/www.euroresidentes.com\/entretenimiento\/frases-citas-imagenes\/verdad-verdadera\/#breadcrumb\",\"itemListElement\":[{\"@type\":\"ListItem\",\"position\":1,\"name\":\"Portada\",\"item\":\"https:\/\/www.euroresidentes.com\/entretenimiento\/frases-citas-imagenes\/\"},{\"@type\":\"ListItem\",\"position\":2,\"name\":\"Verdad, verdadera\"}]},{\"@type\":\"WebSite\",\"@id\":\"https:\/\/www.euroresidentes.com\/entretenimiento\/frases-citas-imagenes\/#website\",\"url\":\"https:\/\/www.euroresidentes.com\/entretenimiento\/frases-citas-imagenes\/\",\"name\":\"Frases y Citas C\u00e9lebres\",\"description\":\"Frases, citas c\u00e9lebres de autores, refranes, frases de figuras hist\u00f3ricas\",\"potentialAction\":[{\"@type\":\"SearchAction\",\"target\":{\"@type\":\"EntryPoint\",\"urlTemplate\":\"https:\/\/www.euroresidentes.com\/entretenimiento\/frases-citas-imagenes\/?s={search_term_string}\"},\"query-input\":{\"@type\":\"PropertyValueSpecification\",\"valueRequired\":true,\"valueName\":\"search_term_string\"}}],\"inLanguage\":\"es\"}]}<\/script>\n<!-- \/ Yoast SEO plugin. -->","yoast_head_json":{"title":"Verdad, verdadera - Frases y Citas C\u00e9lebres","robots":{"index":"index","follow":"follow","max-snippet":"max-snippet:-1","max-image-preview":"max-image-preview:large","max-video-preview":"max-video-preview:-1"},"canonical":"https:\/\/www.euroresidentes.com\/entretenimiento\/frases-citas-imagenes\/verdad-verdadera\/","og_locale":"es_ES","og_type":"article","og_title":"Verdad, verdadera - Frases y Citas C\u00e9lebres","og_description":"La importancia del arte en un claro concepto Eres joven Nunca pierdes el tiempo si aprendes algo Disfruta m\u00e1s de la compa\u00f1\u00eda y menos del m\u00f3vil El para\u00edso est\u00e1 d\u00f3nde quieras que este \u00bfCu\u00e1l es tu l\u00edmite? Se necesita fuerza para ser amable Una flor no piensa en competir, piensa en florecer La vida es corta \u00bfQu\u00e9 es bello? Apreciar la felicidad Al otro lado del miedo Colecciona momentos especiales PAZ Menos postureo Personas que dan luz Si todos pueden tenerlo, no lo quiero \u00bfFeliz o seguro y c\u00f3modo? Definici\u00f3n de hogar Asesinos de m\u00e1gia Haz lo que quieras pero","og_url":"https:\/\/www.euroresidentes.com\/entretenimiento\/frases-citas-imagenes\/verdad-verdadera\/","og_site_name":"Frases y Citas C\u00e9lebres","article_publisher":"https:\/\/www.facebook.com\/frases.euroresidentes\/","article_modified_time":"2016-12-21T09:54:07+00:00","twitter_card":"summary_large_image","twitter_misc":{"Est. reading time":"1 minuto"},"schema":{"@context":"https:\/\/schema.org","@graph":[{"@type":"WebPage","@id":"https:\/\/www.euroresidentes.com\/entretenimiento\/frases-citas-imagenes\/verdad-verdadera\/","url":"https:\/\/www.euroresidentes.com\/entretenimiento\/frases-citas-imagenes\/verdad-verdadera\/","name":"Verdad, verdadera - Frases y Citas C\u00e9lebres","isPartOf":{"@id":"https:\/\/www.euroresidentes.com\/entretenimiento\/frases-citas-imagenes\/#website"},"datePublished":"2015-02-27T11:34:00+00:00","dateModified":"2016-12-21T09:54:07+00:00","breadcrumb":{"@id":"https:\/\/www.euroresidentes.com\/entretenimiento\/frases-citas-imagenes\/verdad-verdadera\/#breadcrumb"},"inLanguage":"es","potentialAction":[{"@type":"ReadAction","target":["https:\/\/www.euroresidentes.com\/entretenimiento\/frases-citas-imagenes\/verdad-verdadera\/"]}]},{"@type":"BreadcrumbList","@id":"https:\/\/www.euroresidentes.com\/entretenimiento\/frases-citas-imagenes\/verdad-verdadera\/#breadcrumb","itemListElement":[{"@type":"ListItem","position":1,"name":"Portada","item":"https:\/\/www.euroresidentes.com\/entretenimiento\/frases-citas-imagenes\/"},{"@type":"ListItem","position":2,"name":"Verdad, verdadera"}]},{"@type":"WebSite","@id":"https:\/\/www.euroresidentes.com\/entretenimiento\/frases-citas-imagenes\/#website","url":"https:\/\/www.euroresidentes.com\/entretenimiento\/frases-citas-imagenes\/","name":"Frases y Citas C\u00e9lebres","description":"Frases, citas c\u00e9lebres de autores, refranes, frases de figuras hist\u00f3ricas","potentialAction":[{"@type":"SearchAction","target":{"@type":"EntryPoint","urlTemplate":"https:\/\/www.euroresidentes.com\/entretenimiento\/frases-citas-imagenes\/?s={search_term_string}"},"query-input":{"@type":"PropertyValueSpecification","valueRequired":true,"valueName":"search_term_string"}}],"inLanguage":"es"}]}},"_links":{"self":[{"href":"https:\/\/www.euroresidentes.com\/entretenimiento\/frases-citas-imagenes\/wp-json\/wp\/v2\/pages\/6609","targetHints":{"allow":["GET"]}}],"collection":[{"href":"https:\/\/www.euroresidentes.com\/entretenimiento\/frases-citas-imagenes\/wp-json\/wp\/v2\/pages"}],"about":[{"href":"https:\/\/www.euroresidentes.com\/entretenimiento\/frases-citas-imagenes\/wp-json\/wp\/v2\/types\/page"}],"author":[{"embeddable":true,"href":"https:\/\/www.euroresidentes.com\/entretenimiento\/frases-citas-imagenes\/wp-json\/wp\/v2\/users\/11"}],"replies":[{"embeddable":true,"href":"https:\/\/www.euroresidentes.com\/entretenimiento\/frases-citas-imagenes\/wp-json\/wp\/v2\/comments?post=6609"}],"version-history":[{"count":1,"href":"https:\/\/www.euroresidentes.com\/entretenimiento\/frases-citas-imagenes\/wp-json\/wp\/v2\/pages\/6609\/revisions"}],"predecessor-version":[{"id":6744,"href":"https:\/\/www.euroresidentes.com\/entretenimiento\/frases-citas-imagenes\/wp-json\/wp\/v2\/pages\/6609\/revisions\/6744"}],"wp:attachment":[{"href":"https:\/\/www.euroresidentes.com\/entretenimiento\/frases-citas-imagenes\/wp-json\/wp\/v2\/media?parent=6609"}],"curies":[{"name":"wp","href":"https:\/\/api.w.org\/{rel}","templated":true}]}}