{"id":6606,"date":"2015-02-27T12:45:00","date_gmt":"2015-02-27T11:45:00","guid":{"rendered":"https:\/\/www.euroresidentes.com\/entretenimiento\/frases-citas-imagenes\/navidad.html"},"modified":"2016-12-21T10:54:07","modified_gmt":"2016-12-21T09:54:07","slug":"navidad","status":"publish","type":"page","link":"https:\/\/www.euroresidentes.com\/entretenimiento\/frases-citas-imagenes\/navidad\/","title":{"rendered":"Navidad"},"content":{"rendered":"<p><\/p>\n<ul>\n<li><a href=\"http:\/\/frasesqueinspirantudia.estudiantes.info\/2014\/11\/tarjetas-originales-y-divertidas-para.html\">TARJETAS ORIGINALES Y DIVERTIDAS PARA NAVIDAD<\/a><\/li>\n<\/ul>\n<ul>\n<li><a href=\"http:\/\/frasesqueinspirantudia.estudiantes.info\/2014\/12\/tarjeta-navidena-romantico-muerdago.html\">Tarjeta navide\u00f1a: Rom\u00e1ntico mu\u00e9rdago<\/a><\/li>\n<\/ul>\n<ul>\n<li><a href=\"http:\/\/frasesqueinspirantudia.estudiantes.info\/2014\/12\/tarjeta-navidena-que-ya-esta-aqui-llego.html\">Tarjeta navide\u00f1a: \u00a1Que ya esta aqu\u00ed! \u00a1Lleg\u00f3!<\/a><\/li>\n<\/ul>\n<ul>\n<li><a href=\"http:\/\/frasesqueinspirantudia.estudiantes.info\/2014\/12\/tarjeta-navidena-se-tu-mismo-y-haz-lo.html\">Tarjeta navide\u00f1a: S\u00e9 tu mismo y haz lo que te gusta<\/a><\/li>\n<\/ul>\n<ul>\n<li><a href=\"http:\/\/frasesqueinspirantudia.estudiantes.info\/2014\/12\/carta-original-y-personalizada-santa.html\">Carta original y personalizada a Santa Claus<\/a><\/li>\n<\/ul>\n<ul>\n<li><a href=\"http:\/\/frasesqueinspirantudia.estudiantes.info\/2014\/12\/tarjeta-navidena-para-regalar-tu-pareja.html\">Tarjeta navide\u00f1a para regalar a tu pareja<\/a><\/li>\n<\/ul>\n<ul>\n<li><a href=\"http:\/\/frasesqueinspirantudia.estudiantes.info\/2014\/12\/tarjeta-navidena-los-elementos.html\">Tarjeta navide\u00f1a: Los elementos esenciales de la Navidad<\/a><\/li>\n<\/ul>\n<ul>\n<li><a href=\"http:\/\/frasesqueinspirantudia.estudiantes.info\/2014\/12\/tarjeta-navidena-ideal-para-los-mayores.html\">Tarjeta navide\u00f1a: Ideal para los mayores de tu familia<\/a><\/li>\n<\/ul>\n<ul>\n<li><a href=\"http:\/\/frasesqueinspirantudia.estudiantes.info\/2014\/12\/tarjeta-navidena-original-para.html\">Tarjeta navide\u00f1a: Original para compartir con tus amigos<\/a><\/li>\n<\/ul>\n<ul>\n<li><a href=\"http:\/\/frasesqueinspirantudia.estudiantes.info\/2014\/12\/tarjeta-navidena-el-espiritu-de-la.html\">Tarjeta navide\u00f1a: El esp\u00edritu de la navidad<\/a><\/li>\n<\/ul>\n<ul>\n<li><a href=\"http:\/\/frasesqueinspirantudia.estudiantes.info\/2014\/12\/tarjeta-navidena-unas-navidades-para.html\">Tarjeta navide\u00f1a: Unas navidades para recordar<\/a><\/li>\n<\/ul>\n<ul>\n<li><a href=\"http:\/\/frasesqueinspirantudia.estudiantes.info\/2014\/12\/tarjeta-navidena-se-bueno-o.html\">Tarjeta navide\u00f1a: S\u00e9 bueno o&#8230; Consecuencias graves en navidad<\/a><\/li>\n<\/ul>\n<ul>\n<li><a href=\"http:\/\/frasesqueinspirantudia.estudiantes.info\/2014\/12\/tarjeta-navidena-para-las-personas-que.html\">Tarjeta navide\u00f1a para las personas que m\u00e1s quieres<\/a><\/li>\n<\/ul>\n<ul>\n<li><a href=\"http:\/\/frasesqueinspirantudia.estudiantes.info\/2014\/12\/tarjeta-navidena-para-la-persona-que-te.html\">Tarjeta navide\u00f1a para la persona que te gusta<\/a><\/li>\n<\/ul>\n<ul>\n<li><a href=\"http:\/\/frasesqueinspirantudia.estudiantes.info\/2014\/12\/postales-para-felicitar-la-navidad.html\">Postales para felicitar la Navidad personalizadas<\/a><\/li>\n<\/ul>\n","protected":false},"excerpt":{"rendered":"<p>TARJETAS ORIGINALES Y DIVERTIDAS PARA NAVIDAD Tarjeta navide\u00f1a: Rom\u00e1ntico mu\u00e9rdago Tarjeta navide\u00f1a: \u00a1Que ya esta aqu\u00ed! \u00a1Lleg\u00f3! Tarjeta navide\u00f1a: S\u00e9 tu mismo y haz lo que te gusta Carta original y personalizada a Santa Claus Tarjeta navide\u00f1a para regalar a tu pareja Tarjeta navide\u00f1a: Los elementos esenciales de la Navidad Tarjeta navide\u00f1a: Ideal para los mayores de tu familia Tarjeta navide\u00f1a: Original para compartir con tus amigos Tarjeta navide\u00f1a: El esp\u00edritu de la navidad Tarjeta navide\u00f1a: Unas navidades para recordar Tarjeta navide\u00f1a: S\u00e9 bueno o&#8230; Consecuencias graves en navidad Tarjeta navide\u00f1a para las personas que m\u00e1s quieres Tarjeta navide\u00f1a para <\/p>\n","protected":false},"author":11,"featured_media":0,"parent":0,"menu_order":0,"comment_status":"closed","ping_status":"closed","template":"","meta":{"footnotes":""},"class_list":["post-6606","page","type-page","status-publish","hentry"],"yoast_head":"<!-- This site is optimized with the Yoast SEO plugin v24.1 - https:\/\/yoast.com\/wordpress\/plugins\/seo\/ -->\n<title>Navidad - Frases y Citas C\u00e9lebres<\/title>\n<meta name=\"robots\" content=\"index, follow, max-snippet:-1, max-image-preview:large, max-video-preview:-1\" \/>\n<link rel=\"canonical\" href=\"https:\/\/www.euroresidentes.com\/entretenimiento\/frases-citas-imagenes\/navidad\/\" \/>\n<meta property=\"og:locale\" content=\"es_ES\" \/>\n<meta property=\"og:type\" content=\"article\" \/>\n<meta property=\"og:title\" content=\"Navidad - Frases y Citas C\u00e9lebres\" \/>\n<meta property=\"og:description\" content=\"TARJETAS ORIGINALES Y DIVERTIDAS PARA NAVIDAD Tarjeta navide\u00f1a: Rom\u00e1ntico mu\u00e9rdago Tarjeta navide\u00f1a: \u00a1Que ya esta aqu\u00ed! \u00a1Lleg\u00f3! Tarjeta navide\u00f1a: S\u00e9 tu mismo y haz lo que te gusta Carta original y personalizada a Santa Claus Tarjeta navide\u00f1a para regalar a tu pareja Tarjeta navide\u00f1a: Los elementos esenciales de la Navidad Tarjeta navide\u00f1a: Ideal para los mayores de tu familia Tarjeta navide\u00f1a: Original para compartir con tus amigos Tarjeta navide\u00f1a: El esp\u00edritu de la navidad Tarjeta navide\u00f1a: Unas navidades para recordar Tarjeta navide\u00f1a: S\u00e9 bueno o&#8230; Consecuencias graves en navidad Tarjeta navide\u00f1a para las personas que m\u00e1s quieres Tarjeta navide\u00f1a para\" \/>\n<meta property=\"og:url\" content=\"https:\/\/www.euroresidentes.com\/entretenimiento\/frases-citas-imagenes\/navidad\/\" \/>\n<meta property=\"og:site_name\" content=\"Frases y Citas C\u00e9lebres\" \/>\n<meta property=\"article:publisher\" content=\"https:\/\/www.facebook.com\/frases.euroresidentes\/\" \/>\n<meta property=\"article:modified_time\" content=\"2016-12-21T09:54:07+00:00\" \/>\n<meta name=\"twitter:card\" content=\"summary_large_image\" \/>\n<meta name=\"twitter:label1\" content=\"Est. reading time\" \/>\n\t<meta name=\"twitter:data1\" content=\"1 minuto\" \/>\n<script type=\"application\/ld+json\" class=\"yoast-schema-graph\">{\"@context\":\"https:\/\/schema.org\",\"@graph\":[{\"@type\":\"WebPage\",\"@id\":\"https:\/\/www.euroresidentes.com\/entretenimiento\/frases-citas-imagenes\/navidad\/\",\"url\":\"https:\/\/www.euroresidentes.com\/entretenimiento\/frases-citas-imagenes\/navidad\/\",\"name\":\"Navidad - Frases y Citas C\u00e9lebres\",\"isPartOf\":{\"@id\":\"https:\/\/www.euroresidentes.com\/entretenimiento\/frases-citas-imagenes\/#website\"},\"datePublished\":\"2015-02-27T11:45:00+00:00\",\"dateModified\":\"2016-12-21T09:54:07+00:00\",\"breadcrumb\":{\"@id\":\"https:\/\/www.euroresidentes.com\/entretenimiento\/frases-citas-imagenes\/navidad\/#breadcrumb\"},\"inLanguage\":\"es\",\"potentialAction\":[{\"@type\":\"ReadAction\",\"target\":[\"https:\/\/www.euroresidentes.com\/entretenimiento\/frases-citas-imagenes\/navidad\/\"]}]},{\"@type\":\"BreadcrumbList\",\"@id\":\"https:\/\/www.euroresidentes.com\/entretenimiento\/frases-citas-imagenes\/navidad\/#breadcrumb\",\"itemListElement\":[{\"@type\":\"ListItem\",\"position\":1,\"name\":\"Portada\",\"item\":\"https:\/\/www.euroresidentes.com\/entretenimiento\/frases-citas-imagenes\/\"},{\"@type\":\"ListItem\",\"position\":2,\"name\":\"Navidad\"}]},{\"@type\":\"WebSite\",\"@id\":\"https:\/\/www.euroresidentes.com\/entretenimiento\/frases-citas-imagenes\/#website\",\"url\":\"https:\/\/www.euroresidentes.com\/entretenimiento\/frases-citas-imagenes\/\",\"name\":\"Frases y Citas C\u00e9lebres\",\"description\":\"Frases, citas c\u00e9lebres de autores, refranes, frases de figuras hist\u00f3ricas\",\"potentialAction\":[{\"@type\":\"SearchAction\",\"target\":{\"@type\":\"EntryPoint\",\"urlTemplate\":\"https:\/\/www.euroresidentes.com\/entretenimiento\/frases-citas-imagenes\/?s={search_term_string}\"},\"query-input\":{\"@type\":\"PropertyValueSpecification\",\"valueRequired\":true,\"valueName\":\"search_term_string\"}}],\"inLanguage\":\"es\"}]}<\/script>\n<!-- \/ Yoast SEO plugin. -->","yoast_head_json":{"title":"Navidad - Frases y Citas C\u00e9lebres","robots":{"index":"index","follow":"follow","max-snippet":"max-snippet:-1","max-image-preview":"max-image-preview:large","max-video-preview":"max-video-preview:-1"},"canonical":"https:\/\/www.euroresidentes.com\/entretenimiento\/frases-citas-imagenes\/navidad\/","og_locale":"es_ES","og_type":"article","og_title":"Navidad - Frases y Citas C\u00e9lebres","og_description":"TARJETAS ORIGINALES Y DIVERTIDAS PARA NAVIDAD Tarjeta navide\u00f1a: Rom\u00e1ntico mu\u00e9rdago Tarjeta navide\u00f1a: \u00a1Que ya esta aqu\u00ed! \u00a1Lleg\u00f3! Tarjeta navide\u00f1a: S\u00e9 tu mismo y haz lo que te gusta Carta original y personalizada a Santa Claus Tarjeta navide\u00f1a para regalar a tu pareja Tarjeta navide\u00f1a: Los elementos esenciales de la Navidad Tarjeta navide\u00f1a: Ideal para los mayores de tu familia Tarjeta navide\u00f1a: Original para compartir con tus amigos Tarjeta navide\u00f1a: El esp\u00edritu de la navidad Tarjeta navide\u00f1a: Unas navidades para recordar Tarjeta navide\u00f1a: S\u00e9 bueno o&#8230; Consecuencias graves en navidad Tarjeta navide\u00f1a para las personas que m\u00e1s quieres Tarjeta navide\u00f1a para","og_url":"https:\/\/www.euroresidentes.com\/entretenimiento\/frases-citas-imagenes\/navidad\/","og_site_name":"Frases y Citas C\u00e9lebres","article_publisher":"https:\/\/www.facebook.com\/frases.euroresidentes\/","article_modified_time":"2016-12-21T09:54:07+00:00","twitter_card":"summary_large_image","twitter_misc":{"Est. reading time":"1 minuto"},"schema":{"@context":"https:\/\/schema.org","@graph":[{"@type":"WebPage","@id":"https:\/\/www.euroresidentes.com\/entretenimiento\/frases-citas-imagenes\/navidad\/","url":"https:\/\/www.euroresidentes.com\/entretenimiento\/frases-citas-imagenes\/navidad\/","name":"Navidad - Frases y Citas C\u00e9lebres","isPartOf":{"@id":"https:\/\/www.euroresidentes.com\/entretenimiento\/frases-citas-imagenes\/#website"},"datePublished":"2015-02-27T11:45:00+00:00","dateModified":"2016-12-21T09:54:07+00:00","breadcrumb":{"@id":"https:\/\/www.euroresidentes.com\/entretenimiento\/frases-citas-imagenes\/navidad\/#breadcrumb"},"inLanguage":"es","potentialAction":[{"@type":"ReadAction","target":["https:\/\/www.euroresidentes.com\/entretenimiento\/frases-citas-imagenes\/navidad\/"]}]},{"@type":"BreadcrumbList","@id":"https:\/\/www.euroresidentes.com\/entretenimiento\/frases-citas-imagenes\/navidad\/#breadcrumb","itemListElement":[{"@type":"ListItem","position":1,"name":"Portada","item":"https:\/\/www.euroresidentes.com\/entretenimiento\/frases-citas-imagenes\/"},{"@type":"ListItem","position":2,"name":"Navidad"}]},{"@type":"WebSite","@id":"https:\/\/www.euroresidentes.com\/entretenimiento\/frases-citas-imagenes\/#website","url":"https:\/\/www.euroresidentes.com\/entretenimiento\/frases-citas-imagenes\/","name":"Frases y Citas C\u00e9lebres","description":"Frases, citas c\u00e9lebres de autores, refranes, frases de figuras hist\u00f3ricas","potentialAction":[{"@type":"SearchAction","target":{"@type":"EntryPoint","urlTemplate":"https:\/\/www.euroresidentes.com\/entretenimiento\/frases-citas-imagenes\/?s={search_term_string}"},"query-input":{"@type":"PropertyValueSpecification","valueRequired":true,"valueName":"search_term_string"}}],"inLanguage":"es"}]}},"_links":{"self":[{"href":"https:\/\/www.euroresidentes.com\/entretenimiento\/frases-citas-imagenes\/wp-json\/wp\/v2\/pages\/6606","targetHints":{"allow":["GET"]}}],"collection":[{"href":"https:\/\/www.euroresidentes.com\/entretenimiento\/frases-citas-imagenes\/wp-json\/wp\/v2\/pages"}],"about":[{"href":"https:\/\/www.euroresidentes.com\/entretenimiento\/frases-citas-imagenes\/wp-json\/wp\/v2\/types\/page"}],"author":[{"embeddable":true,"href":"https:\/\/www.euroresidentes.com\/entretenimiento\/frases-citas-imagenes\/wp-json\/wp\/v2\/users\/11"}],"replies":[{"embeddable":true,"href":"https:\/\/www.euroresidentes.com\/entretenimiento\/frases-citas-imagenes\/wp-json\/wp\/v2\/comments?post=6606"}],"version-history":[{"count":1,"href":"https:\/\/www.euroresidentes.com\/entretenimiento\/frases-citas-imagenes\/wp-json\/wp\/v2\/pages\/6606\/revisions"}],"predecessor-version":[{"id":6741,"href":"https:\/\/www.euroresidentes.com\/entretenimiento\/frases-citas-imagenes\/wp-json\/wp\/v2\/pages\/6606\/revisions\/6741"}],"wp:attachment":[{"href":"https:\/\/www.euroresidentes.com\/entretenimiento\/frases-citas-imagenes\/wp-json\/wp\/v2\/media?parent=6606"}],"curies":[{"name":"wp","href":"https:\/\/api.w.org\/{rel}","templated":true}]}}