{"id":1018,"date":"2015-12-02T16:24:00","date_gmt":"2015-12-02T16:24:00","guid":{"rendered":"https:\/\/www.euroresidentes.com\/entretenimiento\/curso-tarot\/lecciones.html"},"modified":"2021-01-04T14:30:13","modified_gmt":"2021-01-04T13:30:13","slug":"lecciones","status":"publish","type":"page","link":"https:\/\/www.euroresidentes.com\/entretenimiento\/curso-tarot\/lecciones\/","title":{"rendered":"Lecciones del curso de Tarot"},"content":{"rendered":"<h2 style=\"text-align: left\"><span style=\"color: #000000\"><strong>Lecciones del Curso de Tarot<\/strong><\/span><\/h2>\n<ul>\n<li><span style=\"color: #000000\"><a style=\"color: #000000\" href=\"http:\/\/curso-tarot.euroresidentes.com\/2011\/03\/introduccion-al-tarot.html\"><span style=\"text-decoration: underline\">Introducci\u00f3n al Tarot<\/span><\/a><span style=\"text-decoration: underline\">\u00a0(lecci\u00f3n 1)<\/span><\/span><\/li>\n<li><span style=\"text-decoration: underline\"><span style=\"color: #000000;text-decoration: underline\"><a style=\"color: #000000;text-decoration: underline\" href=\"http:\/\/curso-tarot.euroresidentes.com\/2011\/03\/origenes-e-historia-del-tarot.html\">Or\u00edgenes e historia del tarot<\/a>\u00a0(lecci\u00f3n 2)<\/span><\/span><\/li>\n<li><span style=\"text-decoration: underline\"><span style=\"color: #000000;text-decoration: underline\"><a style=\"color: #000000;text-decoration: underline\" href=\"http:\/\/curso-tarot.euroresidentes.com\/2011\/03\/diferentes-barajas-del-tarot.html\">Diferentes barajas del tarot<\/a>\u00a0(lecci\u00f3n 3)<\/span><\/span><\/li>\n<li><span style=\"text-decoration: underline\"><span style=\"color: #000000;text-decoration: underline\"><a style=\"color: #000000;text-decoration: underline\" href=\"http:\/\/curso-tarot.euroresidentes.com\/2011\/03\/4-eleccion-de-la-baraja.html\">Elecci\u00f3n de la baraja<\/a>\u00a0(lecci\u00f3n 4)<\/span><\/span><\/li>\n<li><span style=\"text-decoration: underline\"><span style=\"color: #000000;text-decoration: underline\"><a style=\"color: #000000;text-decoration: underline\" href=\"http:\/\/curso-tarot.euroresidentes.com\/2011\/03\/5-estudio-profundizacion-y-practica.html\">Estudio, profundizaci\u00f3n y pr\u00e1ctica<\/a>\u00a0(lecci\u00f3n 5)<\/span><\/span><\/li>\n<li><span style=\"text-decoration: underline\"><span style=\"color: #000000;text-decoration: underline\"><a style=\"color: #000000;text-decoration: underline\" href=\"http:\/\/curso-tarot.euroresidentes.com\/2011\/03\/6-significado-de-los-gestos-personajes.html\">Significado de gestos, personajes y objetos en el tarot<\/a>\u00a0(lecci\u00f3n 6)<\/span><\/span><\/li>\n<li><span style=\"text-decoration: underline\"><span style=\"color: #000000;text-decoration: underline\"><a style=\"color: #000000;text-decoration: underline\" href=\"http:\/\/curso-tarot.euroresidentes.com\/2011\/03\/8-significado-de-los-colores-en-el.html\">Significado de los colores en el tarot<\/a>\u00a0(lecci\u00f3n 7)<\/span><\/span><\/li>\n<li><span style=\"text-decoration: underline\"><span style=\"color: #000000;text-decoration: underline\"><a style=\"color: #000000;text-decoration: underline\" href=\"http:\/\/curso-tarot.euroresidentes.com\/2011\/03\/significado-de-los-arcanos-mayores-del.html\">Significado de los Arcanos Mayores <\/a>\u00a0(lecci\u00f3n 8)<\/span><\/span><\/li>\n<li><span style=\"text-decoration: underline\"><span style=\"color: #000000;text-decoration: underline\"><a style=\"color: #000000;text-decoration: underline\" href=\"http:\/\/curso-tarot.euroresidentes.com\/2011\/04\/el-tarot-y-su-relacion-con-la.html\">El tarot y la astrolog\u00eda, la numerolog\u00eda y la cabal\u00edstica<\/a>\u00a0(lecci\u00f3n 9)<\/span><\/span><\/li>\n<li><span style=\"text-decoration: underline\"><span style=\"color: #000000;text-decoration: underline\"><a style=\"color: #000000;text-decoration: underline\" href=\"http:\/\/curso-tarot.euroresidentes.com\/2011\/04\/10-relajacion-e-interiorizacion.html\">Relajaci\u00f3n e interiorizaci\u00f3n del tarot<\/a>\u00a0(lecci\u00f3n 10)<\/span><\/span><\/li>\n<li><span style=\"text-decoration: underline\"><span style=\"color: #000000;text-decoration: underline\"><a style=\"color: #000000;text-decoration: underline\" href=\"http:\/\/curso-tarot.euroresidentes.com\/2011\/04\/11-como-se-tiran-las-cartas-del-tarot.html\">\u00bfC\u00f3mo se tiran las cartas del tarot?<\/a>\u00a0\u00a0(lecci\u00f3n 11)<\/span><\/span><\/li>\n<li><span style=\"text-decoration: underline\"><span style=\"color: #000000;text-decoration: underline\"><a style=\"color: #000000;text-decoration: underline\" href=\"http:\/\/curso-tarot.euroresidentes.com\/2011\/04\/12-interpretacion-de-una-tirada-de.html\">Interpretaci\u00f3n de una tirada de cartas<\/a>\u00a0(lecci\u00f3n 12)<\/span><\/span><\/li>\n<li><span style=\"text-decoration: underline\"><span style=\"color: #000000;text-decoration: underline\"><a style=\"color: #000000;text-decoration: underline\" href=\"http:\/\/curso-tarot.euroresidentes.com\/2015\/01\/83-respuestas-al-post-n-12.html\" target=\"_blank\" rel=\"noopener\">Respuestas al post n\u00famero 12- Interpretaci\u00f3n de una tirada de cartas<\/a>: debido al l\u00edmite de capacidad de Blogger por post, me veo obligada a contestar a vuestras preguntas aqu\u00ed.<\/span><\/span><\/li>\n<li><span style=\"text-decoration: underline\"><span style=\"color: #000000;text-decoration: underline\"><a style=\"color: #000000;text-decoration: underline\" href=\"http:\/\/curso-tarot.euroresidentes.com\/2014\/05\/71-como-preparar-o-consagrar-las-cartas.html\">C\u00f3mo preparar o consagrar las cartas del tarot <\/a>\u00a0(lecci\u00f3n 71)<\/span><\/span><\/li>\n<li><span style=\"text-decoration: underline\"><span style=\"color: #000000;text-decoration: underline\"><a style=\"color: #000000;text-decoration: underline\" href=\"http:\/\/curso-tarot.euroresidentes.com\/2011\/04\/13-guardar-las-cartas.html\">\u00bf<\/a><a style=\"color: #000000;text-decoration: underline\" href=\"http:\/\/curso-tarot.euroresidentes.com\/2011\/04\/13-guardar-las-cartas.html\">C\u00f3mo se guardan las cartas?<\/a>\u00a0(lecci\u00f3n 13)<\/span><\/span><\/li>\n<li><span style=\"text-decoration: underline\"><span style=\"color: #000000;text-decoration: underline\">\u00bf<a style=\"color: #000000;text-decoration: underline\" href=\"http:\/\/curso-tarot.euroresidentes.com\/2014\/05\/70-como-limpiar-las-cartas-del-tarot.html\">C\u00f3mo limpiar las cartas del tarot<\/a>? (lecci\u00f3n 70)<\/span><\/span><\/li>\n<li><span style=\"text-decoration: underline\"><span style=\"color: #000000;text-decoration: underline\"><a style=\"color: #000000;text-decoration: underline\" href=\"http:\/\/curso-tarot.euroresidentes.com\/2011\/06\/14-consejos-para-tirar-bien-las-cartas.html\">Consejos para tirar bien las cartas<\/a>\u00a0(lecci\u00f3n 14)<\/span><\/span><\/li>\n<li><span style=\"text-decoration: underline\"><span style=\"color: #000000;text-decoration: underline\"><a style=\"color: #000000;text-decoration: underline\" href=\"http:\/\/curso-tarot.euroresidentes.com\/2011\/06\/15-guia-practica-de-tiradas-de-tarot.html\">Gu\u00eda pr\u00e1ctica de tiradas del tarot: tirada de las 3 cartas<\/a> (lecci\u00f3n 15)<\/span><\/span><\/li>\n<li><span style=\"text-decoration: underline\"><span style=\"color: #000000;text-decoration: underline\"><a style=\"color: #000000;text-decoration: underline\" href=\"http:\/\/curso-tarot.euroresidentes.com\/2011\/05\/27-los-arcanos-menores_5872.html\">Arcanos Menores<\/a>\u00a0(lecci\u00f3n 27)<\/span><\/span><\/li>\n<li><span style=\"text-decoration: underline\"><span style=\"color: #000000;text-decoration: underline\"><a style=\"color: #000000;text-decoration: underline\" href=\"http:\/\/curso-tarot.euroresidentes.com\/2012\/01\/tarot-cartas.html\">Tarot cartas<\/a> (lecci\u00f3n 31)<\/span><\/span><\/li>\n<li><span style=\"text-decoration: underline\"><span style=\"color: #000000;text-decoration: underline\"><a style=\"color: #000000;text-decoration: underline\" href=\"http:\/\/curso-tarot.euroresidentes.com\/2012\/01\/tarot-tres-cartas.html\">Tarot torada de 3 cartas <\/a>(lecci\u00f3n 32)<\/span><\/span><\/li>\n<li><span style=\"text-decoration: underline\"><span style=\"color: #000000;text-decoration: underline\"><a style=\"color: #000000;text-decoration: underline\" href=\"http:\/\/curso-tarot.euroresidentes.com\/2012\/01\/tarot-de-los-arcanos.html\">Tarot de los Arcanos<\/a>\u00a0(lecci\u00f3n 33)<\/span><\/span><\/li>\n<li><span style=\"text-decoration: underline\"><span style=\"color: #000000;text-decoration: underline\"><a style=\"color: #000000;text-decoration: underline\" href=\"http:\/\/curso-tarot.euroresidentes.com\/2012\/01\/tarot-chino.html\">Tarot Chino<\/a>\u00a0(lecci\u00f3n 34)<\/span><\/span><\/li>\n<li><span style=\"text-decoration: underline\"><span style=\"color: #000000;text-decoration: underline\"><a style=\"color: #000000;text-decoration: underline\" href=\"http:\/\/curso-tarot.euroresidentes.com\/2012\/01\/tarot-interpretacion-de-suenos.html\">Tarot interpretaci\u00f3n de sue\u00f1os<\/a>\u00a0(lecci\u00f3n 35)<\/span><\/span><\/li>\n<li><span style=\"text-decoration: underline\"><span style=\"color: #000000;text-decoration: underline\"><a style=\"color: #000000;text-decoration: underline\" href=\"http:\/\/curso-tarot.euroresidentes.com\/2012\/02\/tarot-fecha-de-nacimiento.html\">Tarot fecha de nacimiento<\/a>\u00a0(lecci\u00f3n 36)<\/span><\/span><\/li>\n<li><span style=\"text-decoration: underline\"><span style=\"color: #000000;text-decoration: underline\"><a style=\"color: #000000;text-decoration: underline\" href=\"http:\/\/curso-tarot.euroresidentes.com\/2012\/02\/tarot-tirada-de-cartas.html\">Tarot tirada de cartas<\/a>\u00a0(lecci\u00f3n 37)<\/span><\/span><\/li>\n<li><span style=\"text-decoration: underline\"><span style=\"color: #000000;text-decoration: underline\"><a style=\"color: #000000;text-decoration: underline\" href=\"http:\/\/curso-tarot.euroresidentes.com\/2014\/05\/66-10-razones-por-las-que-aprender.html\">10 razones por las que aprender a tirar las cartas<\/a>\u00a0(lecci\u00f3n 66<\/span><\/span><\/li>\n<li><span style=\"text-decoration: underline\"><span style=\"color: #000000;text-decoration: underline\"><a style=\"color: #000000;text-decoration: underline\" href=\"http:\/\/curso-tarot.euroresidentes.com\/2014\/05\/67-tarot-osho-zen.html\">Tarot Osho Zen <\/a>\u00a0(lecci\u00f3n 67)<\/span><\/span><\/li>\n<li><span style=\"text-decoration: underline\"><span style=\"color: #000000;text-decoration: underline\"><a style=\"color: #000000;text-decoration: underline\" href=\"http:\/\/curso-tarot.euroresidentes.com\/2014\/05\/72-como-calcular-el-tiempo-en-el-tarot.html\">C\u00f3mo calcular el tiempo en el tarot <\/a> (lecci\u00f3n 72)<\/span><\/span><\/li>\n<li><span style=\"text-decoration: underline\"><span style=\"color: #000000;text-decoration: underline\"><a style=\"color: #000000;text-decoration: underline\" href=\"http:\/\/curso-tarot.euroresidentes.com\/2014\/07\/77-el-tarot-y-la-salud.html\" target=\"_self\" rel=\"noopener\">El tarot y la salud: arcanos Mayores tarot Marsella <\/a>\u00a0(lecci\u00f3n 77)<\/span><\/span><\/li>\n<li><span style=\"text-decoration: underline\"><span style=\"color: #000000;text-decoration: underline\"><a style=\"color: #000000;text-decoration: underline\" href=\"http:\/\/curso-tarot.euroresidentes.com\/2014\/08\/78-el-tarot-y-la-salud-arcanos-menores.html\" target=\"_self\" rel=\"noopener\">El tarot y la salud: Arcanos Menores tarot Marsella<\/a>\u00a0(lecci\u00f3n 78)<\/span><\/span><\/li>\n<li><span style=\"text-decoration: underline\"><span style=\"color: #000000;text-decoration: underline\"><a style=\"color: #000000;text-decoration: underline\" href=\"http:\/\/curso-tarot.euroresidentes.com\/2015\/02\/84-tiradas-arcanos-menores-tarot-rider.html\" target=\"_blank\" rel=\"noopener\">TIRADAS ARCANOS MENORES RIDER WAITE<\/a>\u00a0(lecci\u00f3n 84)<\/span><\/span><\/li>\n<\/ul>\n<div>\n<div class=\"MsoNormal\">\n<div style=\"text-align: left\">\n<p><span style=\"color: #000000\"><b>Otros temas relacionados con \u00cdndice Curso\u00a0de Tarot:<\/b><\/span><\/p>\n<\/div>\n<ul type=\"disc\">\n<li><span style=\"color: #3366ff\"><a style=\"color: #3366ff\" href=\"https:\/\/www.euroresidentes.com\/entretenimiento\/curso-tarot\/indice-curso-de-tarot\">\u00cdndice curso de tarot<\/a><\/span><\/li>\n<li><span style=\"color: #3366ff\"><a style=\"color: #3366ff\" href=\"https:\/\/tarot.euroresidentes.es\/tu_carta\">Tu carta del tarot de hoy<\/a><\/span><\/li>\n<li><span style=\"color: #3366ff\"><a style=\"color: #3366ff\" href=\"https:\/\/www.youtube.com\/watch?v=lsjAs3iTYlI\">Tiradas Personalizadas de Chlo\u00e9<\/a><\/span><\/li>\n<li><span style=\"color: #3366ff\"><a style=\"color: #3366ff\" href=\"https:\/\/www.euroresidentes.com\/horoscopos\/tienda-esoterica-online\/\">Tienda esot\u00e9rica online<\/a><\/span><\/li>\n<li><span style=\"color: #3366ff\"><a style=\"color: #3366ff\" href=\"https:\/\/tarot.euroresidentes.es\/tema\/3-tarot-amor\">Tirada tarot amor<\/a><\/span><\/li>\n<li><a href=\"https:\/\/www.euroresidentes.com\/entretenimiento\/curso-tarot\/barajas\"><span style=\"color: #3366ff\">Barajas y su significado<\/span><\/a><\/li>\n<\/ul>\n<\/div>\n<\/div>\n","protected":false},"excerpt":{"rendered":"<p>Lecciones del Curso de Tarot Introducci\u00f3n al Tarot\u00a0(lecci\u00f3n 1) Or\u00edgenes e historia del tarot\u00a0(lecci\u00f3n 2) Diferentes barajas del tarot\u00a0(lecci\u00f3n 3) Elecci\u00f3n de la baraja\u00a0(lecci\u00f3n 4) Estudio, profundizaci\u00f3n y pr\u00e1ctica\u00a0(lecci\u00f3n 5) Significado de gestos, personajes y objetos en el tarot\u00a0(lecci\u00f3n 6) Significado de los colores en el tarot\u00a0(lecci\u00f3n 7) Significado de los Arcanos Mayores \u00a0(lecci\u00f3n 8) El tarot y la astrolog\u00eda, la numerolog\u00eda y la cabal\u00edstica\u00a0(lecci\u00f3n 9) Relajaci\u00f3n e interiorizaci\u00f3n del tarot\u00a0(lecci\u00f3n 10) \u00bfC\u00f3mo se tiran las cartas del tarot?\u00a0\u00a0(lecci\u00f3n 11) Interpretaci\u00f3n de una tirada de cartas\u00a0(lecci\u00f3n 12) Respuestas al post n\u00famero 12- Interpretaci\u00f3n de una tirada de cartas: debido al <\/p>\n","protected":false},"author":2,"featured_media":0,"parent":0,"menu_order":0,"comment_status":"closed","ping_status":"closed","template":"","meta":{"footnotes":""},"class_list":["post-1018","page","type-page","status-publish","hentry"],"yoast_head":"<!-- This site is optimized with the Yoast SEO plugin v24.1 - https:\/\/yoast.com\/wordpress\/plugins\/seo\/ -->\n<title>Lecciones del curso de Tarot - Curso de Tarot<\/title>\n<meta name=\"robots\" content=\"index, follow, max-snippet:-1, max-image-preview:large, max-video-preview:-1\" \/>\n<link rel=\"canonical\" href=\"https:\/\/www.euroresidentes.com\/entretenimiento\/curso-tarot\/lecciones\/\" \/>\n<meta property=\"og:locale\" content=\"es_ES\" \/>\n<meta property=\"og:type\" content=\"article\" \/>\n<meta property=\"og:title\" content=\"Lecciones del curso de Tarot - Curso de Tarot\" \/>\n<meta property=\"og:description\" content=\"Lecciones del Curso de Tarot Introducci\u00f3n al Tarot\u00a0(lecci\u00f3n 1) Or\u00edgenes e historia del tarot\u00a0(lecci\u00f3n 2) Diferentes barajas del tarot\u00a0(lecci\u00f3n 3) Elecci\u00f3n de la baraja\u00a0(lecci\u00f3n 4) Estudio, profundizaci\u00f3n y pr\u00e1ctica\u00a0(lecci\u00f3n 5) Significado de gestos, personajes y objetos en el tarot\u00a0(lecci\u00f3n 6) Significado de los colores en el tarot\u00a0(lecci\u00f3n 7) Significado de los Arcanos Mayores \u00a0(lecci\u00f3n 8) El tarot y la astrolog\u00eda, la numerolog\u00eda y la cabal\u00edstica\u00a0(lecci\u00f3n 9) Relajaci\u00f3n e interiorizaci\u00f3n del tarot\u00a0(lecci\u00f3n 10) \u00bfC\u00f3mo se tiran las cartas del tarot?\u00a0\u00a0(lecci\u00f3n 11) Interpretaci\u00f3n de una tirada de cartas\u00a0(lecci\u00f3n 12) Respuestas al post n\u00famero 12- Interpretaci\u00f3n de una tirada de cartas: debido al\" \/>\n<meta property=\"og:url\" content=\"https:\/\/www.euroresidentes.com\/entretenimiento\/curso-tarot\/lecciones\/\" \/>\n<meta property=\"og:site_name\" content=\"Curso de Tarot\" \/>\n<meta property=\"article:publisher\" content=\"https:\/\/www.facebook.com\/horoscopos.euroresidentes\/\" \/>\n<meta property=\"article:modified_time\" content=\"2021-01-04T13:30:13+00:00\" \/>\n<meta name=\"twitter:card\" content=\"summary_large_image\" \/>\n<meta name=\"twitter:label1\" content=\"Est. reading time\" \/>\n\t<meta name=\"twitter:data1\" content=\"2 minutos\" \/>\n<script type=\"application\/ld+json\" class=\"yoast-schema-graph\">{\"@context\":\"https:\/\/schema.org\",\"@graph\":[{\"@type\":\"WebPage\",\"@id\":\"https:\/\/www.euroresidentes.com\/entretenimiento\/curso-tarot\/lecciones\/\",\"url\":\"https:\/\/www.euroresidentes.com\/entretenimiento\/curso-tarot\/lecciones\/\",\"name\":\"Lecciones del curso de Tarot - Curso de Tarot\",\"isPartOf\":{\"@id\":\"https:\/\/www.euroresidentes.com\/entretenimiento\/curso-tarot\/#website\"},\"datePublished\":\"2015-12-02T16:24:00+00:00\",\"dateModified\":\"2021-01-04T13:30:13+00:00\",\"breadcrumb\":{\"@id\":\"https:\/\/www.euroresidentes.com\/entretenimiento\/curso-tarot\/lecciones\/#breadcrumb\"},\"inLanguage\":\"es\",\"potentialAction\":[{\"@type\":\"ReadAction\",\"target\":[\"https:\/\/www.euroresidentes.com\/entretenimiento\/curso-tarot\/lecciones\/\"]}]},{\"@type\":\"BreadcrumbList\",\"@id\":\"https:\/\/www.euroresidentes.com\/entretenimiento\/curso-tarot\/lecciones\/#breadcrumb\",\"itemListElement\":[{\"@type\":\"ListItem\",\"position\":1,\"name\":\"Portada\",\"item\":\"https:\/\/www.euroresidentes.com\/entretenimiento\/curso-tarot\/\"},{\"@type\":\"ListItem\",\"position\":2,\"name\":\"Lecciones del curso de Tarot\"}]},{\"@type\":\"WebSite\",\"@id\":\"https:\/\/www.euroresidentes.com\/entretenimiento\/curso-tarot\/#website\",\"url\":\"https:\/\/www.euroresidentes.com\/entretenimiento\/curso-tarot\/\",\"name\":\"Curso de Tarot\",\"description\":\"Euroresidentes\",\"potentialAction\":[{\"@type\":\"SearchAction\",\"target\":{\"@type\":\"EntryPoint\",\"urlTemplate\":\"https:\/\/www.euroresidentes.com\/entretenimiento\/curso-tarot\/?s={search_term_string}\"},\"query-input\":{\"@type\":\"PropertyValueSpecification\",\"valueRequired\":true,\"valueName\":\"search_term_string\"}}],\"inLanguage\":\"es\"}]}<\/script>\n<!-- \/ Yoast SEO plugin. -->","yoast_head_json":{"title":"Lecciones del curso de Tarot - Curso de Tarot","robots":{"index":"index","follow":"follow","max-snippet":"max-snippet:-1","max-image-preview":"max-image-preview:large","max-video-preview":"max-video-preview:-1"},"canonical":"https:\/\/www.euroresidentes.com\/entretenimiento\/curso-tarot\/lecciones\/","og_locale":"es_ES","og_type":"article","og_title":"Lecciones del curso de Tarot - Curso de Tarot","og_description":"Lecciones del Curso de Tarot Introducci\u00f3n al Tarot\u00a0(lecci\u00f3n 1) Or\u00edgenes e historia del tarot\u00a0(lecci\u00f3n 2) Diferentes barajas del tarot\u00a0(lecci\u00f3n 3) Elecci\u00f3n de la baraja\u00a0(lecci\u00f3n 4) Estudio, profundizaci\u00f3n y pr\u00e1ctica\u00a0(lecci\u00f3n 5) Significado de gestos, personajes y objetos en el tarot\u00a0(lecci\u00f3n 6) Significado de los colores en el tarot\u00a0(lecci\u00f3n 7) Significado de los Arcanos Mayores \u00a0(lecci\u00f3n 8) El tarot y la astrolog\u00eda, la numerolog\u00eda y la cabal\u00edstica\u00a0(lecci\u00f3n 9) Relajaci\u00f3n e interiorizaci\u00f3n del tarot\u00a0(lecci\u00f3n 10) \u00bfC\u00f3mo se tiran las cartas del tarot?\u00a0\u00a0(lecci\u00f3n 11) Interpretaci\u00f3n de una tirada de cartas\u00a0(lecci\u00f3n 12) Respuestas al post n\u00famero 12- Interpretaci\u00f3n de una tirada de cartas: debido al","og_url":"https:\/\/www.euroresidentes.com\/entretenimiento\/curso-tarot\/lecciones\/","og_site_name":"Curso de Tarot","article_publisher":"https:\/\/www.facebook.com\/horoscopos.euroresidentes\/","article_modified_time":"2021-01-04T13:30:13+00:00","twitter_card":"summary_large_image","twitter_misc":{"Est. reading time":"2 minutos"},"schema":{"@context":"https:\/\/schema.org","@graph":[{"@type":"WebPage","@id":"https:\/\/www.euroresidentes.com\/entretenimiento\/curso-tarot\/lecciones\/","url":"https:\/\/www.euroresidentes.com\/entretenimiento\/curso-tarot\/lecciones\/","name":"Lecciones del curso de Tarot - Curso de Tarot","isPartOf":{"@id":"https:\/\/www.euroresidentes.com\/entretenimiento\/curso-tarot\/#website"},"datePublished":"2015-12-02T16:24:00+00:00","dateModified":"2021-01-04T13:30:13+00:00","breadcrumb":{"@id":"https:\/\/www.euroresidentes.com\/entretenimiento\/curso-tarot\/lecciones\/#breadcrumb"},"inLanguage":"es","potentialAction":[{"@type":"ReadAction","target":["https:\/\/www.euroresidentes.com\/entretenimiento\/curso-tarot\/lecciones\/"]}]},{"@type":"BreadcrumbList","@id":"https:\/\/www.euroresidentes.com\/entretenimiento\/curso-tarot\/lecciones\/#breadcrumb","itemListElement":[{"@type":"ListItem","position":1,"name":"Portada","item":"https:\/\/www.euroresidentes.com\/entretenimiento\/curso-tarot\/"},{"@type":"ListItem","position":2,"name":"Lecciones del curso de Tarot"}]},{"@type":"WebSite","@id":"https:\/\/www.euroresidentes.com\/entretenimiento\/curso-tarot\/#website","url":"https:\/\/www.euroresidentes.com\/entretenimiento\/curso-tarot\/","name":"Curso de Tarot","description":"Euroresidentes","potentialAction":[{"@type":"SearchAction","target":{"@type":"EntryPoint","urlTemplate":"https:\/\/www.euroresidentes.com\/entretenimiento\/curso-tarot\/?s={search_term_string}"},"query-input":{"@type":"PropertyValueSpecification","valueRequired":true,"valueName":"search_term_string"}}],"inLanguage":"es"}]}},"_links":{"self":[{"href":"https:\/\/www.euroresidentes.com\/entretenimiento\/curso-tarot\/wp-json\/wp\/v2\/pages\/1018","targetHints":{"allow":["GET"]}}],"collection":[{"href":"https:\/\/www.euroresidentes.com\/entretenimiento\/curso-tarot\/wp-json\/wp\/v2\/pages"}],"about":[{"href":"https:\/\/www.euroresidentes.com\/entretenimiento\/curso-tarot\/wp-json\/wp\/v2\/types\/page"}],"author":[{"embeddable":true,"href":"https:\/\/www.euroresidentes.com\/entretenimiento\/curso-tarot\/wp-json\/wp\/v2\/users\/2"}],"replies":[{"embeddable":true,"href":"https:\/\/www.euroresidentes.com\/entretenimiento\/curso-tarot\/wp-json\/wp\/v2\/comments?post=1018"}],"version-history":[{"count":13,"href":"https:\/\/www.euroresidentes.com\/entretenimiento\/curso-tarot\/wp-json\/wp\/v2\/pages\/1018\/revisions"}],"predecessor-version":[{"id":2934,"href":"https:\/\/www.euroresidentes.com\/entretenimiento\/curso-tarot\/wp-json\/wp\/v2\/pages\/1018\/revisions\/2934"}],"wp:attachment":[{"href":"https:\/\/www.euroresidentes.com\/entretenimiento\/curso-tarot\/wp-json\/wp\/v2\/media?parent=1018"}],"curies":[{"name":"wp","href":"https:\/\/api.w.org\/{rel}","templated":true}]}}