{"id":255,"date":"2014-10-17T09:00:00","date_gmt":"2014-10-17T09:00:00","guid":{"rendered":"https:\/\/www.euroresidentes.com\/entretenimiento\/apasionados-libros\/marilu-hernandez.html"},"modified":"2016-02-26T09:48:41","modified_gmt":"2016-02-26T09:48:41","slug":"marilu-hernandez","status":"publish","type":"page","link":"https:\/\/www.euroresidentes.com\/entretenimiento\/apasionados-libros\/marilu-hernandez\/","title":{"rendered":"Autora del blog"},"content":{"rendered":"<h3>\nMaril\u00fa Hern\u00e1ndez<\/h3>\n<p>Soy salvadore\u00f1a, vivo en Espa\u00f1a, cerca del mar&#8230;<\/p>\n<div style=\"text-align: center;\">\n<\/div>\n<div class=\"separator\" style=\"clear: both; text-align: center;\">\n<\/div>\n<p>\nMe encanta la literatura, Desde los 10 a\u00f1os he sido una apasionada de la lectura. &nbsp;En especial la &nbsp;insuperable literatura iberoamericana.<\/p>\n<p>Mi padre me regal\u00f3 a los 10 a\u00f1os \u00ab20 poemas de amor y una canci\u00f3n desesperada\u00bb del chileno universal Pablo Neruda, que a\u00fan conservo como un tesoro. Un libro que me hizo amar la lectura y desde entonces devoro toda clase de libros (ciencia ficci\u00f3n, novela hist\u00f3rica, novela negra&#8230;) todo lo que llegue a mis manos.<br \/>\nEs imposible no quedarse con una frase de alg\u00fan autor con la que me identifico, o una cita c\u00e9lebre que me haya llegado al coraz\u00f3n.<\/p>\n<p>Tengo estudios de Derecho, aunque me gusta m\u00e1s la literatura y las humanidades.<br \/>\nLos universos que me abren los libros son mi rinc\u00f3n favorito, espero que todos os identifiqu\u00e9is con el sentimiento que despiertan estos tesoros en m\u00ed.<\/p>\n<p>Escribo diversos blogs en&nbsp;<b>Euroresidentes<\/b>, en especial me encanta sacar las mejores frases, pensamientos, y citas para compartir.<\/p>\n<div>\n<\/div>\n","protected":false},"excerpt":{"rendered":"<p>Maril\u00fa Hern\u00e1ndez Soy salvadore\u00f1a, vivo en Espa\u00f1a, cerca del mar&#8230; Me encanta la literatura, Desde los 10 a\u00f1os he sido una apasionada de la lectura. &nbsp;En especial la &nbsp;insuperable literatura iberoamericana. Mi padre me regal\u00f3 a los 10 a\u00f1os \u00ab20 poemas de amor y una canci\u00f3n desesperada\u00bb del chileno universal Pablo Neruda, que a\u00fan conservo como un tesoro. Un libro que me hizo amar la lectura y desde entonces devoro toda clase de libros (ciencia ficci\u00f3n, novela hist\u00f3rica, novela negra&#8230;) todo lo que llegue a mis manos. Es imposible no quedarse con una frase de alg\u00fan autor con la que <\/p>\n","protected":false},"author":1,"featured_media":0,"parent":0,"menu_order":0,"comment_status":"closed","ping_status":"closed","template":"page-author.php","meta":{"footnotes":""},"class_list":["post-255","page","type-page","status-publish","hentry"],"yoast_head":"<!-- This site is optimized with the Yoast SEO plugin v24.1 - https:\/\/yoast.com\/wordpress\/plugins\/seo\/ -->\n<title>Autora del blog - Pasi\u00f3n por los libros<\/title>\n<meta name=\"robots\" content=\"index, follow, max-snippet:-1, max-image-preview:large, max-video-preview:-1\" \/>\n<link rel=\"canonical\" href=\"https:\/\/www.euroresidentes.com\/entretenimiento\/apasionados-libros\/marilu-hernandez\/\" \/>\n<meta property=\"og:locale\" content=\"es_ES\" \/>\n<meta property=\"og:type\" content=\"article\" \/>\n<meta property=\"og:title\" content=\"Autora del blog - Pasi\u00f3n por los libros\" \/>\n<meta property=\"og:description\" content=\"Maril\u00fa Hern\u00e1ndez Soy salvadore\u00f1a, vivo en Espa\u00f1a, cerca del mar&#8230; Me encanta la literatura, Desde los 10 a\u00f1os he sido una apasionada de la lectura. &nbsp;En especial la &nbsp;insuperable literatura iberoamericana. Mi padre me regal\u00f3 a los 10 a\u00f1os \u00ab20 poemas de amor y una canci\u00f3n desesperada\u00bb del chileno universal Pablo Neruda, que a\u00fan conservo como un tesoro. Un libro que me hizo amar la lectura y desde entonces devoro toda clase de libros (ciencia ficci\u00f3n, novela hist\u00f3rica, novela negra&#8230;) todo lo que llegue a mis manos. Es imposible no quedarse con una frase de alg\u00fan autor con la que\" \/>\n<meta property=\"og:url\" content=\"https:\/\/www.euroresidentes.com\/entretenimiento\/apasionados-libros\/marilu-hernandez\/\" \/>\n<meta property=\"og:site_name\" content=\"Pasi\u00f3n por los libros\" \/>\n<meta property=\"article:publisher\" content=\"https:\/\/www.facebook.com\/frases.euroresidentes\/\" \/>\n<meta property=\"article:modified_time\" content=\"2016-02-26T09:48:41+00:00\" \/>\n<meta name=\"twitter:card\" content=\"summary_large_image\" \/>\n<meta name=\"twitter:label1\" content=\"Est. reading time\" \/>\n\t<meta name=\"twitter:data1\" content=\"1 minuto\" \/>\n<script type=\"application\/ld+json\" class=\"yoast-schema-graph\">{\"@context\":\"https:\/\/schema.org\",\"@graph\":[{\"@type\":\"WebPage\",\"@id\":\"https:\/\/www.euroresidentes.com\/entretenimiento\/apasionados-libros\/marilu-hernandez\/\",\"url\":\"https:\/\/www.euroresidentes.com\/entretenimiento\/apasionados-libros\/marilu-hernandez\/\",\"name\":\"Autora del blog - Pasi\u00f3n por los libros\",\"isPartOf\":{\"@id\":\"https:\/\/www.euroresidentes.com\/entretenimiento\/apasionados-libros\/#website\"},\"datePublished\":\"2014-10-17T09:00:00+00:00\",\"dateModified\":\"2016-02-26T09:48:41+00:00\",\"breadcrumb\":{\"@id\":\"https:\/\/www.euroresidentes.com\/entretenimiento\/apasionados-libros\/marilu-hernandez\/#breadcrumb\"},\"inLanguage\":\"es\",\"potentialAction\":[{\"@type\":\"ReadAction\",\"target\":[\"https:\/\/www.euroresidentes.com\/entretenimiento\/apasionados-libros\/marilu-hernandez\/\"]}]},{\"@type\":\"BreadcrumbList\",\"@id\":\"https:\/\/www.euroresidentes.com\/entretenimiento\/apasionados-libros\/marilu-hernandez\/#breadcrumb\",\"itemListElement\":[{\"@type\":\"ListItem\",\"position\":1,\"name\":\"Portada\",\"item\":\"https:\/\/www.euroresidentes.com\/entretenimiento\/apasionados-libros\/\"},{\"@type\":\"ListItem\",\"position\":2,\"name\":\"Autora del blog\"}]},{\"@type\":\"WebSite\",\"@id\":\"https:\/\/www.euroresidentes.com\/entretenimiento\/apasionados-libros\/#website\",\"url\":\"https:\/\/www.euroresidentes.com\/entretenimiento\/apasionados-libros\/\",\"name\":\"Pasi\u00f3n por los libros\",\"description\":\"Euroresidentes\",\"potentialAction\":[{\"@type\":\"SearchAction\",\"target\":{\"@type\":\"EntryPoint\",\"urlTemplate\":\"https:\/\/www.euroresidentes.com\/entretenimiento\/apasionados-libros\/?s={search_term_string}\"},\"query-input\":{\"@type\":\"PropertyValueSpecification\",\"valueRequired\":true,\"valueName\":\"search_term_string\"}}],\"inLanguage\":\"es\"}]}<\/script>\n<!-- \/ Yoast SEO plugin. -->","yoast_head_json":{"title":"Autora del blog - Pasi\u00f3n por los libros","robots":{"index":"index","follow":"follow","max-snippet":"max-snippet:-1","max-image-preview":"max-image-preview:large","max-video-preview":"max-video-preview:-1"},"canonical":"https:\/\/www.euroresidentes.com\/entretenimiento\/apasionados-libros\/marilu-hernandez\/","og_locale":"es_ES","og_type":"article","og_title":"Autora del blog - Pasi\u00f3n por los libros","og_description":"Maril\u00fa Hern\u00e1ndez Soy salvadore\u00f1a, vivo en Espa\u00f1a, cerca del mar&#8230; Me encanta la literatura, Desde los 10 a\u00f1os he sido una apasionada de la lectura. &nbsp;En especial la &nbsp;insuperable literatura iberoamericana. Mi padre me regal\u00f3 a los 10 a\u00f1os \u00ab20 poemas de amor y una canci\u00f3n desesperada\u00bb del chileno universal Pablo Neruda, que a\u00fan conservo como un tesoro. Un libro que me hizo amar la lectura y desde entonces devoro toda clase de libros (ciencia ficci\u00f3n, novela hist\u00f3rica, novela negra&#8230;) todo lo que llegue a mis manos. Es imposible no quedarse con una frase de alg\u00fan autor con la que","og_url":"https:\/\/www.euroresidentes.com\/entretenimiento\/apasionados-libros\/marilu-hernandez\/","og_site_name":"Pasi\u00f3n por los libros","article_publisher":"https:\/\/www.facebook.com\/frases.euroresidentes\/","article_modified_time":"2016-02-26T09:48:41+00:00","twitter_card":"summary_large_image","twitter_misc":{"Est. reading time":"1 minuto"},"schema":{"@context":"https:\/\/schema.org","@graph":[{"@type":"WebPage","@id":"https:\/\/www.euroresidentes.com\/entretenimiento\/apasionados-libros\/marilu-hernandez\/","url":"https:\/\/www.euroresidentes.com\/entretenimiento\/apasionados-libros\/marilu-hernandez\/","name":"Autora del blog - Pasi\u00f3n por los libros","isPartOf":{"@id":"https:\/\/www.euroresidentes.com\/entretenimiento\/apasionados-libros\/#website"},"datePublished":"2014-10-17T09:00:00+00:00","dateModified":"2016-02-26T09:48:41+00:00","breadcrumb":{"@id":"https:\/\/www.euroresidentes.com\/entretenimiento\/apasionados-libros\/marilu-hernandez\/#breadcrumb"},"inLanguage":"es","potentialAction":[{"@type":"ReadAction","target":["https:\/\/www.euroresidentes.com\/entretenimiento\/apasionados-libros\/marilu-hernandez\/"]}]},{"@type":"BreadcrumbList","@id":"https:\/\/www.euroresidentes.com\/entretenimiento\/apasionados-libros\/marilu-hernandez\/#breadcrumb","itemListElement":[{"@type":"ListItem","position":1,"name":"Portada","item":"https:\/\/www.euroresidentes.com\/entretenimiento\/apasionados-libros\/"},{"@type":"ListItem","position":2,"name":"Autora del blog"}]},{"@type":"WebSite","@id":"https:\/\/www.euroresidentes.com\/entretenimiento\/apasionados-libros\/#website","url":"https:\/\/www.euroresidentes.com\/entretenimiento\/apasionados-libros\/","name":"Pasi\u00f3n por los libros","description":"Euroresidentes","potentialAction":[{"@type":"SearchAction","target":{"@type":"EntryPoint","urlTemplate":"https:\/\/www.euroresidentes.com\/entretenimiento\/apasionados-libros\/?s={search_term_string}"},"query-input":{"@type":"PropertyValueSpecification","valueRequired":true,"valueName":"search_term_string"}}],"inLanguage":"es"}]}},"_links":{"self":[{"href":"https:\/\/www.euroresidentes.com\/entretenimiento\/apasionados-libros\/wp-json\/wp\/v2\/pages\/255","targetHints":{"allow":["GET"]}}],"collection":[{"href":"https:\/\/www.euroresidentes.com\/entretenimiento\/apasionados-libros\/wp-json\/wp\/v2\/pages"}],"about":[{"href":"https:\/\/www.euroresidentes.com\/entretenimiento\/apasionados-libros\/wp-json\/wp\/v2\/types\/page"}],"author":[{"embeddable":true,"href":"https:\/\/www.euroresidentes.com\/entretenimiento\/apasionados-libros\/wp-json\/wp\/v2\/users\/1"}],"replies":[{"embeddable":true,"href":"https:\/\/www.euroresidentes.com\/entretenimiento\/apasionados-libros\/wp-json\/wp\/v2\/comments?post=255"}],"version-history":[{"count":1,"href":"https:\/\/www.euroresidentes.com\/entretenimiento\/apasionados-libros\/wp-json\/wp\/v2\/pages\/255\/revisions"}],"predecessor-version":[{"id":343,"href":"https:\/\/www.euroresidentes.com\/entretenimiento\/apasionados-libros\/wp-json\/wp\/v2\/pages\/255\/revisions\/343"}],"wp:attachment":[{"href":"https:\/\/www.euroresidentes.com\/entretenimiento\/apasionados-libros\/wp-json\/wp\/v2\/media?parent=255"}],"curies":[{"name":"wp","href":"https:\/\/api.w.org\/{rel}","templated":true}]}}