
{"id":1990,"date":"2016-02-11T12:21:13","date_gmt":"2016-02-11T12:21:13","guid":{"rendered":"http:\/\/www.euroresidentes.com\/empresa\/?page_id=1990"},"modified":"2017-12-07T11:44:26","modified_gmt":"2017-12-07T10:44:26","slug":"ramon-pedreno","status":"publish","type":"page","link":"https:\/\/www.euroresidentes.com\/empresa\/ramon-pedreno.html","title":{"rendered":"Ram\u00f3n Pedre\u00f1o"},"content":{"rendered":"<p>&nbsp;<\/p>\n<h3 style=\"text-align: center;\"><a href=\"http:\/\/www.euroresidentes.com\/empresa\/wp-content\/uploads\/2016\/02\/ramon-pedreno-euroresidentes.jpg\"><img loading=\"lazy\" decoding=\"async\" class=\"aligncenter size-full wp-image-2267\" src=\"http:\/\/www.euroresidentes.com\/empresa\/wp-content\/uploads\/2016\/02\/ramon-pedreno-euroresidentes.jpg\" alt=\"ramon-pedreno-euroresidentes\" width=\"700\" height=\"350\" srcset=\"https:\/\/www.euroresidentes.com\/empresa\/wp-content\/uploads\/2016\/02\/ramon-pedreno-euroresidentes.jpg 700w, https:\/\/www.euroresidentes.com\/empresa\/wp-content\/uploads\/2016\/02\/ramon-pedreno-euroresidentes-300x150.jpg 300w\" sizes=\"auto, (max-width: 700px) 100vw, 700px\" \/><\/a><\/h3>\n<h3 style=\"text-align: center;\">10 cosas sobre m\u00ed<\/h3>\n<p>&nbsp;<\/p>\n<p><span style=\"font-family: inherit;\"><span style=\"font-size: large;\">1.<\/span> Soy Director financiero y estrat\u00e9gico en <b>ITYIS Siglo XXI, S.L.<\/b><\/span><br \/>\n<span style=\"font-family: inherit;\"><br \/>\n<\/span><span style=\"font-family: inherit;\"><span style=\"font-size: large;\">2.<\/span> <b>Formaci\u00f3n<\/b>: Licenciado en ADE, M\u00e1ster en Tributaci\u00f3n, asesor de Empresas, Sistema financiero, Tecnolog\u00eda&#8230; Me gusta estudiar y aprender.<\/span><br \/>\n<span style=\"font-family: inherit;\"><br \/>\n<span style=\"font-size: large;\">3.<\/span> Una vocaci\u00f3n: la <b>Docencia<\/b>. Empec\u00e9 dando clases de Contabilidad en la Universidad San Pablo CEU (Madrid) y actualmente soy profesor de Sistema Financiero en el M\u00e1ster de Econom\u00eda Bancaria de ENAE &#8211; Escuela de Negocios.<\/span><br \/>\n<span style=\"font-family: inherit;\"><br \/>\n<\/span><span style=\"font-family: inherit;\"><span style=\"font-size: large;\">4.<\/span> Nuevas aptitudes: <b>bloggero, youtuber y emprendedor<\/b>, el salto a la econom\u00eda digital.<\/span><br \/>\n<span style=\"font-family: inherit;\"><br \/>\n<span style=\"font-size: large;\">5.<\/span> La <b>Globalizaci\u00f3n<\/b> supone un reto y una motivaci\u00f3n especial. Innovaci\u00f3n, flexibilidad, adaptaci\u00f3n y conocimiento son claves en el futuro<\/span><br \/>\n<span style=\"font-family: inherit;\"><br \/>\n<\/span><span style=\"font-family: inherit;\"><span style=\"font-size: large;\">6.<\/span> Creo en las capacidad de las <b>Personas<\/b> para cambiar sus vidas, entornos e incluso el mundo.<\/span><br \/>\n<span style=\"font-family: inherit;\"><br \/>\n<span style=\"font-size: large;\">7.<\/span> Un entretenimiento: el <b>Cine<\/b>. El s\u00e9ptimo arte me enamor\u00f3 desde que ten\u00eda 3 a\u00f1os. Tres directores: Billy Wilder, Clint Eastwood y Woody Allen. Tres actrices: Audrey Hepburn, Lauren Bacall y Katharine Hepburn. Tres actores: Humphrey Bogart, Cary Grant y Tom Hanks. <\/span><br \/>\n<span style=\"font-family: inherit;\"><br \/>\n<span style=\"font-size: large;\">8.<\/span> Un m\u00fasico: <b>Joaqu\u00edn Sabina<\/b>. A medida que pasan los a\u00f1os (y maduro) entiendo mejor los mensajes de sus canciones.<\/span><br \/>\n<span style=\"font-family: inherit;\"><br \/>\n<span style=\"font-size: large;\">9. <\/span>Mi mayor pasi\u00f3n: <b>mi mujer y mis dos hijos<\/b>. Son el motor de mi vida.<\/span><br \/>\n<span style=\"font-family: inherit;\"><br \/>\n<span style=\"font-size: large;\">10.<\/span> Un tesoro: la <b>Torre de la Horadada<\/b> y mis amigos <b>\u00ab<i>Los Diablillos<\/i>\u00ab<\/b>.<\/span><br \/>\n<span style=\"font-family: inherit;\"><br \/>\n<\/span><\/p>\n<div class=\"separator\" style=\"clear: both; text-align: left;\"><img loading=\"lazy\" decoding=\"async\" class=\"aligncenter\" src=\"https:\/\/3.bp.blogspot.com\/--BysEMYYuyc\/U8zDbPyJgFI\/AAAAAAAAAQY\/Qtl-3Mk8UWw\/s1600\/la+foto+1.JPG\" alt=\"torre de la horadada\" width=\"700\" height=\"525\" border=\"0\" \/><\/div>\n<div class=\"separator\" style=\"clear: both; text-align: left;\"><\/div>\n<hr \/>\n<p><span style=\"font-family: inherit;\">Redes sociales donde me puedes encontrar:<\/span><\/p>\n<ul>\n<li><a href=\"https:\/\/plus.google.com\/105642103022334965248\/posts\" target=\"_blank\">Google+<\/a><\/li>\n<li><a href=\"https:\/\/twitter.com\/RamonPedreno\" target=\"_blank\">Twitter<\/a><\/li>\n<\/ul>\n","protected":false},"excerpt":{"rendered":"<p>&nbsp; 10 cosas sobre m\u00ed &nbsp; 1. Soy Director financiero y estrat\u00e9gico en ITYIS Siglo XXI, S.L. 2. Formaci\u00f3n: Licenciado en ADE, M\u00e1ster en Tributaci\u00f3n, asesor de Empresas, Sistema financiero, Tecnolog\u00eda&#8230; Me gusta estudiar y aprender. 3. Una vocaci\u00f3n: la Docencia. Empec\u00e9 dando clases de Contabilidad en la Universidad San Pablo CEU (Madrid) y actualmente soy profesor de Sistema Financiero en el M\u00e1ster de Econom\u00eda Bancaria de ENAE &#8211; Escuela de Negocios. 4. Nuevas aptitudes: bloggero, youtuber y emprendedor, el salto a la econom\u00eda digital. 5. La Globalizaci\u00f3n supone un reto y una motivaci\u00f3n especial. Innovaci\u00f3n, flexibilidad, adaptaci\u00f3n y conocimiento <\/p>\n","protected":false},"author":1,"featured_media":2268,"parent":0,"menu_order":0,"comment_status":"open","ping_status":"open","template":"page-author.php","meta":{"footnotes":""},"class_list":["post-1990","page","type-page","status-publish","has-post-thumbnail","hentry","has_thumb"],"yoast_head":"<!-- This site is optimized with the Yoast SEO plugin v27.5 - https:\/\/yoast.com\/product\/yoast-seo-wordpress\/ -->\n<title>Ram\u00f3n Pedre\u00f1o Navarro. 10 cosas sobre m\u00ed<\/title>\n<meta name=\"description\" content=\"Ram\u00f3n Pedre\u00f1o es director financiero en euroresidentes, profesor de sistema financiero en ENAE, bloggero, youtuber, emprendedor y le encanta el cine\" \/>\n<meta name=\"robots\" content=\"index, follow, max-snippet:-1, max-image-preview:large, max-video-preview:-1\" \/>\n<link rel=\"canonical\" href=\"https:\/\/www.euroresidentes.com\/empresa\/ramon-pedreno.html\" \/>\n<meta property=\"og:locale\" content=\"es_ES\" \/>\n<meta property=\"og:type\" content=\"article\" \/>\n<meta property=\"og:title\" content=\"Ram\u00f3n Pedre\u00f1o Navarro. 10 cosas sobre m\u00ed\" \/>\n<meta property=\"og:description\" content=\"Ram\u00f3n Pedre\u00f1o es director financiero en euroresidentes, profesor de sistema financiero en ENAE, bloggero, youtuber, emprendedor y le encanta el cine\" \/>\n<meta property=\"og:url\" content=\"https:\/\/www.euroresidentes.com\/empresa\/ramon-pedreno.html\" \/>\n<meta property=\"og:site_name\" content=\"Empresa\" \/>\n<meta property=\"article:publisher\" content=\"https:\/\/www.facebook.com\/empresaemprendedores\/\" \/>\n<meta property=\"article:modified_time\" content=\"2017-12-07T10:44:26+00:00\" \/>\n<meta property=\"og:image\" content=\"https:\/\/www.euroresidentes.com\/empresa\/wp-content\/uploads\/2016\/02\/Foto-Ram\u00f3n-fintech_optimizada.jpg\" \/>\n\t<meta property=\"og:image:width\" content=\"725\" \/>\n\t<meta property=\"og:image:height\" content=\"533\" \/>\n\t<meta property=\"og:image:type\" content=\"image\/jpeg\" \/>\n<meta name=\"twitter:card\" content=\"summary_large_image\" \/>\n<meta name=\"twitter:site\" content=\"@euroresidentes\" \/>\n<meta name=\"twitter:label1\" content=\"Est. reading time\" \/>\n\t<meta name=\"twitter:data1\" content=\"1 minuto\" \/>\n<script type=\"application\/ld+json\" class=\"yoast-schema-graph\">{\"@context\":\"https:\\\/\\\/schema.org\",\"@graph\":[{\"@type\":\"WebPage\",\"@id\":\"https:\\\/\\\/www.euroresidentes.com\\\/empresa\\\/ramon-pedreno.html\",\"url\":\"https:\\\/\\\/www.euroresidentes.com\\\/empresa\\\/ramon-pedreno.html\",\"name\":\"Ram\u00f3n Pedre\u00f1o Navarro. 10 cosas sobre m\u00ed\",\"isPartOf\":{\"@id\":\"https:\\\/\\\/www.euroresidentes.com\\\/empresa\\\/#website\"},\"primaryImageOfPage\":{\"@id\":\"https:\\\/\\\/www.euroresidentes.com\\\/empresa\\\/ramon-pedreno.html#primaryimage\"},\"image\":{\"@id\":\"https:\\\/\\\/www.euroresidentes.com\\\/empresa\\\/ramon-pedreno.html#primaryimage\"},\"thumbnailUrl\":\"https:\\\/\\\/www.euroresidentes.com\\\/empresa\\\/wp-content\\\/uploads\\\/2016\\\/02\\\/Foto-Ram\u00f3n-fintech_optimizada.jpg\",\"datePublished\":\"2016-02-11T12:21:13+00:00\",\"dateModified\":\"2017-12-07T10:44:26+00:00\",\"description\":\"Ram\u00f3n Pedre\u00f1o es director financiero en euroresidentes, profesor de sistema financiero en ENAE, bloggero, youtuber, emprendedor y le encanta el cine\",\"breadcrumb\":{\"@id\":\"https:\\\/\\\/www.euroresidentes.com\\\/empresa\\\/ramon-pedreno.html#breadcrumb\"},\"inLanguage\":\"es\",\"potentialAction\":[{\"@type\":\"ReadAction\",\"target\":[\"https:\\\/\\\/www.euroresidentes.com\\\/empresa\\\/ramon-pedreno.html\"]}]},{\"@type\":\"ImageObject\",\"inLanguage\":\"es\",\"@id\":\"https:\\\/\\\/www.euroresidentes.com\\\/empresa\\\/ramon-pedreno.html#primaryimage\",\"url\":\"https:\\\/\\\/www.euroresidentes.com\\\/empresa\\\/wp-content\\\/uploads\\\/2016\\\/02\\\/Foto-Ram\u00f3n-fintech_optimizada.jpg\",\"contentUrl\":\"https:\\\/\\\/www.euroresidentes.com\\\/empresa\\\/wp-content\\\/uploads\\\/2016\\\/02\\\/Foto-Ram\u00f3n-fintech_optimizada.jpg\",\"width\":725,\"height\":533},{\"@type\":\"BreadcrumbList\",\"@id\":\"https:\\\/\\\/www.euroresidentes.com\\\/empresa\\\/ramon-pedreno.html#breadcrumb\",\"itemListElement\":[{\"@type\":\"ListItem\",\"position\":1,\"name\":\"Portada\",\"item\":\"https:\\\/\\\/www.euroresidentes.com\\\/empresa\\\/\"},{\"@type\":\"ListItem\",\"position\":2,\"name\":\"Ram\u00f3n Pedre\u00f1o\"}]},{\"@type\":\"WebSite\",\"@id\":\"https:\\\/\\\/www.euroresidentes.com\\\/empresa\\\/#website\",\"url\":\"https:\\\/\\\/www.euroresidentes.com\\\/empresa\\\/\",\"name\":\"Empresa\",\"description\":\"Empresa\",\"potentialAction\":[{\"@type\":\"SearchAction\",\"target\":{\"@type\":\"EntryPoint\",\"urlTemplate\":\"https:\\\/\\\/www.euroresidentes.com\\\/empresa\\\/?s={search_term_string}\"},\"query-input\":{\"@type\":\"PropertyValueSpecification\",\"valueRequired\":true,\"valueName\":\"search_term_string\"}}],\"inLanguage\":\"es\"}]}<\/script>\n<!-- \/ Yoast SEO plugin. -->","yoast_head_json":{"title":"Ram\u00f3n Pedre\u00f1o Navarro. 10 cosas sobre m\u00ed","description":"Ram\u00f3n Pedre\u00f1o es director financiero en euroresidentes, profesor de sistema financiero en ENAE, bloggero, youtuber, emprendedor y le encanta el cine","robots":{"index":"index","follow":"follow","max-snippet":"max-snippet:-1","max-image-preview":"max-image-preview:large","max-video-preview":"max-video-preview:-1"},"canonical":"https:\/\/www.euroresidentes.com\/empresa\/ramon-pedreno.html","og_locale":"es_ES","og_type":"article","og_title":"Ram\u00f3n Pedre\u00f1o Navarro. 10 cosas sobre m\u00ed","og_description":"Ram\u00f3n Pedre\u00f1o es director financiero en euroresidentes, profesor de sistema financiero en ENAE, bloggero, youtuber, emprendedor y le encanta el cine","og_url":"https:\/\/www.euroresidentes.com\/empresa\/ramon-pedreno.html","og_site_name":"Empresa","article_publisher":"https:\/\/www.facebook.com\/empresaemprendedores\/","article_modified_time":"2017-12-07T10:44:26+00:00","og_image":[{"width":725,"height":533,"url":"https:\/\/www.euroresidentes.com\/empresa\/wp-content\/uploads\/2016\/02\/Foto-Ram\u00f3n-fintech_optimizada.jpg","type":"image\/jpeg"}],"twitter_card":"summary_large_image","twitter_site":"@euroresidentes","twitter_misc":{"Est. reading time":"1 minuto"},"schema":{"@context":"https:\/\/schema.org","@graph":[{"@type":"WebPage","@id":"https:\/\/www.euroresidentes.com\/empresa\/ramon-pedreno.html","url":"https:\/\/www.euroresidentes.com\/empresa\/ramon-pedreno.html","name":"Ram\u00f3n Pedre\u00f1o Navarro. 10 cosas sobre m\u00ed","isPartOf":{"@id":"https:\/\/www.euroresidentes.com\/empresa\/#website"},"primaryImageOfPage":{"@id":"https:\/\/www.euroresidentes.com\/empresa\/ramon-pedreno.html#primaryimage"},"image":{"@id":"https:\/\/www.euroresidentes.com\/empresa\/ramon-pedreno.html#primaryimage"},"thumbnailUrl":"https:\/\/www.euroresidentes.com\/empresa\/wp-content\/uploads\/2016\/02\/Foto-Ram\u00f3n-fintech_optimizada.jpg","datePublished":"2016-02-11T12:21:13+00:00","dateModified":"2017-12-07T10:44:26+00:00","description":"Ram\u00f3n Pedre\u00f1o es director financiero en euroresidentes, profesor de sistema financiero en ENAE, bloggero, youtuber, emprendedor y le encanta el cine","breadcrumb":{"@id":"https:\/\/www.euroresidentes.com\/empresa\/ramon-pedreno.html#breadcrumb"},"inLanguage":"es","potentialAction":[{"@type":"ReadAction","target":["https:\/\/www.euroresidentes.com\/empresa\/ramon-pedreno.html"]}]},{"@type":"ImageObject","inLanguage":"es","@id":"https:\/\/www.euroresidentes.com\/empresa\/ramon-pedreno.html#primaryimage","url":"https:\/\/www.euroresidentes.com\/empresa\/wp-content\/uploads\/2016\/02\/Foto-Ram\u00f3n-fintech_optimizada.jpg","contentUrl":"https:\/\/www.euroresidentes.com\/empresa\/wp-content\/uploads\/2016\/02\/Foto-Ram\u00f3n-fintech_optimizada.jpg","width":725,"height":533},{"@type":"BreadcrumbList","@id":"https:\/\/www.euroresidentes.com\/empresa\/ramon-pedreno.html#breadcrumb","itemListElement":[{"@type":"ListItem","position":1,"name":"Portada","item":"https:\/\/www.euroresidentes.com\/empresa\/"},{"@type":"ListItem","position":2,"name":"Ram\u00f3n Pedre\u00f1o"}]},{"@type":"WebSite","@id":"https:\/\/www.euroresidentes.com\/empresa\/#website","url":"https:\/\/www.euroresidentes.com\/empresa\/","name":"Empresa","description":"Empresa","potentialAction":[{"@type":"SearchAction","target":{"@type":"EntryPoint","urlTemplate":"https:\/\/www.euroresidentes.com\/empresa\/?s={search_term_string}"},"query-input":{"@type":"PropertyValueSpecification","valueRequired":true,"valueName":"search_term_string"}}],"inLanguage":"es"}]}},"_links":{"self":[{"href":"https:\/\/www.euroresidentes.com\/empresa\/wp-json\/wp\/v2\/pages\/1990","targetHints":{"allow":["GET"]}}],"collection":[{"href":"https:\/\/www.euroresidentes.com\/empresa\/wp-json\/wp\/v2\/pages"}],"about":[{"href":"https:\/\/www.euroresidentes.com\/empresa\/wp-json\/wp\/v2\/types\/page"}],"author":[{"embeddable":true,"href":"https:\/\/www.euroresidentes.com\/empresa\/wp-json\/wp\/v2\/users\/1"}],"replies":[{"embeddable":true,"href":"https:\/\/www.euroresidentes.com\/empresa\/wp-json\/wp\/v2\/comments?post=1990"}],"version-history":[{"count":17,"href":"https:\/\/www.euroresidentes.com\/empresa\/wp-json\/wp\/v2\/pages\/1990\/revisions"}],"predecessor-version":[{"id":2317,"href":"https:\/\/www.euroresidentes.com\/empresa\/wp-json\/wp\/v2\/pages\/1990\/revisions\/2317"}],"wp:featuredmedia":[{"embeddable":true,"href":"https:\/\/www.euroresidentes.com\/empresa\/wp-json\/wp\/v2\/media\/2268"}],"wp:attachment":[{"href":"https:\/\/www.euroresidentes.com\/empresa\/wp-json\/wp\/v2\/media?parent=1990"}],"curies":[{"name":"wp","href":"https:\/\/api.w.org\/{rel}","templated":true}]}}