
{"id":1903,"date":"2016-01-20T10:55:42","date_gmt":"2016-01-20T10:55:42","guid":{"rendered":"https:\/\/wp.euroresidentes.com\/empresa\/?page_id=1903"},"modified":"2016-08-24T11:45:27","modified_gmt":"2016-08-24T09:45:27","slug":"jorge-hernandez","status":"publish","type":"page","link":"https:\/\/www.euroresidentes.com\/empresa\/jorge-hernandez.html","title":{"rendered":"Jorge Hern\u00e1ndez"},"content":{"rendered":"<div><a href=\"http:\/\/www.euroresidentes.com\/empresa\/wp-content\/uploads\/2016\/01\/Jorge_Hernandez.jpg\"><img loading=\"lazy\" decoding=\"async\" class=\"wp-image-1890 size-full aligncenter\" src=\"http:\/\/www.euroresidentes.com\/empresa\/wp-content\/uploads\/2016\/01\/Jorge_Hernandez.jpg\" alt=\"\" width=\"170\" height=\"170\" srcset=\"https:\/\/www.euroresidentes.com\/empresa\/wp-content\/uploads\/2016\/01\/Jorge_Hernandez.jpg 170w, https:\/\/www.euroresidentes.com\/empresa\/wp-content\/uploads\/2016\/01\/Jorge_Hernandez-150x150.jpg 150w, https:\/\/www.euroresidentes.com\/empresa\/wp-content\/uploads\/2016\/01\/Jorge_Hernandez-75x75.jpg 75w\" sizes=\"auto, (max-width: 170px) 100vw, 170px\" \/><\/a><\/div>\n<h2 style=\"text-align: center;\">\n10 cosas sobre\u00a0m\u00ed<\/h2>\n<p><span style=\"font-size: large;\">1.<\/span> <b>Experiencia laboral<\/b>. Trabajo en Solvia (Alicante) y anteriormente fui responsable de Planificaci\u00f3n Financiera y Reporting en el Grupo Digitex (Madrid) y analista financiero en el \u00e1rea de valoraci\u00f3n y business modelling del departamento de Financial Advisory de Deloitte (Madrid).<\/p>\n<p><span style=\"font-size: large;\">2<\/span>. <b>Formaci\u00f3n<\/b>. Licenciado en Ciencias Econ\u00f3micas (2007), M\u00e1ster en Banca y Finanzas (AFI, 2008), M\u00e1ster en Corporate Finance y Banca de Inversi\u00f3n (IEB, 2011) y M\u00e1ster en Auditor\u00eda y Desarrollo Directivo (ICADE-Deloitte, 2012).<\/p>\n<p><span style=\"font-size: large;\">3<\/span>. <b>Una vocaci\u00f3n<\/b>. Las finanzas corporativas, especialmente la valoraci\u00f3n de empresas. Cuento con m\u00e1s de 6 a\u00f1os de experiencia en la prestaci\u00f3n de servicios profesionales en \u00e1reas como consultor\u00eda estrat\u00e9gica, auditor\u00eda, valoraci\u00f3n de empresas, elaboraci\u00f3n y revisi\u00f3n de modelos de negocio y asesoramiento en proyectos de inversi\u00f3n en distintos sectores.<\/p>\n<p><span style=\"font-size: large;\">4<\/span>. <b>Mis aptitudes<\/b>. Me considero una persona proactiva y din\u00e1mica, con una elevada capacidad de interlocuci\u00f3n y liderazgo. Acostumbrado a trabajar en equipo y bajo presi\u00f3n para cumplir objetivos y plazos tanto a nivel individual como colectivo. Esp\u00edritu emprendedor e iniciativa.<\/p>\n<p><span style=\"font-size: large;\">5<\/span>. <b>Valoraci\u00f3n de empresas<\/b>. Una mezcla de t\u00e9cnica y arte que mejora con la experiencia.<\/p>\n<div><span style=\"font-size: large;\">6<\/span>. <b>Mis pasatiempos<\/b>. Viajar, viajar, viajar&#8230; y la playa.<\/div>\n<p><span style=\"font-size: large;\">7<\/span>. <b>Mis pilares<\/b>. ROC\u00cdO, mi familia y mis amigos.<\/p>\n<p><span style=\"font-size: large;\">8<\/span>. <b>Mis lugares<\/b>. Mi ciudad, Cartagena; la ciudad, Nueva York; mi isla, Formentera.<\/p>\n<p><span style=\"font-size: large;\">9<\/span>. <b>Un viaje<\/b>. Koh Yao Noi, Siem Reap, Bangkok y Laamu.<\/p>\n<p><span style=\"font-size: large;\">10<\/span>. <b>Un sue\u00f1o<\/b>. La vuelta al mundo con mi mujer.<\/p>\n","protected":false},"excerpt":{"rendered":"<p>10 cosas sobre\u00a0m\u00ed 1. Experiencia laboral. Trabajo en Solvia (Alicante) y anteriormente fui responsable de Planificaci\u00f3n Financiera y Reporting en el Grupo Digitex (Madrid) y analista financiero en el \u00e1rea de valoraci\u00f3n y business modelling del departamento de Financial Advisory de Deloitte (Madrid). 2. Formaci\u00f3n. Licenciado en Ciencias Econ\u00f3micas (2007), M\u00e1ster en Banca y Finanzas (AFI, 2008), M\u00e1ster en Corporate Finance y Banca de Inversi\u00f3n (IEB, 2011) y M\u00e1ster en Auditor\u00eda y Desarrollo Directivo (ICADE-Deloitte, 2012). 3. Una vocaci\u00f3n. Las finanzas corporativas, especialmente la valoraci\u00f3n de empresas. Cuento con m\u00e1s de 6 a\u00f1os de experiencia en la prestaci\u00f3n de servicios <\/p>\n","protected":false},"author":1,"featured_media":1890,"parent":0,"menu_order":0,"comment_status":"open","ping_status":"open","template":"page-author.php","meta":{"footnotes":""},"class_list":["post-1903","page","type-page","status-publish","has-post-thumbnail","hentry","has_thumb"],"yoast_head":"<!-- This site is optimized with the Yoast SEO plugin v27.5 - https:\/\/yoast.com\/product\/yoast-seo-wordpress\/ -->\n<title>Autor Jorge Hern\u00e1ndez 10 cosas sobre m\u00ed<\/title>\n<meta name=\"description\" content=\"Tengo m\u00e1s de 6 a\u00f1os de experiencia en valoraci\u00f3n de empresas, una mezcla de t\u00e9cnica y arte que mejora con la experiencia. Cartagena, Nueva York y Formentera\" \/>\n<meta name=\"robots\" content=\"index, follow, max-snippet:-1, max-image-preview:large, max-video-preview:-1\" \/>\n<link rel=\"canonical\" href=\"https:\/\/www.euroresidentes.com\/empresa\/jorge-hernandez.html\" \/>\n<meta property=\"og:locale\" content=\"es_ES\" \/>\n<meta property=\"og:type\" content=\"article\" \/>\n<meta property=\"og:title\" content=\"Autor Jorge Hern\u00e1ndez 10 cosas sobre m\u00ed\" \/>\n<meta property=\"og:description\" content=\"Tengo m\u00e1s de 6 a\u00f1os de experiencia en valoraci\u00f3n de empresas, una mezcla de t\u00e9cnica y arte que mejora con la experiencia. Cartagena, Nueva York y Formentera\" \/>\n<meta property=\"og:url\" content=\"https:\/\/www.euroresidentes.com\/empresa\/jorge-hernandez.html\" \/>\n<meta property=\"og:site_name\" content=\"Empresa\" \/>\n<meta property=\"article:publisher\" content=\"https:\/\/www.facebook.com\/empresaemprendedores\/\" \/>\n<meta property=\"article:modified_time\" content=\"2016-08-24T09:45:27+00:00\" \/>\n<meta property=\"og:image\" content=\"https:\/\/www.euroresidentes.com\/empresa\/wp-content\/uploads\/2016\/01\/Jorge_Hernandez.jpg\" \/>\n\t<meta property=\"og:image:width\" content=\"170\" \/>\n\t<meta property=\"og:image:height\" content=\"170\" \/>\n\t<meta property=\"og:image:type\" content=\"image\/jpeg\" \/>\n<meta name=\"twitter:card\" content=\"summary_large_image\" \/>\n<meta name=\"twitter:site\" content=\"@euroresidentes\" \/>\n<meta name=\"twitter:label1\" content=\"Est. reading time\" \/>\n\t<meta name=\"twitter:data1\" content=\"1 minuto\" \/>\n<script type=\"application\/ld+json\" class=\"yoast-schema-graph\">{\"@context\":\"https:\\\/\\\/schema.org\",\"@graph\":[{\"@type\":\"WebPage\",\"@id\":\"https:\\\/\\\/www.euroresidentes.com\\\/empresa\\\/jorge-hernandez.html\",\"url\":\"https:\\\/\\\/www.euroresidentes.com\\\/empresa\\\/jorge-hernandez.html\",\"name\":\"Autor Jorge Hern\u00e1ndez 10 cosas sobre m\u00ed\",\"isPartOf\":{\"@id\":\"https:\\\/\\\/www.euroresidentes.com\\\/empresa\\\/#website\"},\"primaryImageOfPage\":{\"@id\":\"https:\\\/\\\/www.euroresidentes.com\\\/empresa\\\/jorge-hernandez.html#primaryimage\"},\"image\":{\"@id\":\"https:\\\/\\\/www.euroresidentes.com\\\/empresa\\\/jorge-hernandez.html#primaryimage\"},\"thumbnailUrl\":\"https:\\\/\\\/www.euroresidentes.com\\\/empresa\\\/wp-content\\\/uploads\\\/2016\\\/01\\\/Jorge_Hernandez.jpg\",\"datePublished\":\"2016-01-20T10:55:42+00:00\",\"dateModified\":\"2016-08-24T09:45:27+00:00\",\"description\":\"Tengo m\u00e1s de 6 a\u00f1os de experiencia en valoraci\u00f3n de empresas, una mezcla de t\u00e9cnica y arte que mejora con la experiencia. Cartagena, Nueva York y Formentera\",\"breadcrumb\":{\"@id\":\"https:\\\/\\\/www.euroresidentes.com\\\/empresa\\\/jorge-hernandez.html#breadcrumb\"},\"inLanguage\":\"es\",\"potentialAction\":[{\"@type\":\"ReadAction\",\"target\":[\"https:\\\/\\\/www.euroresidentes.com\\\/empresa\\\/jorge-hernandez.html\"]}]},{\"@type\":\"ImageObject\",\"inLanguage\":\"es\",\"@id\":\"https:\\\/\\\/www.euroresidentes.com\\\/empresa\\\/jorge-hernandez.html#primaryimage\",\"url\":\"https:\\\/\\\/www.euroresidentes.com\\\/empresa\\\/wp-content\\\/uploads\\\/2016\\\/01\\\/Jorge_Hernandez.jpg\",\"contentUrl\":\"https:\\\/\\\/www.euroresidentes.com\\\/empresa\\\/wp-content\\\/uploads\\\/2016\\\/01\\\/Jorge_Hernandez.jpg\",\"width\":170,\"height\":170},{\"@type\":\"BreadcrumbList\",\"@id\":\"https:\\\/\\\/www.euroresidentes.com\\\/empresa\\\/jorge-hernandez.html#breadcrumb\",\"itemListElement\":[{\"@type\":\"ListItem\",\"position\":1,\"name\":\"Portada\",\"item\":\"https:\\\/\\\/www.euroresidentes.com\\\/empresa\\\/\"},{\"@type\":\"ListItem\",\"position\":2,\"name\":\"Jorge Hern\u00e1ndez\"}]},{\"@type\":\"WebSite\",\"@id\":\"https:\\\/\\\/www.euroresidentes.com\\\/empresa\\\/#website\",\"url\":\"https:\\\/\\\/www.euroresidentes.com\\\/empresa\\\/\",\"name\":\"Empresa\",\"description\":\"Empresa\",\"potentialAction\":[{\"@type\":\"SearchAction\",\"target\":{\"@type\":\"EntryPoint\",\"urlTemplate\":\"https:\\\/\\\/www.euroresidentes.com\\\/empresa\\\/?s={search_term_string}\"},\"query-input\":{\"@type\":\"PropertyValueSpecification\",\"valueRequired\":true,\"valueName\":\"search_term_string\"}}],\"inLanguage\":\"es\"}]}<\/script>\n<!-- \/ Yoast SEO plugin. -->","yoast_head_json":{"title":"Autor Jorge Hern\u00e1ndez 10 cosas sobre m\u00ed","description":"Tengo m\u00e1s de 6 a\u00f1os de experiencia en valoraci\u00f3n de empresas, una mezcla de t\u00e9cnica y arte que mejora con la experiencia. Cartagena, Nueva York y Formentera","robots":{"index":"index","follow":"follow","max-snippet":"max-snippet:-1","max-image-preview":"max-image-preview:large","max-video-preview":"max-video-preview:-1"},"canonical":"https:\/\/www.euroresidentes.com\/empresa\/jorge-hernandez.html","og_locale":"es_ES","og_type":"article","og_title":"Autor Jorge Hern\u00e1ndez 10 cosas sobre m\u00ed","og_description":"Tengo m\u00e1s de 6 a\u00f1os de experiencia en valoraci\u00f3n de empresas, una mezcla de t\u00e9cnica y arte que mejora con la experiencia. Cartagena, Nueva York y Formentera","og_url":"https:\/\/www.euroresidentes.com\/empresa\/jorge-hernandez.html","og_site_name":"Empresa","article_publisher":"https:\/\/www.facebook.com\/empresaemprendedores\/","article_modified_time":"2016-08-24T09:45:27+00:00","og_image":[{"width":170,"height":170,"url":"https:\/\/www.euroresidentes.com\/empresa\/wp-content\/uploads\/2016\/01\/Jorge_Hernandez.jpg","type":"image\/jpeg"}],"twitter_card":"summary_large_image","twitter_site":"@euroresidentes","twitter_misc":{"Est. reading time":"1 minuto"},"schema":{"@context":"https:\/\/schema.org","@graph":[{"@type":"WebPage","@id":"https:\/\/www.euroresidentes.com\/empresa\/jorge-hernandez.html","url":"https:\/\/www.euroresidentes.com\/empresa\/jorge-hernandez.html","name":"Autor Jorge Hern\u00e1ndez 10 cosas sobre m\u00ed","isPartOf":{"@id":"https:\/\/www.euroresidentes.com\/empresa\/#website"},"primaryImageOfPage":{"@id":"https:\/\/www.euroresidentes.com\/empresa\/jorge-hernandez.html#primaryimage"},"image":{"@id":"https:\/\/www.euroresidentes.com\/empresa\/jorge-hernandez.html#primaryimage"},"thumbnailUrl":"https:\/\/www.euroresidentes.com\/empresa\/wp-content\/uploads\/2016\/01\/Jorge_Hernandez.jpg","datePublished":"2016-01-20T10:55:42+00:00","dateModified":"2016-08-24T09:45:27+00:00","description":"Tengo m\u00e1s de 6 a\u00f1os de experiencia en valoraci\u00f3n de empresas, una mezcla de t\u00e9cnica y arte que mejora con la experiencia. Cartagena, Nueva York y Formentera","breadcrumb":{"@id":"https:\/\/www.euroresidentes.com\/empresa\/jorge-hernandez.html#breadcrumb"},"inLanguage":"es","potentialAction":[{"@type":"ReadAction","target":["https:\/\/www.euroresidentes.com\/empresa\/jorge-hernandez.html"]}]},{"@type":"ImageObject","inLanguage":"es","@id":"https:\/\/www.euroresidentes.com\/empresa\/jorge-hernandez.html#primaryimage","url":"https:\/\/www.euroresidentes.com\/empresa\/wp-content\/uploads\/2016\/01\/Jorge_Hernandez.jpg","contentUrl":"https:\/\/www.euroresidentes.com\/empresa\/wp-content\/uploads\/2016\/01\/Jorge_Hernandez.jpg","width":170,"height":170},{"@type":"BreadcrumbList","@id":"https:\/\/www.euroresidentes.com\/empresa\/jorge-hernandez.html#breadcrumb","itemListElement":[{"@type":"ListItem","position":1,"name":"Portada","item":"https:\/\/www.euroresidentes.com\/empresa\/"},{"@type":"ListItem","position":2,"name":"Jorge Hern\u00e1ndez"}]},{"@type":"WebSite","@id":"https:\/\/www.euroresidentes.com\/empresa\/#website","url":"https:\/\/www.euroresidentes.com\/empresa\/","name":"Empresa","description":"Empresa","potentialAction":[{"@type":"SearchAction","target":{"@type":"EntryPoint","urlTemplate":"https:\/\/www.euroresidentes.com\/empresa\/?s={search_term_string}"},"query-input":{"@type":"PropertyValueSpecification","valueRequired":true,"valueName":"search_term_string"}}],"inLanguage":"es"}]}},"_links":{"self":[{"href":"https:\/\/www.euroresidentes.com\/empresa\/wp-json\/wp\/v2\/pages\/1903","targetHints":{"allow":["GET"]}}],"collection":[{"href":"https:\/\/www.euroresidentes.com\/empresa\/wp-json\/wp\/v2\/pages"}],"about":[{"href":"https:\/\/www.euroresidentes.com\/empresa\/wp-json\/wp\/v2\/types\/page"}],"author":[{"embeddable":true,"href":"https:\/\/www.euroresidentes.com\/empresa\/wp-json\/wp\/v2\/users\/1"}],"replies":[{"embeddable":true,"href":"https:\/\/www.euroresidentes.com\/empresa\/wp-json\/wp\/v2\/comments?post=1903"}],"version-history":[{"count":18,"href":"https:\/\/www.euroresidentes.com\/empresa\/wp-json\/wp\/v2\/pages\/1903\/revisions"}],"predecessor-version":[{"id":2217,"href":"https:\/\/www.euroresidentes.com\/empresa\/wp-json\/wp\/v2\/pages\/1903\/revisions\/2217"}],"wp:featuredmedia":[{"embeddable":true,"href":"https:\/\/www.euroresidentes.com\/empresa\/wp-json\/wp\/v2\/media\/1890"}],"wp:attachment":[{"href":"https:\/\/www.euroresidentes.com\/empresa\/wp-json\/wp\/v2\/media?parent=1903"}],"curies":[{"name":"wp","href":"https:\/\/api.w.org\/{rel}","templated":true}]}}