
{"id":1901,"date":"2016-01-20T10:52:31","date_gmt":"2016-01-20T10:52:31","guid":{"rendered":"https:\/\/wp.euroresidentes.com\/empresa\/?page_id=1901"},"modified":"2017-06-20T19:54:23","modified_gmt":"2017-06-20T17:54:23","slug":"sobre-andres-pedreno","status":"publish","type":"page","link":"https:\/\/www.euroresidentes.com\/empresa\/sobre-andres-pedreno.html","title":{"rendered":"Andr\u00e9s Pedre\u00f1o Mu\u00f1oz"},"content":{"rendered":"<p>Andr\u00e9s Pedre\u00f1o es universitario (catedr\u00e1tico de econom\u00eda) y emprendedor (cofundador de IT&amp;IS)<\/p>\n<div class=\"separator\" style=\"clear: both; text-align: center;\"><a href=\"http:\/\/www.euroresidentes.com\/empresa\/wp-content\/uploads\/2016\/01\/andres-pedreno.jpg\"><img loading=\"lazy\" decoding=\"async\" class=\"aligncenter size-full wp-image-2212\" src=\"http:\/\/www.euroresidentes.com\/empresa\/wp-content\/uploads\/2016\/01\/andres-pedreno.jpg\" alt=\"Andr\u00e9s Pedre\u00f1o Mu\u00f1oz\" width=\"700\" height=\"525\" srcset=\"https:\/\/www.euroresidentes.com\/empresa\/wp-content\/uploads\/2016\/01\/andres-pedreno.jpg 700w, https:\/\/www.euroresidentes.com\/empresa\/wp-content\/uploads\/2016\/01\/andres-pedreno-300x225.jpg 300w, https:\/\/www.euroresidentes.com\/empresa\/wp-content\/uploads\/2016\/01\/andres-pedreno-396x297.jpg 396w\" sizes=\"auto, (max-width: 700px) 100vw, 700px\" \/><\/a><\/div>\n<h3 style=\"text-align: center;\">10 cosas sobre Andr\u00e9s Pedre\u00f1o<\/h3>\n<h4 style=\"text-align: center;\">(por el el equipo IT&amp;IS)<\/h4>\n<p><strong>1.<\/strong> Le toc\u00f3 reinventarse desde los 13 a\u00f1os (y lleva casi 50 sin parar de hacerlo). Desde hacer labores agr\u00edcolas a los 13, ser botones y recepcionista de hotel en la adolescencia.<\/p>\n<p><strong>2.<\/strong> Cuando acab\u00f3 su licenciatura universitaria en Econ\u00f3micas, mont\u00f3 un peque\u00f1o restaurante con compa\u00f1eros de carrera y aprendi\u00f3 a respetar lo que es llevar bien un peque\u00f1o negocio.<\/p>\n<p><strong>3.<\/strong>\u00a0Ama con locura a la Universidad, pero se siente cr\u00edtico de que en nuestras universidades no haya cultura en favor del emprendimiento y no sean instituciones capaces de asimilar m\u00e1s r\u00e1pidamente los cambios de nuestro tiempo.<\/p>\n<p><strong>4.<\/strong> Ha escrito algunos libros (incluso cre\u00f3 una biblioteca virtual), ha plantado \u00e1rboles y ha tenido cuatro hijos.<\/p>\n<p><strong>5.<\/strong> Le gusta emprender nuevos proyectos. Compartir conocimientos e hibridar disciplinas muy diferentes. Como otros piensa que el \u00e9xito de un proyecto descansa en un porcentaje muy alto en la \u00ab<b>inteligencia ejecutiva<\/b>\u00ab. Apoya activamente las TIC y la sociedad del conocimiento.<\/p>\n<p><strong>6.<\/strong> Le tiene fobia al protocolo y quiz\u00e1s no le faltan motivos. Si puede, evita los actos sociales.<\/p>\n<p><strong>7.<\/strong> Tuvo el privilegio de trabajar cuatro a\u00f1os en un proyecto digital universitario del B. Santander que involucr\u00f3 a m\u00e1s de 800 universidades y en 10 pa\u00edses (ocho de Am\u00e9rica Latina), sin parar de coger aviones.<\/p>\n<p><strong>8.<\/strong> Le gusta tanto cocinar que co-fund\u00f3 con Rebecca Rippin <i>mis-recetas.org<\/i> (hoy cookpad). A sus hijos, aparte de la fondue de queso, les gusta su\u00a0pollo a la cerveza y su mousse de chocolate.<\/p>\n<p><strong>9.<\/strong> Cree que en este siglo cada dos a\u00f1os habr\u00e1 una innovaci\u00f3n altamente disruptiva de \u00e1mbito mundial. La Inteligencia Artificial, la nanotecnolog\u00eda, la biolog\u00eda, la computaci\u00f3n cu\u00e1ntica, impresi\u00f3n 3D, IoT&#8230; Por eso estudia todo lo que puede estos sectores y a veces hasta se atreve con la prospectiva.<\/p>\n<p><strong>10.<\/strong> Le gustan los pueblos peque\u00f1os, el \u00e1mbito rural y los sitios donde se ven con claridad las estrellas.<\/p>\n<p>&nbsp;<\/p>\n<p style=\"text-align: center;\"><a href=\"http:\/\/4.bp.blogspot.com\/-dbX4nO5B7js\/U2FsFF9TDmI\/AAAAAAAANhE\/Mq3QSOAOX-Q\/s1600\/la+foto+(52).JPG\"><img loading=\"lazy\" decoding=\"async\" src=\"http:\/\/4.bp.blogspot.com\/-dbX4nO5B7js\/U2FsFF9TDmI\/AAAAAAAANhE\/Mq3QSOAOX-Q\/s1600\/la+foto+(52).JPG\" alt=\"\" width=\"400\" height=\"298\" border=\"0\" \/><\/a><\/p>\n<p>&#8211;\u00a0<a href=\"https:\/\/www.euroresidentes.com\/empresa\/innovacion\/\" target=\"_blank\">Blog de Andr\u00e9s Pedre\u00f1o<\/a><\/p>\n<p>&#8211; Para m\u00e1s informaci\u00f3n puede verse en su p\u00e1gina pesonal:\u00a0<a href=\"http:\/\/andrespedreno.com\/\" target=\"_blank\">Andr\u00e9s Pedre\u00f1o Mu\u00f1oz.<\/a><\/p>\n","protected":false},"excerpt":{"rendered":"<p>Andr\u00e9s Pedre\u00f1o es universitario (catedr\u00e1tico de econom\u00eda) y emprendedor (cofundador de IT&amp;IS) 10 cosas sobre Andr\u00e9s Pedre\u00f1o (por el el equipo IT&amp;IS) 1. Le toc\u00f3 reinventarse desde los 13 a\u00f1os (y lleva casi 50 sin parar de hacerlo). Desde hacer labores agr\u00edcolas a los 13, ser botones y recepcionista de hotel en la adolescencia. 2. Cuando acab\u00f3 su licenciatura universitaria en Econ\u00f3micas, mont\u00f3 un peque\u00f1o restaurante con compa\u00f1eros de carrera y aprendi\u00f3 a respetar lo que es llevar bien un peque\u00f1o negocio. 3.\u00a0Ama con locura a la Universidad, pero se siente cr\u00edtico de que en nuestras universidades no haya cultura <\/p>\n","protected":false},"author":1,"featured_media":2212,"parent":0,"menu_order":0,"comment_status":"open","ping_status":"open","template":"page-author.php","meta":{"footnotes":""},"class_list":["post-1901","page","type-page","status-publish","has-post-thumbnail","hentry","has_thumb"],"yoast_head":"<!-- This site is optimized with the Yoast SEO plugin v27.6 - https:\/\/yoast.com\/product\/yoast-seo-wordpress\/ -->\n<title>Andr\u00e9s Pedre\u00f1o Mu\u00f1oz - Empresa<\/title>\n<meta name=\"description\" content=\"Andr\u00e9s Pedre\u00f1o, catedr\u00e1tico de Econom\u00eda Aplicada y conocedor de Internet y la sociedad de la informaci\u00f3n, reinventor constante.\" \/>\n<meta name=\"robots\" content=\"index, follow, max-snippet:-1, max-image-preview:large, max-video-preview:-1\" \/>\n<link rel=\"canonical\" href=\"https:\/\/www.euroresidentes.com\/empresa\/sobre-andres-pedreno.html\" \/>\n<meta property=\"og:locale\" content=\"es_ES\" \/>\n<meta property=\"og:type\" content=\"article\" \/>\n<meta property=\"og:title\" content=\"Andr\u00e9s Pedre\u00f1o Mu\u00f1oz - Empresa\" \/>\n<meta property=\"og:description\" content=\"Andr\u00e9s Pedre\u00f1o, catedr\u00e1tico de Econom\u00eda Aplicada y conocedor de Internet y la sociedad de la informaci\u00f3n, reinventor constante.\" \/>\n<meta property=\"og:url\" content=\"https:\/\/www.euroresidentes.com\/empresa\/sobre-andres-pedreno.html\" \/>\n<meta property=\"og:site_name\" content=\"Empresa\" \/>\n<meta property=\"article:publisher\" content=\"https:\/\/www.facebook.com\/empresaemprendedores\/\" \/>\n<meta property=\"article:modified_time\" content=\"2017-06-20T17:54:23+00:00\" \/>\n<meta property=\"og:image\" content=\"https:\/\/www.euroresidentes.com\/empresa\/wp-content\/uploads\/2016\/01\/andres-pedreno.jpg\" \/>\n\t<meta property=\"og:image:width\" content=\"700\" \/>\n\t<meta property=\"og:image:height\" content=\"525\" \/>\n\t<meta property=\"og:image:type\" content=\"image\/jpeg\" \/>\n<meta name=\"twitter:card\" content=\"summary_large_image\" \/>\n<meta name=\"twitter:site\" content=\"@euroresidentes\" \/>\n<meta name=\"twitter:label1\" content=\"Est. reading time\" \/>\n\t<meta name=\"twitter:data1\" content=\"2 minutos\" \/>\n<script type=\"application\/ld+json\" class=\"yoast-schema-graph\">{\"@context\":\"https:\\\/\\\/schema.org\",\"@graph\":[{\"@type\":\"WebPage\",\"@id\":\"https:\\\/\\\/www.euroresidentes.com\\\/empresa\\\/sobre-andres-pedreno.html\",\"url\":\"https:\\\/\\\/www.euroresidentes.com\\\/empresa\\\/sobre-andres-pedreno.html\",\"name\":\"Andr\u00e9s Pedre\u00f1o Mu\u00f1oz - Empresa\",\"isPartOf\":{\"@id\":\"https:\\\/\\\/www.euroresidentes.com\\\/empresa\\\/#website\"},\"primaryImageOfPage\":{\"@id\":\"https:\\\/\\\/www.euroresidentes.com\\\/empresa\\\/sobre-andres-pedreno.html#primaryimage\"},\"image\":{\"@id\":\"https:\\\/\\\/www.euroresidentes.com\\\/empresa\\\/sobre-andres-pedreno.html#primaryimage\"},\"thumbnailUrl\":\"https:\\\/\\\/www.euroresidentes.com\\\/empresa\\\/wp-content\\\/uploads\\\/2016\\\/01\\\/andres-pedreno.jpg\",\"datePublished\":\"2016-01-20T10:52:31+00:00\",\"dateModified\":\"2017-06-20T17:54:23+00:00\",\"description\":\"Andr\u00e9s Pedre\u00f1o, catedr\u00e1tico de Econom\u00eda Aplicada y conocedor de Internet y la sociedad de la informaci\u00f3n, reinventor constante.\",\"breadcrumb\":{\"@id\":\"https:\\\/\\\/www.euroresidentes.com\\\/empresa\\\/sobre-andres-pedreno.html#breadcrumb\"},\"inLanguage\":\"es\",\"potentialAction\":[{\"@type\":\"ReadAction\",\"target\":[\"https:\\\/\\\/www.euroresidentes.com\\\/empresa\\\/sobre-andres-pedreno.html\"]}]},{\"@type\":\"ImageObject\",\"inLanguage\":\"es\",\"@id\":\"https:\\\/\\\/www.euroresidentes.com\\\/empresa\\\/sobre-andres-pedreno.html#primaryimage\",\"url\":\"https:\\\/\\\/www.euroresidentes.com\\\/empresa\\\/wp-content\\\/uploads\\\/2016\\\/01\\\/andres-pedreno.jpg\",\"contentUrl\":\"https:\\\/\\\/www.euroresidentes.com\\\/empresa\\\/wp-content\\\/uploads\\\/2016\\\/01\\\/andres-pedreno.jpg\",\"width\":700,\"height\":525,\"caption\":\"Andr\u00e9s Pedre\u00f1o Mu\u00f1oz\"},{\"@type\":\"BreadcrumbList\",\"@id\":\"https:\\\/\\\/www.euroresidentes.com\\\/empresa\\\/sobre-andres-pedreno.html#breadcrumb\",\"itemListElement\":[{\"@type\":\"ListItem\",\"position\":1,\"name\":\"Portada\",\"item\":\"https:\\\/\\\/www.euroresidentes.com\\\/empresa\\\/\"},{\"@type\":\"ListItem\",\"position\":2,\"name\":\"Andr\u00e9s Pedre\u00f1o Mu\u00f1oz\"}]},{\"@type\":\"WebSite\",\"@id\":\"https:\\\/\\\/www.euroresidentes.com\\\/empresa\\\/#website\",\"url\":\"https:\\\/\\\/www.euroresidentes.com\\\/empresa\\\/\",\"name\":\"Empresa\",\"description\":\"Empresa\",\"potentialAction\":[{\"@type\":\"SearchAction\",\"target\":{\"@type\":\"EntryPoint\",\"urlTemplate\":\"https:\\\/\\\/www.euroresidentes.com\\\/empresa\\\/?s={search_term_string}\"},\"query-input\":{\"@type\":\"PropertyValueSpecification\",\"valueRequired\":true,\"valueName\":\"search_term_string\"}}],\"inLanguage\":\"es\"}]}<\/script>\n<!-- \/ Yoast SEO plugin. -->","yoast_head_json":{"title":"Andr\u00e9s Pedre\u00f1o Mu\u00f1oz - Empresa","description":"Andr\u00e9s Pedre\u00f1o, catedr\u00e1tico de Econom\u00eda Aplicada y conocedor de Internet y la sociedad de la informaci\u00f3n, reinventor constante.","robots":{"index":"index","follow":"follow","max-snippet":"max-snippet:-1","max-image-preview":"max-image-preview:large","max-video-preview":"max-video-preview:-1"},"canonical":"https:\/\/www.euroresidentes.com\/empresa\/sobre-andres-pedreno.html","og_locale":"es_ES","og_type":"article","og_title":"Andr\u00e9s Pedre\u00f1o Mu\u00f1oz - Empresa","og_description":"Andr\u00e9s Pedre\u00f1o, catedr\u00e1tico de Econom\u00eda Aplicada y conocedor de Internet y la sociedad de la informaci\u00f3n, reinventor constante.","og_url":"https:\/\/www.euroresidentes.com\/empresa\/sobre-andres-pedreno.html","og_site_name":"Empresa","article_publisher":"https:\/\/www.facebook.com\/empresaemprendedores\/","article_modified_time":"2017-06-20T17:54:23+00:00","og_image":[{"width":700,"height":525,"url":"https:\/\/www.euroresidentes.com\/empresa\/wp-content\/uploads\/2016\/01\/andres-pedreno.jpg","type":"image\/jpeg"}],"twitter_card":"summary_large_image","twitter_site":"@euroresidentes","twitter_misc":{"Est. reading time":"2 minutos"},"schema":{"@context":"https:\/\/schema.org","@graph":[{"@type":"WebPage","@id":"https:\/\/www.euroresidentes.com\/empresa\/sobre-andres-pedreno.html","url":"https:\/\/www.euroresidentes.com\/empresa\/sobre-andres-pedreno.html","name":"Andr\u00e9s Pedre\u00f1o Mu\u00f1oz - Empresa","isPartOf":{"@id":"https:\/\/www.euroresidentes.com\/empresa\/#website"},"primaryImageOfPage":{"@id":"https:\/\/www.euroresidentes.com\/empresa\/sobre-andres-pedreno.html#primaryimage"},"image":{"@id":"https:\/\/www.euroresidentes.com\/empresa\/sobre-andres-pedreno.html#primaryimage"},"thumbnailUrl":"https:\/\/www.euroresidentes.com\/empresa\/wp-content\/uploads\/2016\/01\/andres-pedreno.jpg","datePublished":"2016-01-20T10:52:31+00:00","dateModified":"2017-06-20T17:54:23+00:00","description":"Andr\u00e9s Pedre\u00f1o, catedr\u00e1tico de Econom\u00eda Aplicada y conocedor de Internet y la sociedad de la informaci\u00f3n, reinventor constante.","breadcrumb":{"@id":"https:\/\/www.euroresidentes.com\/empresa\/sobre-andres-pedreno.html#breadcrumb"},"inLanguage":"es","potentialAction":[{"@type":"ReadAction","target":["https:\/\/www.euroresidentes.com\/empresa\/sobre-andres-pedreno.html"]}]},{"@type":"ImageObject","inLanguage":"es","@id":"https:\/\/www.euroresidentes.com\/empresa\/sobre-andres-pedreno.html#primaryimage","url":"https:\/\/www.euroresidentes.com\/empresa\/wp-content\/uploads\/2016\/01\/andres-pedreno.jpg","contentUrl":"https:\/\/www.euroresidentes.com\/empresa\/wp-content\/uploads\/2016\/01\/andres-pedreno.jpg","width":700,"height":525,"caption":"Andr\u00e9s Pedre\u00f1o Mu\u00f1oz"},{"@type":"BreadcrumbList","@id":"https:\/\/www.euroresidentes.com\/empresa\/sobre-andres-pedreno.html#breadcrumb","itemListElement":[{"@type":"ListItem","position":1,"name":"Portada","item":"https:\/\/www.euroresidentes.com\/empresa\/"},{"@type":"ListItem","position":2,"name":"Andr\u00e9s Pedre\u00f1o Mu\u00f1oz"}]},{"@type":"WebSite","@id":"https:\/\/www.euroresidentes.com\/empresa\/#website","url":"https:\/\/www.euroresidentes.com\/empresa\/","name":"Empresa","description":"Empresa","potentialAction":[{"@type":"SearchAction","target":{"@type":"EntryPoint","urlTemplate":"https:\/\/www.euroresidentes.com\/empresa\/?s={search_term_string}"},"query-input":{"@type":"PropertyValueSpecification","valueRequired":true,"valueName":"search_term_string"}}],"inLanguage":"es"}]}},"_links":{"self":[{"href":"https:\/\/www.euroresidentes.com\/empresa\/wp-json\/wp\/v2\/pages\/1901","targetHints":{"allow":["GET"]}}],"collection":[{"href":"https:\/\/www.euroresidentes.com\/empresa\/wp-json\/wp\/v2\/pages"}],"about":[{"href":"https:\/\/www.euroresidentes.com\/empresa\/wp-json\/wp\/v2\/types\/page"}],"author":[{"embeddable":true,"href":"https:\/\/www.euroresidentes.com\/empresa\/wp-json\/wp\/v2\/users\/1"}],"replies":[{"embeddable":true,"href":"https:\/\/www.euroresidentes.com\/empresa\/wp-json\/wp\/v2\/comments?post=1901"}],"version-history":[{"count":16,"href":"https:\/\/www.euroresidentes.com\/empresa\/wp-json\/wp\/v2\/pages\/1901\/revisions"}],"predecessor-version":[{"id":2298,"href":"https:\/\/www.euroresidentes.com\/empresa\/wp-json\/wp\/v2\/pages\/1901\/revisions\/2298"}],"wp:featuredmedia":[{"embeddable":true,"href":"https:\/\/www.euroresidentes.com\/empresa\/wp-json\/wp\/v2\/media\/2212"}],"wp:attachment":[{"href":"https:\/\/www.euroresidentes.com\/empresa\/wp-json\/wp\/v2\/media?parent=1901"}],"curies":[{"name":"wp","href":"https:\/\/api.w.org\/{rel}","templated":true}]}}