
{"id":315,"date":"2016-01-20T10:36:35","date_gmt":"2016-01-20T10:36:35","guid":{"rendered":"https:\/\/wp.euroresidentes.com\/empresa\/motivacion\/?page_id=315"},"modified":"2016-01-29T08:52:35","modified_gmt":"2016-01-29T08:52:35","slug":"educacion-2","status":"publish","type":"page","link":"https:\/\/www.euroresidentes.com\/empresa\/motivacion\/educacion-2.html","title":{"rendered":"Educaci\u00f3n"},"content":{"rendered":"<ul>\n<li><b><a href=\"http:\/\/motivacion.euroresidentes.com\/2013\/12\/motivacion-escolar.html\" target=\"_blank\"><span style=\"font-family: Trebuchet MS, sans-serif;\">Motivaci\u00f3n escolar<\/span><\/a><\/b><\/li>\n<li><b><span style=\"font-family: Trebuchet MS, sans-serif;\"><a href=\"http:\/\/motivacion.euroresidentes.com\/2014\/06\/no-fue-una-perdida-de-tiempo-si.html\" target=\"_blank\">No fue una p\u00e9rdida de tiempo si aprendiste algo<\/a><\/span><\/b><\/li>\n<li><b><span style=\"font-family: Trebuchet MS, sans-serif;\"><a href=\"http:\/\/motivacion.euroresidentes.com\/2014\/11\/7-razones-por-las-que-no-empezaras.html\" target=\"_blank\">7 Razones por las que no empezar\u00e1s a estudiar hasta que sea demasiado tarde (y qu\u00e9 hacer al respecto)<\/a><\/span><\/b><\/li>\n<li><b><span style=\"font-family: Trebuchet MS, sans-serif;\"><a href=\"http:\/\/motivacion.euroresidentes.com\/2015\/02\/3-formas-de-mejorar-tu-motivacion-para.html\" target=\"_blank\">3 Formas de poner en marcha tu motivaci\u00f3n para estudiar<\/a><\/span><\/b><\/li>\n<\/ul>\n","protected":false},"excerpt":{"rendered":"<p>Motivaci\u00f3n escolar No fue una p\u00e9rdida de tiempo si aprendiste algo 7 Razones por las que no empezar\u00e1s a estudiar hasta que sea demasiado tarde (y qu\u00e9 hacer al respecto) 3 Formas de poner en marcha tu motivaci\u00f3n para estudiar<\/p>\n","protected":false},"author":1,"featured_media":0,"parent":0,"menu_order":0,"comment_status":"closed","ping_status":"closed","template":"page-auhtor.php","meta":{"footnotes":""},"class_list":["post-315","page","type-page","status-publish","hentry"],"yoast_head":"<!-- This site is optimized with the Yoast SEO plugin v27.4 - https:\/\/yoast.com\/product\/yoast-seo-wordpress\/ -->\n<title>Educaci\u00f3n - Motivaci\u00f3n<\/title>\n<meta name=\"robots\" content=\"index, follow, max-snippet:-1, max-image-preview:large, max-video-preview:-1\" \/>\n<link rel=\"canonical\" href=\"https:\/\/www.euroresidentes.com\/empresa\/motivacion\/educacion-2.html\" \/>\n<meta property=\"og:locale\" content=\"es_ES\" \/>\n<meta property=\"og:type\" content=\"article\" \/>\n<meta property=\"og:title\" content=\"Educaci\u00f3n - Motivaci\u00f3n\" \/>\n<meta property=\"og:description\" content=\"Motivaci\u00f3n escolar No fue una p\u00e9rdida de tiempo si aprendiste algo 7 Razones por las que no empezar\u00e1s a estudiar hasta que sea demasiado tarde (y qu\u00e9 hacer al respecto) 3 Formas de poner en marcha tu motivaci\u00f3n para estudiar\" \/>\n<meta property=\"og:url\" content=\"https:\/\/www.euroresidentes.com\/empresa\/motivacion\/educacion-2.html\" \/>\n<meta property=\"og:site_name\" content=\"Motivaci\u00f3n\" \/>\n<meta property=\"article:publisher\" content=\"https:\/\/www.facebook.com\/sentir.bien.euroresidentes\" \/>\n<meta property=\"article:modified_time\" content=\"2016-01-29T08:52:35+00:00\" \/>\n<meta name=\"twitter:card\" content=\"summary_large_image\" \/>\n<meta name=\"twitter:site\" content=\"@sentirbien\" \/>\n<script type=\"application\/ld+json\" class=\"yoast-schema-graph\">{\"@context\":\"https:\\\/\\\/schema.org\",\"@graph\":[{\"@type\":\"WebPage\",\"@id\":\"https:\\\/\\\/www.euroresidentes.com\\\/empresa\\\/motivacion\\\/educacion-2.html\",\"url\":\"https:\\\/\\\/www.euroresidentes.com\\\/empresa\\\/motivacion\\\/educacion-2.html\",\"name\":\"Educaci\u00f3n - Motivaci\u00f3n\",\"isPartOf\":{\"@id\":\"https:\\\/\\\/www.euroresidentes.com\\\/empresa\\\/motivacion\\\/#website\"},\"datePublished\":\"2016-01-20T10:36:35+00:00\",\"dateModified\":\"2016-01-29T08:52:35+00:00\",\"breadcrumb\":{\"@id\":\"https:\\\/\\\/www.euroresidentes.com\\\/empresa\\\/motivacion\\\/educacion-2.html#breadcrumb\"},\"inLanguage\":\"es\",\"potentialAction\":[{\"@type\":\"ReadAction\",\"target\":[\"https:\\\/\\\/www.euroresidentes.com\\\/empresa\\\/motivacion\\\/educacion-2.html\"]}]},{\"@type\":\"BreadcrumbList\",\"@id\":\"https:\\\/\\\/www.euroresidentes.com\\\/empresa\\\/motivacion\\\/educacion-2.html#breadcrumb\",\"itemListElement\":[{\"@type\":\"ListItem\",\"position\":1,\"name\":\"Portada\",\"item\":\"https:\\\/\\\/www.euroresidentes.com\\\/empresa\\\/motivacion\\\/\"},{\"@type\":\"ListItem\",\"position\":2,\"name\":\"Educaci\u00f3n\"}]},{\"@type\":\"WebSite\",\"@id\":\"https:\\\/\\\/www.euroresidentes.com\\\/empresa\\\/motivacion\\\/#website\",\"url\":\"https:\\\/\\\/www.euroresidentes.com\\\/empresa\\\/motivacion\\\/\",\"name\":\"Motivaci\u00f3n\",\"description\":\"Euroresidentes\",\"potentialAction\":[{\"@type\":\"SearchAction\",\"target\":{\"@type\":\"EntryPoint\",\"urlTemplate\":\"https:\\\/\\\/www.euroresidentes.com\\\/empresa\\\/motivacion\\\/?s={search_term_string}\"},\"query-input\":{\"@type\":\"PropertyValueSpecification\",\"valueRequired\":true,\"valueName\":\"search_term_string\"}}],\"inLanguage\":\"es\"}]}<\/script>\n<!-- \/ Yoast SEO plugin. -->","yoast_head_json":{"title":"Educaci\u00f3n - Motivaci\u00f3n","robots":{"index":"index","follow":"follow","max-snippet":"max-snippet:-1","max-image-preview":"max-image-preview:large","max-video-preview":"max-video-preview:-1"},"canonical":"https:\/\/www.euroresidentes.com\/empresa\/motivacion\/educacion-2.html","og_locale":"es_ES","og_type":"article","og_title":"Educaci\u00f3n - Motivaci\u00f3n","og_description":"Motivaci\u00f3n escolar No fue una p\u00e9rdida de tiempo si aprendiste algo 7 Razones por las que no empezar\u00e1s a estudiar hasta que sea demasiado tarde (y qu\u00e9 hacer al respecto) 3 Formas de poner en marcha tu motivaci\u00f3n para estudiar","og_url":"https:\/\/www.euroresidentes.com\/empresa\/motivacion\/educacion-2.html","og_site_name":"Motivaci\u00f3n","article_publisher":"https:\/\/www.facebook.com\/sentir.bien.euroresidentes","article_modified_time":"2016-01-29T08:52:35+00:00","twitter_card":"summary_large_image","twitter_site":"@sentirbien","schema":{"@context":"https:\/\/schema.org","@graph":[{"@type":"WebPage","@id":"https:\/\/www.euroresidentes.com\/empresa\/motivacion\/educacion-2.html","url":"https:\/\/www.euroresidentes.com\/empresa\/motivacion\/educacion-2.html","name":"Educaci\u00f3n - Motivaci\u00f3n","isPartOf":{"@id":"https:\/\/www.euroresidentes.com\/empresa\/motivacion\/#website"},"datePublished":"2016-01-20T10:36:35+00:00","dateModified":"2016-01-29T08:52:35+00:00","breadcrumb":{"@id":"https:\/\/www.euroresidentes.com\/empresa\/motivacion\/educacion-2.html#breadcrumb"},"inLanguage":"es","potentialAction":[{"@type":"ReadAction","target":["https:\/\/www.euroresidentes.com\/empresa\/motivacion\/educacion-2.html"]}]},{"@type":"BreadcrumbList","@id":"https:\/\/www.euroresidentes.com\/empresa\/motivacion\/educacion-2.html#breadcrumb","itemListElement":[{"@type":"ListItem","position":1,"name":"Portada","item":"https:\/\/www.euroresidentes.com\/empresa\/motivacion\/"},{"@type":"ListItem","position":2,"name":"Educaci\u00f3n"}]},{"@type":"WebSite","@id":"https:\/\/www.euroresidentes.com\/empresa\/motivacion\/#website","url":"https:\/\/www.euroresidentes.com\/empresa\/motivacion\/","name":"Motivaci\u00f3n","description":"Euroresidentes","potentialAction":[{"@type":"SearchAction","target":{"@type":"EntryPoint","urlTemplate":"https:\/\/www.euroresidentes.com\/empresa\/motivacion\/?s={search_term_string}"},"query-input":{"@type":"PropertyValueSpecification","valueRequired":true,"valueName":"search_term_string"}}],"inLanguage":"es"}]}},"_links":{"self":[{"href":"https:\/\/www.euroresidentes.com\/empresa\/motivacion\/wp-json\/wp\/v2\/pages\/315","targetHints":{"allow":["GET"]}}],"collection":[{"href":"https:\/\/www.euroresidentes.com\/empresa\/motivacion\/wp-json\/wp\/v2\/pages"}],"about":[{"href":"https:\/\/www.euroresidentes.com\/empresa\/motivacion\/wp-json\/wp\/v2\/types\/page"}],"author":[{"embeddable":true,"href":"https:\/\/www.euroresidentes.com\/empresa\/motivacion\/wp-json\/wp\/v2\/users\/1"}],"replies":[{"embeddable":true,"href":"https:\/\/www.euroresidentes.com\/empresa\/motivacion\/wp-json\/wp\/v2\/comments?post=315"}],"version-history":[{"count":1,"href":"https:\/\/www.euroresidentes.com\/empresa\/motivacion\/wp-json\/wp\/v2\/pages\/315\/revisions"}],"predecessor-version":[{"id":316,"href":"https:\/\/www.euroresidentes.com\/empresa\/motivacion\/wp-json\/wp\/v2\/pages\/315\/revisions\/316"}],"wp:attachment":[{"href":"https:\/\/www.euroresidentes.com\/empresa\/motivacion\/wp-json\/wp\/v2\/media?parent=315"}],"curies":[{"name":"wp","href":"https:\/\/api.w.org\/{rel}","templated":true}]}}