
{"id":313,"date":"2016-01-20T10:35:58","date_gmt":"2016-01-20T10:35:58","guid":{"rendered":"https:\/\/wp.euroresidentes.com\/empresa\/motivacion\/?page_id=313"},"modified":"2016-01-29T08:52:43","modified_gmt":"2016-01-29T08:52:43","slug":"ser-positivo-2","status":"publish","type":"page","link":"https:\/\/www.euroresidentes.com\/empresa\/motivacion\/ser-positivo-2.html","title":{"rendered":"Ser Positivo"},"content":{"rendered":"<ul>\n<li><span style=\"font-family: Trebuchet MS, sans-serif;\"><b><a href=\"http:\/\/motivacion.euroresidentes.com\/2015\/02\/podemos-ser-positivos-sin-reprimir.html\" target=\"_blank\">Podemos ser positivos sin reprimir nuestras emociones<\/a><\/b><\/span><\/li>\n<li><span style=\"font-family: Trebuchet MS, sans-serif;\"><b><a href=\"http:\/\/motivacion.euroresidentes.com\/2015\/02\/que-significa-realmente-ser-un-optimista.html\" target=\"_blank\">Qu\u00e9 significa realmente ser un optimista<\/a><\/b><\/span><\/li>\n<li><span style=\"font-family: Trebuchet MS, sans-serif;\"><b><a href=\"http:\/\/motivacion.euroresidentes.com\/2015\/03\/la-inspiracion-del-lunes-por-la-manana.html\" target=\"_blank\">La inspiraci\u00f3n del lunes por la ma\u00f1ana<\/a><\/b><\/span><\/li>\n<li><span style=\"font-family: Trebuchet MS, sans-serif;\"><b><a href=\"http:\/\/motivacion.euroresidentes.com\/2015\/01\/tienes-un-mal-dia-recuerda-estas-9-cosas.html\" target=\"_blank\">\u00bfTienes un mal d\u00eda? Recuerda estas 9 cosas<\/a><\/b><\/span><\/li>\n<li><span style=\"font-family: Trebuchet MS, sans-serif;\"><a href=\"http:\/\/motivacion.euroresidentes.com\/2014\/08\/21-frases-que-te-recordaran-algo-muy.html\"><b>21 Frases que te recordar\u00e1n algo muy importante: cree en ti<\/b><\/a><\/span><\/li>\n<li><span style=\"font-family: Trebuchet MS, sans-serif;\"><b><a href=\"http:\/\/motivacion.euroresidentes.com\/2014\/01\/5-consejos-para-tener-una-actitud.html\" target=\"_blank\">5 Consejos para tener una actitud positiva ante la vida<\/a><\/b><\/span><\/li>\n<li><span style=\"font-family: Trebuchet MS, sans-serif;\"><a href=\"http:\/\/motivacion.euroresidentes.com\/2015\/08\/8-cosas-recordar-cuando-todo-va-mal.html\"><b>8 Cosas a recordar cuando todo va mal<\/b><\/a><\/span><\/li>\n<li><span style=\"font-family: Trebuchet MS, sans-serif;\"><b><a href=\"http:\/\/motivacion.euroresidentes.com\/2014\/03\/8-cosas-que-la-gente-positiva-no-hace.html\" target=\"_blank\">8 Cosas que la gente positiva no hace<\/a><\/b><\/span><span style=\"font-family: Trebuchet MS, sans-serif;\"><b>&nbsp;<\/b><\/span><\/li>\n<li><span style=\"font-family: Trebuchet MS, sans-serif;\"><b><a href=\"http:\/\/motivacion.euroresidentes.com\/2014\/10\/5-cosas-que-debes-recordar-diario.html\" target=\"_blank\">5 cosas que debes recordar a diario<\/a><\/b><\/span><\/li>\n<li><span style=\"font-family: Trebuchet MS, sans-serif;\"><a href=\"http:\/\/motivacion.euroresidentes.com\/2015\/07\/repite-estas-8-afirmaciones-cada-manana.html\"><b>Repite estas 8 afirmaciones cada ma\u00f1ana antes de levantarte<\/b><\/a><\/span><\/li>\n<li><span style=\"font-family: Trebuchet MS, sans-serif;\"><b><a href=\"http:\/\/motivacion.euroresidentes.com\/2013\/12\/10-pensamientos-positivos-para-la-vida.html\" target=\"_blank\">10 Pensamientos positivos para la vida<\/a><\/b><\/span><\/li>\n<li><span style=\"font-family: Trebuchet MS, sans-serif;\"><b><a href=\"http:\/\/motivacion.euroresidentes.com\/2014\/07\/10-maneras-de-ser-positivo-en-el-trabajo.html\" target=\"_blank\">10 Maneras de Ser Positivo en el Trabajo<\/a><\/b><\/span><\/li>\n<li><span style=\"font-family: Trebuchet MS, sans-serif;\"><b><a href=\"http:\/\/motivacion.euroresidentes.com\/2014\/09\/vas-dejar-que-una-persona-arruine-tu-dia.html\" target=\"_blank\">\u00bfVas a dejar que una persona arruine tu d\u00eda?<\/a><\/b><\/span><\/li>\n<li><a href=\"http:\/\/motivacion.euroresidentes.com\/2014\/10\/siempre-hay-tiempos-dificiles-estas-4.html\" target=\"_blank\"><b><span style=\"font-family: Trebuchet MS, sans-serif;\">Siempre hay tiempos dif\u00edciles. Estas 4 lecciones te motivar\u00e1n a seguir<\/span><\/b><\/a><\/li>\n<\/ul>\n","protected":false},"excerpt":{"rendered":"<p>Podemos ser positivos sin reprimir nuestras emociones Qu\u00e9 significa realmente ser un optimista La inspiraci\u00f3n del lunes por la ma\u00f1ana \u00bfTienes un mal d\u00eda? Recuerda estas 9 cosas 21 Frases que te recordar\u00e1n algo muy importante: cree en ti 5 Consejos para tener una actitud positiva ante la vida 8 Cosas a recordar cuando todo va mal 8 Cosas que la gente positiva no hace&nbsp; 5 cosas que debes recordar a diario Repite estas 8 afirmaciones cada ma\u00f1ana antes de levantarte 10 Pensamientos positivos para la vida 10 Maneras de Ser Positivo en el Trabajo \u00bfVas a dejar que una <\/p>\n","protected":false},"author":1,"featured_media":0,"parent":0,"menu_order":0,"comment_status":"closed","ping_status":"closed","template":"page-auhtor.php","meta":{"footnotes":""},"class_list":["post-313","page","type-page","status-publish","hentry"],"yoast_head":"<!-- This site is optimized with the Yoast SEO plugin v27.3 - https:\/\/yoast.com\/product\/yoast-seo-wordpress\/ -->\n<title>Ser Positivo - Motivaci\u00f3n<\/title>\n<meta name=\"robots\" content=\"index, follow, max-snippet:-1, max-image-preview:large, max-video-preview:-1\" \/>\n<link rel=\"canonical\" href=\"https:\/\/www.euroresidentes.com\/empresa\/motivacion\/ser-positivo-2.html\" \/>\n<meta property=\"og:locale\" content=\"es_ES\" \/>\n<meta property=\"og:type\" content=\"article\" \/>\n<meta property=\"og:title\" content=\"Ser Positivo - Motivaci\u00f3n\" \/>\n<meta property=\"og:description\" content=\"Podemos ser positivos sin reprimir nuestras emociones Qu\u00e9 significa realmente ser un optimista La inspiraci\u00f3n del lunes por la ma\u00f1ana \u00bfTienes un mal d\u00eda? Recuerda estas 9 cosas 21 Frases que te recordar\u00e1n algo muy importante: cree en ti 5 Consejos para tener una actitud positiva ante la vida 8 Cosas a recordar cuando todo va mal 8 Cosas que la gente positiva no hace&nbsp; 5 cosas que debes recordar a diario Repite estas 8 afirmaciones cada ma\u00f1ana antes de levantarte 10 Pensamientos positivos para la vida 10 Maneras de Ser Positivo en el Trabajo \u00bfVas a dejar que una\" \/>\n<meta property=\"og:url\" content=\"https:\/\/www.euroresidentes.com\/empresa\/motivacion\/ser-positivo-2.html\" \/>\n<meta property=\"og:site_name\" content=\"Motivaci\u00f3n\" \/>\n<meta property=\"article:publisher\" content=\"https:\/\/www.facebook.com\/sentir.bien.euroresidentes\" \/>\n<meta property=\"article:modified_time\" content=\"2016-01-29T08:52:43+00:00\" \/>\n<meta name=\"twitter:card\" content=\"summary_large_image\" \/>\n<meta name=\"twitter:site\" content=\"@sentirbien\" \/>\n<meta name=\"twitter:label1\" content=\"Est. reading time\" \/>\n\t<meta name=\"twitter:data1\" content=\"1 minuto\" \/>\n<script type=\"application\/ld+json\" class=\"yoast-schema-graph\">{\"@context\":\"https:\\\/\\\/schema.org\",\"@graph\":[{\"@type\":\"WebPage\",\"@id\":\"https:\\\/\\\/www.euroresidentes.com\\\/empresa\\\/motivacion\\\/ser-positivo-2.html\",\"url\":\"https:\\\/\\\/www.euroresidentes.com\\\/empresa\\\/motivacion\\\/ser-positivo-2.html\",\"name\":\"Ser Positivo - Motivaci\u00f3n\",\"isPartOf\":{\"@id\":\"https:\\\/\\\/www.euroresidentes.com\\\/empresa\\\/motivacion\\\/#website\"},\"datePublished\":\"2016-01-20T10:35:58+00:00\",\"dateModified\":\"2016-01-29T08:52:43+00:00\",\"breadcrumb\":{\"@id\":\"https:\\\/\\\/www.euroresidentes.com\\\/empresa\\\/motivacion\\\/ser-positivo-2.html#breadcrumb\"},\"inLanguage\":\"es\",\"potentialAction\":[{\"@type\":\"ReadAction\",\"target\":[\"https:\\\/\\\/www.euroresidentes.com\\\/empresa\\\/motivacion\\\/ser-positivo-2.html\"]}]},{\"@type\":\"BreadcrumbList\",\"@id\":\"https:\\\/\\\/www.euroresidentes.com\\\/empresa\\\/motivacion\\\/ser-positivo-2.html#breadcrumb\",\"itemListElement\":[{\"@type\":\"ListItem\",\"position\":1,\"name\":\"Portada\",\"item\":\"https:\\\/\\\/www.euroresidentes.com\\\/empresa\\\/motivacion\\\/\"},{\"@type\":\"ListItem\",\"position\":2,\"name\":\"Ser Positivo\"}]},{\"@type\":\"WebSite\",\"@id\":\"https:\\\/\\\/www.euroresidentes.com\\\/empresa\\\/motivacion\\\/#website\",\"url\":\"https:\\\/\\\/www.euroresidentes.com\\\/empresa\\\/motivacion\\\/\",\"name\":\"Motivaci\u00f3n\",\"description\":\"Euroresidentes\",\"potentialAction\":[{\"@type\":\"SearchAction\",\"target\":{\"@type\":\"EntryPoint\",\"urlTemplate\":\"https:\\\/\\\/www.euroresidentes.com\\\/empresa\\\/motivacion\\\/?s={search_term_string}\"},\"query-input\":{\"@type\":\"PropertyValueSpecification\",\"valueRequired\":true,\"valueName\":\"search_term_string\"}}],\"inLanguage\":\"es\"}]}<\/script>\n<!-- \/ Yoast SEO plugin. -->","yoast_head_json":{"title":"Ser Positivo - Motivaci\u00f3n","robots":{"index":"index","follow":"follow","max-snippet":"max-snippet:-1","max-image-preview":"max-image-preview:large","max-video-preview":"max-video-preview:-1"},"canonical":"https:\/\/www.euroresidentes.com\/empresa\/motivacion\/ser-positivo-2.html","og_locale":"es_ES","og_type":"article","og_title":"Ser Positivo - Motivaci\u00f3n","og_description":"Podemos ser positivos sin reprimir nuestras emociones Qu\u00e9 significa realmente ser un optimista La inspiraci\u00f3n del lunes por la ma\u00f1ana \u00bfTienes un mal d\u00eda? Recuerda estas 9 cosas 21 Frases que te recordar\u00e1n algo muy importante: cree en ti 5 Consejos para tener una actitud positiva ante la vida 8 Cosas a recordar cuando todo va mal 8 Cosas que la gente positiva no hace&nbsp; 5 cosas que debes recordar a diario Repite estas 8 afirmaciones cada ma\u00f1ana antes de levantarte 10 Pensamientos positivos para la vida 10 Maneras de Ser Positivo en el Trabajo \u00bfVas a dejar que una","og_url":"https:\/\/www.euroresidentes.com\/empresa\/motivacion\/ser-positivo-2.html","og_site_name":"Motivaci\u00f3n","article_publisher":"https:\/\/www.facebook.com\/sentir.bien.euroresidentes","article_modified_time":"2016-01-29T08:52:43+00:00","twitter_card":"summary_large_image","twitter_site":"@sentirbien","twitter_misc":{"Est. reading time":"1 minuto"},"schema":{"@context":"https:\/\/schema.org","@graph":[{"@type":"WebPage","@id":"https:\/\/www.euroresidentes.com\/empresa\/motivacion\/ser-positivo-2.html","url":"https:\/\/www.euroresidentes.com\/empresa\/motivacion\/ser-positivo-2.html","name":"Ser Positivo - Motivaci\u00f3n","isPartOf":{"@id":"https:\/\/www.euroresidentes.com\/empresa\/motivacion\/#website"},"datePublished":"2016-01-20T10:35:58+00:00","dateModified":"2016-01-29T08:52:43+00:00","breadcrumb":{"@id":"https:\/\/www.euroresidentes.com\/empresa\/motivacion\/ser-positivo-2.html#breadcrumb"},"inLanguage":"es","potentialAction":[{"@type":"ReadAction","target":["https:\/\/www.euroresidentes.com\/empresa\/motivacion\/ser-positivo-2.html"]}]},{"@type":"BreadcrumbList","@id":"https:\/\/www.euroresidentes.com\/empresa\/motivacion\/ser-positivo-2.html#breadcrumb","itemListElement":[{"@type":"ListItem","position":1,"name":"Portada","item":"https:\/\/www.euroresidentes.com\/empresa\/motivacion\/"},{"@type":"ListItem","position":2,"name":"Ser Positivo"}]},{"@type":"WebSite","@id":"https:\/\/www.euroresidentes.com\/empresa\/motivacion\/#website","url":"https:\/\/www.euroresidentes.com\/empresa\/motivacion\/","name":"Motivaci\u00f3n","description":"Euroresidentes","potentialAction":[{"@type":"SearchAction","target":{"@type":"EntryPoint","urlTemplate":"https:\/\/www.euroresidentes.com\/empresa\/motivacion\/?s={search_term_string}"},"query-input":{"@type":"PropertyValueSpecification","valueRequired":true,"valueName":"search_term_string"}}],"inLanguage":"es"}]}},"_links":{"self":[{"href":"https:\/\/www.euroresidentes.com\/empresa\/motivacion\/wp-json\/wp\/v2\/pages\/313","targetHints":{"allow":["GET"]}}],"collection":[{"href":"https:\/\/www.euroresidentes.com\/empresa\/motivacion\/wp-json\/wp\/v2\/pages"}],"about":[{"href":"https:\/\/www.euroresidentes.com\/empresa\/motivacion\/wp-json\/wp\/v2\/types\/page"}],"author":[{"embeddable":true,"href":"https:\/\/www.euroresidentes.com\/empresa\/motivacion\/wp-json\/wp\/v2\/users\/1"}],"replies":[{"embeddable":true,"href":"https:\/\/www.euroresidentes.com\/empresa\/motivacion\/wp-json\/wp\/v2\/comments?post=313"}],"version-history":[{"count":1,"href":"https:\/\/www.euroresidentes.com\/empresa\/motivacion\/wp-json\/wp\/v2\/pages\/313\/revisions"}],"predecessor-version":[{"id":314,"href":"https:\/\/www.euroresidentes.com\/empresa\/motivacion\/wp-json\/wp\/v2\/pages\/313\/revisions\/314"}],"wp:attachment":[{"href":"https:\/\/www.euroresidentes.com\/empresa\/motivacion\/wp-json\/wp\/v2\/media?parent=313"}],"curies":[{"name":"wp","href":"https:\/\/api.w.org\/{rel}","templated":true}]}}