
{"id":258,"date":"2016-01-19T15:15:20","date_gmt":"2016-01-19T15:15:20","guid":{"rendered":"https:\/\/wp.euroresidentes.com\/empresa\/liderazgo\/?page_id=258"},"modified":"2016-01-29T08:47:04","modified_gmt":"2016-01-29T08:47:04","slug":"articulos-de-interes","status":"publish","type":"page","link":"https:\/\/www.euroresidentes.com\/empresa\/liderazgo\/articulos-de-interes.html","title":{"rendered":"Art\u00edculos de inter\u00e9s"},"content":{"rendered":"<ul>\n<li><a href=\"http:\/\/liderazgo.euroresidentes.com\/2015\/11\/las-personas-con-rasgos-psicopatas-son.html\"><b>Las personas con rasgos psic\u00f3patas son mejores l\u00edderes<\/b><\/a><\/li>\n<li><b><a href=\"http:\/\/liderazgo.euroresidentes.com\/2014\/12\/10-consejos-de-los-mejores-libros-de.html\" target=\"_blank\">10 Consejos de los mejores libros de liderazgo de 2014<\/a><\/b><\/li>\n<li><b><a href=\"http:\/\/liderazgo.euroresidentes.com\/2014\/09\/los-corredores-de-maraton-son-mejores.html\" target=\"_blank\">Los corredores de marat\u00f3n son mejores CEO&#8217;s. As\u00ed lo confirma un estudio<\/a><\/b><\/li>\n<li><a href=\"http:\/\/liderazgo.euroresidentes.com\/2015\/09\/liderazgo-de-donald-trump-sus-3-grandes.html\"><b>El liderazgo de Donald Trump: sus 3 grandes errores<\/b><\/a><\/li>\n<li><b><a href=\"http:\/\/liderazgo.euroresidentes.com\/2014\/06\/9-lideres-mexicanas-que-marcaron.html\" target=\"_blank\">9 L\u00edderes mexicanas que marcaron historia\u00a0<\/a><\/b><\/li>\n<li><a href=\"http:\/\/liderazgo.euroresidentes.com\/2014\/05\/el-liderazgo-transformador-de-simeone.html\" target=\"_blank\"><b>El liderazgo transformador de Simeone<\/b><\/a><\/li>\n<li><a href=\"http:\/\/liderazgo.euroresidentes.com\/2014\/06\/que-convierte-un-rey-en-un-lider.html\" target=\"_blank\"><b>\u00bfQu\u00e9 convierte a un Rey en un l\u00edder?<\/b><\/a><\/li>\n<li><a href=\"http:\/\/liderazgo.euroresidentes.com\/2014\/06\/jon-nieve-preparado-para-liderar.html\" target=\"_blank\"><b>Jon Nieve, \u00bfpreparado para liderar?<\/b><\/a><\/li>\n<\/ul>\n","protected":false},"excerpt":{"rendered":"<p>Las personas con rasgos psic\u00f3patas son mejores l\u00edderes 10 Consejos de los mejores libros de liderazgo de 2014 Los corredores de marat\u00f3n son mejores CEO&#8217;s. As\u00ed lo confirma un estudio El liderazgo de Donald Trump: sus 3 grandes errores 9 L\u00edderes mexicanas que marcaron historia\u00a0 El liderazgo transformador de Simeone \u00bfQu\u00e9 convierte a un Rey en un l\u00edder? Jon Nieve, \u00bfpreparado para liderar?<\/p>\n","protected":false},"author":1,"featured_media":0,"parent":0,"menu_order":0,"comment_status":"closed","ping_status":"closed","template":"page-auhtor.php","meta":{"footnotes":""},"class_list":["post-258","page","type-page","status-publish","hentry"],"yoast_head":"<!-- This site is optimized with the Yoast SEO plugin v27.3 - https:\/\/yoast.com\/product\/yoast-seo-wordpress\/ -->\n<title>Art\u00edculos de inter\u00e9s - Liderazgo<\/title>\n<meta name=\"robots\" content=\"index, follow, max-snippet:-1, max-image-preview:large, max-video-preview:-1\" \/>\n<link rel=\"canonical\" href=\"https:\/\/www.euroresidentes.com\/empresa\/liderazgo\/articulos-de-interes.html\" \/>\n<meta property=\"og:locale\" content=\"es_ES\" \/>\n<meta property=\"og:type\" content=\"article\" \/>\n<meta property=\"og:title\" content=\"Art\u00edculos de inter\u00e9s - Liderazgo\" \/>\n<meta property=\"og:description\" content=\"Las personas con rasgos psic\u00f3patas son mejores l\u00edderes 10 Consejos de los mejores libros de liderazgo de 2014 Los corredores de marat\u00f3n son mejores CEO&#8217;s. As\u00ed lo confirma un estudio El liderazgo de Donald Trump: sus 3 grandes errores 9 L\u00edderes mexicanas que marcaron historia\u00a0 El liderazgo transformador de Simeone \u00bfQu\u00e9 convierte a un Rey en un l\u00edder? Jon Nieve, \u00bfpreparado para liderar?\" \/>\n<meta property=\"og:url\" content=\"https:\/\/www.euroresidentes.com\/empresa\/liderazgo\/articulos-de-interes.html\" \/>\n<meta property=\"og:site_name\" content=\"Liderazgo\" \/>\n<meta property=\"article:publisher\" content=\"https:\/\/www.facebook.com\/sentir.bien.euroresidentes\/\" \/>\n<meta property=\"article:modified_time\" content=\"2016-01-29T08:47:04+00:00\" \/>\n<meta name=\"twitter:card\" content=\"summary_large_image\" \/>\n<script type=\"application\/ld+json\" class=\"yoast-schema-graph\">{\"@context\":\"https:\\\/\\\/schema.org\",\"@graph\":[{\"@type\":\"WebPage\",\"@id\":\"https:\\\/\\\/www.euroresidentes.com\\\/empresa\\\/liderazgo\\\/articulos-de-interes.html\",\"url\":\"https:\\\/\\\/www.euroresidentes.com\\\/empresa\\\/liderazgo\\\/articulos-de-interes.html\",\"name\":\"Art\u00edculos de inter\u00e9s - Liderazgo\",\"isPartOf\":{\"@id\":\"https:\\\/\\\/www.euroresidentes.com\\\/empresa\\\/liderazgo\\\/#website\"},\"datePublished\":\"2016-01-19T15:15:20+00:00\",\"dateModified\":\"2016-01-29T08:47:04+00:00\",\"breadcrumb\":{\"@id\":\"https:\\\/\\\/www.euroresidentes.com\\\/empresa\\\/liderazgo\\\/articulos-de-interes.html#breadcrumb\"},\"inLanguage\":\"es\",\"potentialAction\":[{\"@type\":\"ReadAction\",\"target\":[\"https:\\\/\\\/www.euroresidentes.com\\\/empresa\\\/liderazgo\\\/articulos-de-interes.html\"]}]},{\"@type\":\"BreadcrumbList\",\"@id\":\"https:\\\/\\\/www.euroresidentes.com\\\/empresa\\\/liderazgo\\\/articulos-de-interes.html#breadcrumb\",\"itemListElement\":[{\"@type\":\"ListItem\",\"position\":1,\"name\":\"Portada\",\"item\":\"https:\\\/\\\/www.euroresidentes.com\\\/empresa\\\/liderazgo\\\/\"},{\"@type\":\"ListItem\",\"position\":2,\"name\":\"Art\u00edculos de inter\u00e9s\"}]},{\"@type\":\"WebSite\",\"@id\":\"https:\\\/\\\/www.euroresidentes.com\\\/empresa\\\/liderazgo\\\/#website\",\"url\":\"https:\\\/\\\/www.euroresidentes.com\\\/empresa\\\/liderazgo\\\/\",\"name\":\"Liderazgo\",\"description\":\"Euroresidentes\",\"potentialAction\":[{\"@type\":\"SearchAction\",\"target\":{\"@type\":\"EntryPoint\",\"urlTemplate\":\"https:\\\/\\\/www.euroresidentes.com\\\/empresa\\\/liderazgo\\\/?s={search_term_string}\"},\"query-input\":{\"@type\":\"PropertyValueSpecification\",\"valueRequired\":true,\"valueName\":\"search_term_string\"}}],\"inLanguage\":\"es\"}]}<\/script>\n<!-- \/ Yoast SEO plugin. -->","yoast_head_json":{"title":"Art\u00edculos de inter\u00e9s - Liderazgo","robots":{"index":"index","follow":"follow","max-snippet":"max-snippet:-1","max-image-preview":"max-image-preview:large","max-video-preview":"max-video-preview:-1"},"canonical":"https:\/\/www.euroresidentes.com\/empresa\/liderazgo\/articulos-de-interes.html","og_locale":"es_ES","og_type":"article","og_title":"Art\u00edculos de inter\u00e9s - Liderazgo","og_description":"Las personas con rasgos psic\u00f3patas son mejores l\u00edderes 10 Consejos de los mejores libros de liderazgo de 2014 Los corredores de marat\u00f3n son mejores CEO&#8217;s. As\u00ed lo confirma un estudio El liderazgo de Donald Trump: sus 3 grandes errores 9 L\u00edderes mexicanas que marcaron historia\u00a0 El liderazgo transformador de Simeone \u00bfQu\u00e9 convierte a un Rey en un l\u00edder? Jon Nieve, \u00bfpreparado para liderar?","og_url":"https:\/\/www.euroresidentes.com\/empresa\/liderazgo\/articulos-de-interes.html","og_site_name":"Liderazgo","article_publisher":"https:\/\/www.facebook.com\/sentir.bien.euroresidentes\/","article_modified_time":"2016-01-29T08:47:04+00:00","twitter_card":"summary_large_image","schema":{"@context":"https:\/\/schema.org","@graph":[{"@type":"WebPage","@id":"https:\/\/www.euroresidentes.com\/empresa\/liderazgo\/articulos-de-interes.html","url":"https:\/\/www.euroresidentes.com\/empresa\/liderazgo\/articulos-de-interes.html","name":"Art\u00edculos de inter\u00e9s - Liderazgo","isPartOf":{"@id":"https:\/\/www.euroresidentes.com\/empresa\/liderazgo\/#website"},"datePublished":"2016-01-19T15:15:20+00:00","dateModified":"2016-01-29T08:47:04+00:00","breadcrumb":{"@id":"https:\/\/www.euroresidentes.com\/empresa\/liderazgo\/articulos-de-interes.html#breadcrumb"},"inLanguage":"es","potentialAction":[{"@type":"ReadAction","target":["https:\/\/www.euroresidentes.com\/empresa\/liderazgo\/articulos-de-interes.html"]}]},{"@type":"BreadcrumbList","@id":"https:\/\/www.euroresidentes.com\/empresa\/liderazgo\/articulos-de-interes.html#breadcrumb","itemListElement":[{"@type":"ListItem","position":1,"name":"Portada","item":"https:\/\/www.euroresidentes.com\/empresa\/liderazgo\/"},{"@type":"ListItem","position":2,"name":"Art\u00edculos de inter\u00e9s"}]},{"@type":"WebSite","@id":"https:\/\/www.euroresidentes.com\/empresa\/liderazgo\/#website","url":"https:\/\/www.euroresidentes.com\/empresa\/liderazgo\/","name":"Liderazgo","description":"Euroresidentes","potentialAction":[{"@type":"SearchAction","target":{"@type":"EntryPoint","urlTemplate":"https:\/\/www.euroresidentes.com\/empresa\/liderazgo\/?s={search_term_string}"},"query-input":{"@type":"PropertyValueSpecification","valueRequired":true,"valueName":"search_term_string"}}],"inLanguage":"es"}]}},"_links":{"self":[{"href":"https:\/\/www.euroresidentes.com\/empresa\/liderazgo\/wp-json\/wp\/v2\/pages\/258","targetHints":{"allow":["GET"]}}],"collection":[{"href":"https:\/\/www.euroresidentes.com\/empresa\/liderazgo\/wp-json\/wp\/v2\/pages"}],"about":[{"href":"https:\/\/www.euroresidentes.com\/empresa\/liderazgo\/wp-json\/wp\/v2\/types\/page"}],"author":[{"embeddable":true,"href":"https:\/\/www.euroresidentes.com\/empresa\/liderazgo\/wp-json\/wp\/v2\/users\/1"}],"replies":[{"embeddable":true,"href":"https:\/\/www.euroresidentes.com\/empresa\/liderazgo\/wp-json\/wp\/v2\/comments?post=258"}],"version-history":[{"count":2,"href":"https:\/\/www.euroresidentes.com\/empresa\/liderazgo\/wp-json\/wp\/v2\/pages\/258\/revisions"}],"predecessor-version":[{"id":279,"href":"https:\/\/www.euroresidentes.com\/empresa\/liderazgo\/wp-json\/wp\/v2\/pages\/258\/revisions\/279"}],"wp:attachment":[{"href":"https:\/\/www.euroresidentes.com\/empresa\/liderazgo\/wp-json\/wp\/v2\/media?parent=258"}],"curies":[{"name":"wp","href":"https:\/\/api.w.org\/{rel}","templated":true}]}}