
{"version":"1.0","provider_name":"Innovaci\u00f3n y Emprendimiento","provider_url":"https:\/\/www.euroresidentes.com\/empresa\/innovacion","author_name":"Andr\u00e9s Pedre\u00f1o","author_url":"https:\/\/www.euroresidentes.com\/empresa\/innovacion\/author\/andres\/","title":"Barcelona una smart city y Madrid \u00bfrelaxing cup of caf\u00e9... in Plaza Mayor? - Innovaci\u00f3n y Emprendimiento","type":"rich","width":600,"height":338,"html":"<blockquote class=\"wp-embedded-content\" data-secret=\"kp7DM7vAR6\"><a href=\"https:\/\/www.euroresidentes.com\/empresa\/innovacion\/barcelona-una-smart-city-y-madrid\/\">Barcelona una smart city y Madrid \u00bfrelaxing cup of caf\u00e9&#8230; in Plaza Mayor?<\/a><\/blockquote><iframe sandbox=\"allow-scripts\" security=\"restricted\" src=\"https:\/\/www.euroresidentes.com\/empresa\/innovacion\/barcelona-una-smart-city-y-madrid\/embed\/#?secret=kp7DM7vAR6\" width=\"600\" height=\"338\" title=\"\u00abBarcelona una smart city y Madrid \u00bfrelaxing cup of caf\u00e9&#8230; in Plaza Mayor?\u00bb \u2014 Innovaci\u00f3n y Emprendimiento\" data-secret=\"kp7DM7vAR6\" frameborder=\"0\" marginwidth=\"0\" marginheight=\"0\" scrolling=\"no\" class=\"wp-embedded-content\"><\/iframe><script type=\"text\/javascript\">\n\/* <![CDATA[ *\/\n\/*! This file is auto-generated *\/\n!function(d,l){\"use strict\";l.querySelector&&d.addEventListener&&\"undefined\"!=typeof URL&&(d.wp=d.wp||{},d.wp.receiveEmbedMessage||(d.wp.receiveEmbedMessage=function(e){var t=e.data;if((t||t.secret||t.message||t.value)&&!\/[^a-zA-Z0-9]\/.test(t.secret)){for(var s,r,n,a=l.querySelectorAll('iframe[data-secret=\"'+t.secret+'\"]'),o=l.querySelectorAll('blockquote[data-secret=\"'+t.secret+'\"]'),c=new RegExp(\"^https?:$\",\"i\"),i=0;i<o.length;i++)o[i].style.display=\"none\";for(i=0;i<a.length;i++)s=a[i],e.source===s.contentWindow&&(s.removeAttribute(\"style\"),\"height\"===t.message?(1e3<(r=parseInt(t.value,10))?r=1e3:~~r<200&&(r=200),s.height=r):\"link\"===t.message&&(r=new URL(s.getAttribute(\"src\")),n=new URL(t.value),c.test(n.protocol))&&n.host===r.host&&l.activeElement===s&&(d.top.location.href=t.value))}},d.addEventListener(\"message\",d.wp.receiveEmbedMessage,!1),l.addEventListener(\"DOMContentLoaded\",function(){for(var e,t,s=l.querySelectorAll(\"iframe.wp-embedded-content\"),r=0;r<s.length;r++)(t=(e=s[r]).getAttribute(\"data-secret\"))||(t=Math.random().toString(36).substring(2,12),e.src+=\"#?secret=\"+t,e.setAttribute(\"data-secret\",t)),e.contentWindow.postMessage({message:\"ready\",secret:t},\"*\")},!1)))}(window,document);\n\/* ]]> *\/\n<\/script>\n","thumbnail_url":"https:\/\/www.euroresidentes.com\/empresa\/innovacion\/wp-content\/uploads\/sites\/3\/2015\/03\/barcelona-mobile-world-congress.jpg","thumbnail_width":640,"thumbnail_height":480,"description":"A prop\u00f3sito del Mobile World Congress no he podido evitar reflexionar sobre la vitalidad de la Barcelona actual y esto a su vez me ha llevado a Madrid, una ciudad que parece presa de sus t\u00f3picos. S\u00e9 que hablar de estas cuestiones no es f\u00e1cil. No me gusta entrar en pol\u00e9micas est\u00e9riles sobre este tipo de temas, pero me ha parecido que deb\u00eda dejar mi reflexi\u00f3n que, tras leerla, yo mismo la calificar\u00eda de \u00aben exceso vehemente\u00bb. Mobile World Congress, sin wifi El Mobile World Congress es un evento impresionante. Barcelona se convierte cada a\u00f1o en la capital del mundo"}

Innovación y Emprendimiento

Andrés Pedreño

Barcelona una smart city y Madrid ¿relaxing cup of café... in Plaza Mayor? - Innovación y Emprendimiento

<blockquote class="wp-embedded-content" data-secret="kp7DM7vAR6"><a href="https://www.euroresidentes.com/empresa/innovacion/barcelona-una-smart-city-y-madrid/">Barcelona una smart city y Madrid ¿relaxing cup of café&#8230; in Plaza Mayor?</a></blockquote><iframe sandbox="allow-scripts" security="restricted" src="https://www.euroresidentes.com/empresa/innovacion/barcelona-una-smart-city-y-madrid/embed/#?secret=kp7DM7vAR6" width="600" height="338" title="«Barcelona una smart city y Madrid ¿relaxing cup of café&#8230; in Plaza Mayor?» — Innovación y Emprendimiento" data-secret="kp7DM7vAR6" frameborder="0" marginwidth="0" marginheight="0" scrolling="no" class="wp-embedded-content"></iframe><script type="text/javascript">
/* <![CDATA[ */
/*! This file is auto-generated */
!function(d,l){"use strict";l.querySelector&&d.addEventListener&&"undefined"!=typeof URL&&(d.wp=d.wp||{},d.wp.receiveEmbedMessage||(d.wp.receiveEmbedMessage=function(e){var t=e.data;if((t||t.secret||t.message||t.value)&&!/[^a-zA-Z0-9]/.test(t.secret)){for(var s,r,n,a=l.querySelectorAll('iframe[data-secret="'+t.secret+'"]'),o=l.querySelectorAll('blockquote[data-secret="'+t.secret+'"]'),c=new RegExp("^https?:$","i"),i=0;i<o.length;i++)o[i].style.display="none";for(i=0;i<a.length;i++)s=a[i],e.source===s.contentWindow&&(s.removeAttribute("style"),"height"===t.message?(1e3<(r=parseInt(t.value,10))?r=1e3:~~r<200&&(r=200),s.height=r):"link"===t.message&&(r=new URL(s.getAttribute("src")),n=new URL(t.value),c.test(n.protocol))&&n.host===r.host&&l.activeElement===s&&(d.top.location.href=t.value))}},d.addEventListener("message",d.wp.receiveEmbedMessage,!1),l.addEventListener("DOMContentLoaded",function(){for(var e,t,s=l.querySelectorAll("iframe.wp-embedded-content"),r=0;r<s.length;r++)(t=(e=s[r]).getAttribute("data-secret"))||(t=Math.random().toString(36).substring(2,12),e.src+="#?secret="+t,e.setAttribute("data-secret",t)),e.contentWindow.postMessage({message:"ready",secret:t},"*")},!1)))}(window,document);
/* ]]> */
</script>

A propósito del Mobile World Congress no he podido evitar reflexionar sobre la vitalidad de la Barcelona actual y esto a su vez me ha llevado a Madrid, una ciudad que parece presa de sus tópicos. Sé que hablar de estas cuestiones no es fácil. No me gusta entrar en polémicas estériles sobre este tipo de temas, pero me ha parecido que debía dejar mi reflexión que, tras leerla, yo mismo la calificaría de «en exceso vehemente». Mobile World Congress, sin wifi El Mobile World Congress es un evento impresionante. Barcelona se convierte cada año en la capital del mundo
