
{"id":3290,"date":"2014-12-09T10:14:00","date_gmt":"2014-12-09T10:14:00","guid":{"rendered":"https:\/\/wp.euroresidentes.com\/amor\/amores-imposibles\/roi-return-on-investment-o-retorno.html"},"modified":"2014-12-09T10:14:00","modified_gmt":"2014-12-09T10:14:00","slug":"roi-return-on-investment-o-retorno","status":"publish","type":"page","link":"https:\/\/www.euroresidentes.com\/empresa\/innovacion-publicidad\/roi-return-on-investment-o-retorno.html","title":{"rendered":"Definici\u00f3n de ROI"},"content":{"rendered":"<div dir=\"ltr\" style=\"text-align: left\">\n<div dir=\"ltr\" style=\"text-align: left\"><b>ROI:<\/b><\/div>\n<p>Return On Investment o Retorno Sobre la Inversi\u00f3n es una forma de medir que nos permite cuantificar el beneficio de la inversi\u00f3n en nuestro anuncio. Es decir, conocer si nuestra campa\u00f1a tuvo o no \u00e9xito monetario, adem\u00e1s de clics y \u201cme gustas\u201d. Las ventas que se han generado a ra\u00edz de una campa\u00f1a publicitaria.<\/p>\n<p style=\"text-align: center\"><a href=\"http:\/\/www.euroresidentes.com\/empresa\/innovacion\/wp-content\/uploads\/sites\/3\/2014\/12\/definicion-roi.jpg\"><img loading=\"lazy\" decoding=\"async\" class=\"aligncenter size-full wp-image-3350\" src=\"http:\/\/www.euroresidentes.com\/empresa\/innovacion\/wp-content\/uploads\/sites\/3\/2014\/12\/definicion-roi.jpg\" alt=\"Definici\u00f3n de ROI\" width=\"600\" height=\"450\" \/><\/a><\/p>\n<\/div>\n","protected":false},"excerpt":{"rendered":"<p>ROI: Return On Investment o Retorno Sobre la Inversi\u00f3n es una forma de medir que nos permite cuantificar el beneficio de la inversi\u00f3n en nuestro anuncio. Es decir, conocer si nuestra campa\u00f1a tuvo o no \u00e9xito monetario, adem\u00e1s de clics y \u201cme gustas\u201d. Las ventas que se han generado a ra\u00edz de una campa\u00f1a publicitaria.<\/p>\n","protected":false},"author":1,"featured_media":3350,"parent":0,"menu_order":0,"comment_status":"closed","ping_status":"closed","template":"page-auhtor.php","meta":{"footnotes":""},"class_list":["post-3290","page","type-page","status-publish","has-post-thumbnail","hentry","has_thumb"],"yoast_head":"<!-- This site is optimized with the Yoast SEO plugin v27.4 - https:\/\/yoast.com\/product\/yoast-seo-wordpress\/ -->\n<title>Definici\u00f3n de ROI - Innovaci\u00f3n y Publicidad<\/title>\n<meta name=\"robots\" content=\"index, follow, max-snippet:-1, max-image-preview:large, max-video-preview:-1\" \/>\n<link rel=\"canonical\" href=\"https:\/\/www.euroresidentes.com\/empresa\/innovacion-publicidad\/roi-return-on-investment-o-retorno.html\" \/>\n<meta property=\"og:locale\" content=\"es_ES\" \/>\n<meta property=\"og:type\" content=\"article\" \/>\n<meta property=\"og:title\" content=\"Definici\u00f3n de ROI - Innovaci\u00f3n y Publicidad\" \/>\n<meta property=\"og:description\" content=\"ROI: Return On Investment o Retorno Sobre la Inversi\u00f3n es una forma de medir que nos permite cuantificar el beneficio de la inversi\u00f3n en nuestro anuncio. Es decir, conocer si nuestra campa\u00f1a tuvo o no \u00e9xito monetario, adem\u00e1s de clics y \u201cme gustas\u201d. Las ventas que se han generado a ra\u00edz de una campa\u00f1a publicitaria.\" \/>\n<meta property=\"og:url\" content=\"https:\/\/www.euroresidentes.com\/empresa\/innovacion-publicidad\/roi-return-on-investment-o-retorno.html\" \/>\n<meta property=\"og:site_name\" content=\"Innovaci\u00f3n y Publicidad\" \/>\n<meta name=\"twitter:card\" content=\"summary_large_image\" \/>\n<script type=\"application\/ld+json\" class=\"yoast-schema-graph\">{\"@context\":\"https:\\\/\\\/schema.org\",\"@graph\":[{\"@type\":\"WebPage\",\"@id\":\"https:\\\/\\\/www.euroresidentes.com\\\/empresa\\\/innovacion-publicidad\\\/roi-return-on-investment-o-retorno.html\",\"url\":\"https:\\\/\\\/www.euroresidentes.com\\\/empresa\\\/innovacion-publicidad\\\/roi-return-on-investment-o-retorno.html\",\"name\":\"Definici\u00f3n de ROI - Innovaci\u00f3n y Publicidad\",\"isPartOf\":{\"@id\":\"https:\\\/\\\/www.euroresidentes.com\\\/empresa\\\/innovacion-publicidad\\\/#website\"},\"primaryImageOfPage\":{\"@id\":\"https:\\\/\\\/www.euroresidentes.com\\\/empresa\\\/innovacion-publicidad\\\/roi-return-on-investment-o-retorno.html#primaryimage\"},\"image\":{\"@id\":\"https:\\\/\\\/www.euroresidentes.com\\\/empresa\\\/innovacion-publicidad\\\/roi-return-on-investment-o-retorno.html#primaryimage\"},\"thumbnailUrl\":\"\",\"datePublished\":\"2014-12-09T10:14:00+00:00\",\"breadcrumb\":{\"@id\":\"https:\\\/\\\/www.euroresidentes.com\\\/empresa\\\/innovacion-publicidad\\\/roi-return-on-investment-o-retorno.html#breadcrumb\"},\"inLanguage\":\"es\",\"potentialAction\":[{\"@type\":\"ReadAction\",\"target\":[\"https:\\\/\\\/www.euroresidentes.com\\\/empresa\\\/innovacion-publicidad\\\/roi-return-on-investment-o-retorno.html\"]}]},{\"@type\":\"ImageObject\",\"inLanguage\":\"es\",\"@id\":\"https:\\\/\\\/www.euroresidentes.com\\\/empresa\\\/innovacion-publicidad\\\/roi-return-on-investment-o-retorno.html#primaryimage\",\"url\":\"\",\"contentUrl\":\"\"},{\"@type\":\"BreadcrumbList\",\"@id\":\"https:\\\/\\\/www.euroresidentes.com\\\/empresa\\\/innovacion-publicidad\\\/roi-return-on-investment-o-retorno.html#breadcrumb\",\"itemListElement\":[{\"@type\":\"ListItem\",\"position\":1,\"name\":\"Portada\",\"item\":\"https:\\\/\\\/www.euroresidentes.com\\\/empresa\\\/innovacion-publicidad\\\/\"},{\"@type\":\"ListItem\",\"position\":2,\"name\":\"Definici\u00f3n de ROI\"}]},{\"@type\":\"WebSite\",\"@id\":\"https:\\\/\\\/www.euroresidentes.com\\\/empresa\\\/innovacion-publicidad\\\/#website\",\"url\":\"https:\\\/\\\/www.euroresidentes.com\\\/empresa\\\/innovacion-publicidad\\\/\",\"name\":\"Innovaci\u00f3n y Publicidad\",\"description\":\"Empresa Euroresidentes\",\"potentialAction\":[{\"@type\":\"SearchAction\",\"target\":{\"@type\":\"EntryPoint\",\"urlTemplate\":\"https:\\\/\\\/www.euroresidentes.com\\\/empresa\\\/innovacion-publicidad\\\/?s={search_term_string}\"},\"query-input\":{\"@type\":\"PropertyValueSpecification\",\"valueRequired\":true,\"valueName\":\"search_term_string\"}}],\"inLanguage\":\"es\"}]}<\/script>\n<!-- \/ Yoast SEO plugin. -->","yoast_head_json":{"title":"Definici\u00f3n de ROI - Innovaci\u00f3n y Publicidad","robots":{"index":"index","follow":"follow","max-snippet":"max-snippet:-1","max-image-preview":"max-image-preview:large","max-video-preview":"max-video-preview:-1"},"canonical":"https:\/\/www.euroresidentes.com\/empresa\/innovacion-publicidad\/roi-return-on-investment-o-retorno.html","og_locale":"es_ES","og_type":"article","og_title":"Definici\u00f3n de ROI - Innovaci\u00f3n y Publicidad","og_description":"ROI: Return On Investment o Retorno Sobre la Inversi\u00f3n es una forma de medir que nos permite cuantificar el beneficio de la inversi\u00f3n en nuestro anuncio. Es decir, conocer si nuestra campa\u00f1a tuvo o no \u00e9xito monetario, adem\u00e1s de clics y \u201cme gustas\u201d. Las ventas que se han generado a ra\u00edz de una campa\u00f1a publicitaria.","og_url":"https:\/\/www.euroresidentes.com\/empresa\/innovacion-publicidad\/roi-return-on-investment-o-retorno.html","og_site_name":"Innovaci\u00f3n y Publicidad","twitter_card":"summary_large_image","schema":{"@context":"https:\/\/schema.org","@graph":[{"@type":"WebPage","@id":"https:\/\/www.euroresidentes.com\/empresa\/innovacion-publicidad\/roi-return-on-investment-o-retorno.html","url":"https:\/\/www.euroresidentes.com\/empresa\/innovacion-publicidad\/roi-return-on-investment-o-retorno.html","name":"Definici\u00f3n de ROI - Innovaci\u00f3n y Publicidad","isPartOf":{"@id":"https:\/\/www.euroresidentes.com\/empresa\/innovacion-publicidad\/#website"},"primaryImageOfPage":{"@id":"https:\/\/www.euroresidentes.com\/empresa\/innovacion-publicidad\/roi-return-on-investment-o-retorno.html#primaryimage"},"image":{"@id":"https:\/\/www.euroresidentes.com\/empresa\/innovacion-publicidad\/roi-return-on-investment-o-retorno.html#primaryimage"},"thumbnailUrl":"","datePublished":"2014-12-09T10:14:00+00:00","breadcrumb":{"@id":"https:\/\/www.euroresidentes.com\/empresa\/innovacion-publicidad\/roi-return-on-investment-o-retorno.html#breadcrumb"},"inLanguage":"es","potentialAction":[{"@type":"ReadAction","target":["https:\/\/www.euroresidentes.com\/empresa\/innovacion-publicidad\/roi-return-on-investment-o-retorno.html"]}]},{"@type":"ImageObject","inLanguage":"es","@id":"https:\/\/www.euroresidentes.com\/empresa\/innovacion-publicidad\/roi-return-on-investment-o-retorno.html#primaryimage","url":"","contentUrl":""},{"@type":"BreadcrumbList","@id":"https:\/\/www.euroresidentes.com\/empresa\/innovacion-publicidad\/roi-return-on-investment-o-retorno.html#breadcrumb","itemListElement":[{"@type":"ListItem","position":1,"name":"Portada","item":"https:\/\/www.euroresidentes.com\/empresa\/innovacion-publicidad\/"},{"@type":"ListItem","position":2,"name":"Definici\u00f3n de ROI"}]},{"@type":"WebSite","@id":"https:\/\/www.euroresidentes.com\/empresa\/innovacion-publicidad\/#website","url":"https:\/\/www.euroresidentes.com\/empresa\/innovacion-publicidad\/","name":"Innovaci\u00f3n y Publicidad","description":"Empresa Euroresidentes","potentialAction":[{"@type":"SearchAction","target":{"@type":"EntryPoint","urlTemplate":"https:\/\/www.euroresidentes.com\/empresa\/innovacion-publicidad\/?s={search_term_string}"},"query-input":{"@type":"PropertyValueSpecification","valueRequired":true,"valueName":"search_term_string"}}],"inLanguage":"es"}]}},"_links":{"self":[{"href":"https:\/\/www.euroresidentes.com\/empresa\/innovacion-publicidad\/wp-json\/wp\/v2\/pages\/3290","targetHints":{"allow":["GET"]}}],"collection":[{"href":"https:\/\/www.euroresidentes.com\/empresa\/innovacion-publicidad\/wp-json\/wp\/v2\/pages"}],"about":[{"href":"https:\/\/www.euroresidentes.com\/empresa\/innovacion-publicidad\/wp-json\/wp\/v2\/types\/page"}],"author":[{"embeddable":true,"href":"https:\/\/www.euroresidentes.com\/empresa\/innovacion-publicidad\/wp-json\/wp\/v2\/users\/1"}],"replies":[{"embeddable":true,"href":"https:\/\/www.euroresidentes.com\/empresa\/innovacion-publicidad\/wp-json\/wp\/v2\/comments?post=3290"}],"version-history":[{"count":0,"href":"https:\/\/www.euroresidentes.com\/empresa\/innovacion-publicidad\/wp-json\/wp\/v2\/pages\/3290\/revisions"}],"wp:featuredmedia":[{"embeddable":true,"href":"https:\/\/www.euroresidentes.com\/empresa\/innovacion-publicidad\/wp-json\/"}],"wp:attachment":[{"href":"https:\/\/www.euroresidentes.com\/empresa\/innovacion-publicidad\/wp-json\/wp\/v2\/media?parent=3290"}],"curies":[{"name":"wp","href":"https:\/\/api.w.org\/{rel}","templated":true}]}}